{"id":11,"date":"2022-07-20T12:23:51","date_gmt":"2022-07-20T10:23:51","guid":{"rendered":"https:\/\/nettsteder.regjeringen.no\/varselutvalget\/?page_id=11"},"modified":"2022-07-20T13:36:45","modified_gmt":"2022-07-20T11:36:45","slug":"medlemmer","status":"publish","type":"page","link":"https:\/\/nettsteder.regjeringen.no\/varselutvalget\/medlemmer\/","title":{"rendered":"Medlemmer"},"content":{"rendered":"<ul class=\"wp-block-dss-people\">\n<li class=\"wp-block-dss-person\">\t<div class=\"dss-person-image\">\n\t\t<figure>\n\t\t\t<img decoding=\"async\" src=\"https:\/\/nettsteder.regjeringen.no\/content\/plugins\/nettsteder-gutenberg-setup\/build\/block-library\/people\/person\/placeholder.jpg\" alt=\"\" \/>\t\t<\/figure>\n\t<\/div>\n\t<div class=\"dss-person-content\">\n\t\t<h3 class=\"dss-person-name\">Stein A. Ytterdahl<\/h3><p class=\"dss-person-position\">Pensjonist, tidligere statsforvalter i Agder og tidligere ordf\u00f8rer i Farsund<\/p><p class=\"dss-person-content\">Utvalgsleder<\/p>\t<\/div>\n\t<\/li>\n\n<li class=\"wp-block-dss-person\">\t<div class=\"dss-person-image\">\n\t\t<figure>\n\t\t\t<img decoding=\"async\" src=\"https:\/\/nettsteder.regjeringen.no\/content\/plugins\/nettsteder-gutenberg-setup\/build\/block-library\/people\/person\/placeholder.jpg\" alt=\"\" \/>\t\t<\/figure>\n\t<\/div>\n\t<div class=\"dss-person-content\">\n\t\t<h3 class=\"dss-person-name\">Per Oretorp<\/h3><p class=\"dss-person-position\">FFO (Funksjonshemmedes Fellesorganisasjon) ved assisterende generalsekret\u00e6r i Personskadeforbundet LTN<\/p><p class=\"dss-person-content\">Utvalgsmedlem<\/p>\t<\/div>\n\t<\/li>\n\n<li class=\"wp-block-dss-person\">\t<div class=\"dss-person-image\">\n\t\t<figure>\n\t\t\t<img decoding=\"async\" src=\"https:\/\/nettsteder.regjeringen.no\/content\/plugins\/nettsteder-gutenberg-setup\/build\/block-library\/people\/person\/placeholder.jpg\" alt=\"\" \/>\t\t<\/figure>\n\t<\/div>\n\t<div class=\"dss-person-content\">\n\t\t<h3 class=\"dss-person-name\">Jannicke Bruvik<\/h3><p class=\"dss-person-position\">Koordinerende Pasient- og brukerombud<\/p><p class=\"dss-person-content\">Utvalgsmedlem<\/p>\t<\/div>\n\t<\/li>\n\n<li class=\"wp-block-dss-person\">\t<div class=\"dss-person-image\">\n\t\t<figure>\n\t\t\t<img decoding=\"async\" src=\"https:\/\/nettsteder.regjeringen.no\/content\/plugins\/nettsteder-gutenberg-setup\/build\/block-library\/people\/person\/placeholder.jpg\" alt=\"\" \/>\t\t<\/figure>\n\t<\/div>\n\t<div class=\"dss-person-content\">\n\t\t<h3 class=\"dss-person-name\">Jan Helge Dale<\/h3><p class=\"dss-person-position\">Kommunelege og fastlege i Kinn kommune<\/p><p class=\"dss-person-content\">Utvalgsmedlem<\/p>\t<\/div>\n\t<\/li>\n\n<li class=\"wp-block-dss-person\">\t<div class=\"dss-person-image\">\n\t\t<figure>\n\t\t\t<img decoding=\"async\" src=\"https:\/\/nettsteder.regjeringen.no\/content\/plugins\/nettsteder-gutenberg-setup\/build\/block-library\/people\/person\/placeholder.jpg\" alt=\"\" \/>\t\t<\/figure>\n\t<\/div>\n\t<div class=\"dss-person-content\">\n\t\t<h3 class=\"dss-person-name\">Tove Hovland<\/h3><p class=\"dss-person-position\">Seniorr\u00e5dgiver i T\u00f8nsberg kommune i avdeling: Kvalitet og internkontroll og tidligere kommunaldirekt\u00f8r<\/p><p class=\"dss-person-content\">Utvalgsmedlem<\/p>\t<\/div>\n\t<\/li>\n\n<li class=\"wp-block-dss-person\">\t<div class=\"dss-person-image\">\n\t\t<figure>\n\t\t\t<img decoding=\"async\" src=\"https:\/\/nettsteder.regjeringen.no\/content\/plugins\/nettsteder-gutenberg-setup\/build\/block-library\/people\/person\/placeholder.jpg\" alt=\"\" \/>\t\t<\/figure>\n\t<\/div>\n\t<div class=\"dss-person-content\">\n\t\t<h3 class=\"dss-person-name\">Tonje Elisabeth Hansen<\/h3><p class=\"dss-person-position\">Fagsjef p\u00e5 Nordlandssykehuset<\/p><p class=\"dss-person-content\">Utvalgsmedlem<\/p>\t<\/div>\n\t<\/li>\n\n<li class=\"wp-block-dss-person\">\t<div class=\"dss-person-image\">\n\t\t<figure>\n\t\t\t<img decoding=\"async\" src=\"https:\/\/nettsteder.regjeringen.no\/content\/plugins\/nettsteder-gutenberg-setup\/build\/block-library\/people\/person\/placeholder.jpg\" alt=\"\" \/>\t\t<\/figure>\n\t<\/div>\n\t<div class=\"dss-person-content\">\n\t\t<h3 class=\"dss-person-name\">Jan Petter Odden<\/h3><p class=\"dss-person-position\">Fagdirekt\u00f8r ved Lovisenberg Diakonale sykehus<\/p><p class=\"dss-person-content\">Utvalgsmedlem<\/p>\t<\/div>\n\t<\/li>\n\n<li class=\"wp-block-dss-person\">\t<div class=\"dss-person-image\">\n\t\t<figure>\n\t\t\t<img decoding=\"async\" src=\"https:\/\/nettsteder.regjeringen.no\/content\/plugins\/nettsteder-gutenberg-setup\/build\/block-library\/people\/person\/placeholder.jpg\" alt=\"\" \/>\t\t<\/figure>\n\t<\/div>\n\t<div class=\"dss-person-content\">\n\t\t<h3 class=\"dss-person-name\">Gro Berntsen<\/h3><p class=\"dss-person-position\">Professor ved Norwegian Centre for E-health Research\u00a0<\/p><p class=\"dss-person-content\">Utvalgsmedlem<\/p>\t<\/div>\n\t<\/li>\n\n<li class=\"wp-block-dss-person\">\t<div class=\"dss-person-image\">\n\t\t<figure>\n\t\t\t<img decoding=\"async\" src=\"https:\/\/nettsteder.regjeringen.no\/content\/plugins\/nettsteder-gutenberg-setup\/build\/block-library\/people\/person\/placeholder.jpg\" alt=\"\" \/>\t\t<\/figure>\n\t<\/div>\n\t<div class=\"dss-person-content\">\n\t\t<h3 class=\"dss-person-name\">Kristin Cordt-Hansen<\/h3><p class=\"dss-person-position\">Ass. direkt\u00f8r i DSB (Direktoratet for samfunnssikkerhet og beredskap)<\/p><p class=\"dss-person-content\">Utvalgsmedlem<\/p>\t<\/div>\n\t<\/li>\n\n<li class=\"wp-block-dss-person\">\t<div class=\"dss-person-image\">\n\t\t<figure>\n\t\t\t<img decoding=\"async\" src=\"https:\/\/nettsteder.regjeringen.no\/content\/plugins\/nettsteder-gutenberg-setup\/build\/block-library\/people\/person\/placeholder.jpg\" alt=\"\" \/>\t\t<\/figure>\n\t<\/div>\n\t<div class=\"dss-person-content\">\n\t\t<h3 class=\"dss-person-name\">Charlotta George<\/h3><p class=\"dss-person-position\">Sakkyndig i pasientsikkerhet ved Socialstyrelsen i Sverige<\/p><p class=\"dss-person-content\">Utvalgsmedlem<\/p>\t<\/div>\n\t<\/li>\n<\/ul>\n\n\n<p><\/p>\n","protected":false},"excerpt":{"rendered":"","protected":false},"author":2877,"featured_media":0,"parent":0,"menu_order":0,"comment_status":"closed","ping_status":"closed","template":"","meta":{"dss_simple_post_excerpt":"","dss_show_featured_image":true,"footnotes":""},"class_list":["post-11","page","type-page","status-publish","hentry"],"language":"nb-NO","_links":{"self":[{"href":"https:\/\/nettsteder.regjeringen.no\/varselutvalget\/wp-json\/wp\/v2\/pages\/11","targetHints":{"allow":["GET"]}}],"collection":[{"href":"https:\/\/nettsteder.regjeringen.no\/varselutvalget\/wp-json\/wp\/v2\/pages"}],"about":[{"href":"https:\/\/nettsteder.regjeringen.no\/varselutvalget\/wp-json\/wp\/v2\/types\/page"}],"author":[{"embeddable":true,"href":"https:\/\/nettsteder.regjeringen.no\/varselutvalget\/wp-json\/wp\/v2\/users\/2877"}],"replies":[{"embeddable":true,"href":"https:\/\/nettsteder.regjeringen.no\/varselutvalget\/wp-json\/wp\/v2\/comments?post=11"}],"version-history":[{"count":3,"href":"https:\/\/nettsteder.regjeringen.no\/varselutvalget\/wp-json\/wp\/v2\/pages\/11\/revisions"}],"predecessor-version":[{"id":61,"href":"https:\/\/nettsteder.regjeringen.no\/varselutvalget\/wp-json\/wp\/v2\/pages\/11\/revisions\/61"}],"wp:attachment":[{"href":"https:\/\/nettsteder.regjeringen.no\/varselutvalget\/wp-json\/wp\/v2\/media?parent=11"}],"curies":[{"name":"wp","href":"https:\/\/api.w.org\/{rel}","templated":true}]}}