{"id":695,"date":"2025-05-23T13:33:02","date_gmt":"2025-05-23T11:33:02","guid":{"rendered":"https:\/\/nettsteder.regjeringen.no\/stylu\/?page_id=695"},"modified":"2026-03-18T10:25:49","modified_gmt":"2026-03-18T09:25:49","slug":"fase-3-felles-rammeplan-for-laererutdanning-2025","status":"publish","type":"page","link":"https:\/\/nettsteder.regjeringen.no\/stylu\/fase-3-felles-rammeplan-for-laererutdanning-2025\/","title":{"rendered":"Fase 3: Felles rammeplan for l\u00e6rerutdanningene"},"content":{"rendered":"<p class=\"t2-ingress wp-block-t2-ingress\">I mars 2025 besluttet regjeringen \u00e5 igangsette en prosess der vi g\u00e5r fra elleve til to rammeplaner for l\u00e6rerutdanning \u2013 \u00e9n rammeplan for l\u00e6rerutdanning og \u00e9n rammeplan for samisk l\u00e6rerutdanning. I april 2025 ga Kunnskapsdepartementet Faglig r\u00e5d for L\u00e6rerutdanning 2025 (FRLU)  oppdrag om \u00e5 utarbeide forslag til hoveddel til \u00e9n felles rammeplan som skal erstatte \u00e5tte av dagens rammeplaner for l\u00e6rerutdanning. I oktober\u00a02025 fikk \u00e5tte arbeidsgrupper i oppdrag \u00e5 utarbeide\u00a0underkapitler. I desember 2025 oppnevnte Kunnskapsdepartementet en gruppe med oppdrag om \u00e5 utarbeide forslag til \u00e9n felles rammeplan for samiske l\u00e6rerutdanninger.<\/p>\n\n\n<h2 class=\"wp-block-heading\">A) Hoveddel i felles rammeplan for l\u00e6rerutdanning<\/h2>\n\n\n\n<p>Oppdraget til Faglig r\u00e5d for L\u00e6rerutdanning 2025 gikk ut p\u00e5 \u00e5 utarbeide forslag til struktur for \u00e9n felles rammeplan for l\u00e6rerutdanning og forslag til innhold i hoveddelen av rammeplanen. Oppdraget omfattet ogs\u00e5 \u00e5 vurdere\/utrede noen utvalgte problemstillinger.<\/p>\n\n\n\n<p><\/p>\n\n\n\n<p><strong><a href=\"https:\/\/nettsteder.regjeringen.no\/stylu\/svar-pa-del-3-av-oppdraget-om-ny-rammeplan\/\" data-type=\"page\" data-id=\"865\">Forslag til innhold i hoveddel av ny rammeplan &#8211; Svar p\u00e5 del 3 av oppdrag<\/a><\/strong><\/p>\n\n\n\n<p><a href=\"https:\/\/nettsteder.regjeringen.no\/stylu\/svar-pa-del-1-og-2-pa-oppdrag-om-ny-rammeplan\/\" data-type=\"page\" data-id=\"806\">Svar p\u00e5 del 1 og 2 av oppdrag om ny rammeplan<\/a><\/p>\n\n\n\n<p><a href=\"https:\/\/files.nettsteder.regjeringen.no\/wpuploads01\/sites\/530\/2025\/05\/Oppdrag-til-FRLU-om-a-utarbeide-rammeplan-for-laererutdanning-L2489991.pdf\">Oppdrag<\/a><\/p>\n\n\n\n<p><a href=\"https:\/\/nettsteder.regjeringen.no\/stylu\/radets-tidsplan\/\" data-type=\"page\" data-id=\"709\">Tidsplan<\/a><\/p>\n\n\n\n<p><a href=\"https:\/\/nettsteder.regjeringen.no\/stylu\/radets-kildekart\/\" data-type=\"page\" data-id=\"715\">Kildekart<\/a><\/p>\n\n\n\n<p><a href=\"https:\/\/nettsteder.regjeringen.no\/stylu\/oppsummering-av-gruppearbeid-pa-nflps-erfaringskonferanse-i-april-2025\/\" data-type=\"page\" data-id=\"723\">Oppsummering fra Erfaringskonferansen 2025<\/a><\/p>\n\n\n\n<p><a href=\"https:\/\/nettsteder.regjeringen.no\/stylu\/radets-undersokelser\/\">R\u00e5dets unders\u00f8kelser<\/a><\/p>\n\n\n\n<p><a href=\"https:\/\/nettsteder.regjeringen.no\/stylu\/innspill-fra-laererutdanningene-og-nflp\/\" data-type=\"page\" data-id=\"732\">Innspill fra l\u00e6rerutdanningene, NFLP og andre<\/a><\/p>\n\n\n\n<h2 class=\"wp-block-heading\">B) Underkapitler i felles rammeplan for l\u00e6rerutdanning<\/h2>\n\n\n\n<p>\u00c5tte arbeidsgrupper har utarbeidet&nbsp;forslag til&nbsp;underkapitler&nbsp;til ny felles rammeplan for l\u00e6rerutdanningen. De&nbsp;utfyller hoveddelen, og&nbsp;angir kontekster&nbsp;det skal utdannes til, minimumskrav og kvalitetshensyn.&nbsp;Kapitlene&nbsp;kan brukes&nbsp;som byggeklosser for utdanninger som dekker flere kontekster. Et supplerende notat gir felles anbefalinger og utdypninger&nbsp;fra arbeidsgruppene, faglig ledelse og sekretariat.&nbsp;<\/p>\n\n\n\n<p><a href=\"https:\/\/files.nettsteder.regjeringen.no\/wpuploads01\/sites\/530\/2026\/01\/Forslag-til-underkapitler.pdf\" data-type=\"attachment\" data-id=\"899\"><strong>Forslag til underkapitler<\/strong><\/a><\/p>\n\n\n\n<p><a href=\"https:\/\/files.nettsteder.regjeringen.no\/wpuploads01\/sites\/530\/2026\/01\/Notat-om-felles-anbefalinger-og-utdypinger.pdf\" data-type=\"attachment\" data-id=\"900\">Notat om felles anbefalinger og utdypinger<\/a><\/p>\n\n\n\n<p>Arbeidsgruppenes begrunnelser for underkapitlene, samt utredninger:<\/p>\n\n\n\n<p><em>1. <a href=\"https:\/\/files.nettsteder.regjeringen.no\/wpuploads01\/sites\/530\/2026\/01\/Barnehage.pdf\" data-type=\"attachment\" data-id=\"901\">Barnehage<\/a><\/em><\/p>\n\n\n\n<p><em>2. <a href=\"https:\/\/files.nettsteder.regjeringen.no\/wpuploads01\/sites\/530\/2026\/01\/Trinn-1-4-grunnskole.pdf\" data-type=\"attachment\" data-id=\"905\">Trinn 1\u20134, grunnskole<\/a><\/em><\/p>\n\n\n\n<p><em>3. <a href=\"https:\/\/files.nettsteder.regjeringen.no\/wpuploads01\/sites\/530\/2026\/01\/Trinn-5-7-grunnskole.pdf\" data-type=\"attachment\" data-id=\"906\">Trinn 5\u20137, grunnskole<\/a><\/em><\/p>\n\n\n\n<p><em>4. <a href=\"https:\/\/files.nettsteder.regjeringen.no\/wpuploads01\/sites\/530\/2026\/01\/Trinn-8-10-grunnskole.pdf\" data-type=\"attachment\" data-id=\"907\">Trinn 8\u201310, grunnskole<\/a><\/em><\/p>\n\n\n\n<p><em>5. <a href=\"https:\/\/files.nettsteder.regjeringen.no\/wpuploads01\/sites\/530\/2026\/01\/Trinn-11-13-vgs-felles-og-studieforberedende.pdf\" data-type=\"attachment\" data-id=\"908\">Trinn 11-13, videreg\u00e5ende oppl\u00e6ring, fellesfag og studieforberedende utdanningsprogram<\/a><\/em><\/p>\n\n\n\n<p><em>6. <a href=\"https:\/\/files.nettsteder.regjeringen.no\/wpuploads01\/sites\/530\/2026\/01\/Fag-og-yrkesopplaering-vgs.pdf\" data-type=\"attachment\" data-id=\"902\">Fag og yrkesoppl\u00e6ring, videreg\u00e5ende oppl\u00e6ring<\/a><\/em><\/p>\n\n\n\n<p><em>7.  Praktiske og estetiske fag &#8211; <a href=\"https:\/\/files.nettsteder.regjeringen.no\/wpuploads01\/sites\/530\/2026\/01\/Praktiske-og-estetiske-fag-Utredning.pdf\" data-type=\"attachment\" data-id=\"904\">utredning<\/a> og <a href=\"https:\/\/files.nettsteder.regjeringen.no\/wpuploads01\/sites\/530\/2026\/01\/Praktiske-og-estetiske-fag-Begrunnelser.pdf\" data-type=\"attachment\" data-id=\"903\">begrunnelser<\/a><\/em><\/p>\n\n\n\n<p><em>8. <a href=\"https:\/\/files.nettsteder.regjeringen.no\/wpuploads01\/sites\/530\/2026\/01\/Voksenopplaering.pdf\" data-type=\"attachment\" data-id=\"909\">Forberedende og videreg\u00e5ende oppl\u00e6ring for voksne<\/a> (utredning og begrunnelse)<\/em><\/p>\n\n\n\n<p><a href=\"https:\/\/files.nettsteder.regjeringen.no\/wpuploads01\/sites\/530\/2025\/10\/Mandat-til-a-utforme-underkapitler-i-ny-felles-rammeplan-for-laererutdanning-.pdf\" data-type=\"URL\">Mandat til \u00e5 utforme underkapitler i ny felles rammeplan for l\u00e6rerutdanningene<\/a><\/p>\n\n\n\n<p><a href=\"https:\/\/files.nettsteder.regjeringen.no\/wpuploads01\/sites\/530\/2026\/01\/Medlemmer-til-arbeidsgrupper-for-underkapitlene-i-ny-rammeplan-for-laererutdanningene.pdf\" data-type=\"URL\">Medlemmer i arbeidsgruppene for underkapitlene i ny felles rammeplan for l\u00e6rerutdanningene<\/a><\/p>\n\n\n\n<h2 class=\"wp-block-heading\">C) Rammeplan for samisk l\u00e6rerutdanning<\/h2>\n\n\n\n<p>Kunnskapsdepartementet oppnevnte i desember 2025 en rammeplangruppe med oppdrag om \u00e5 utarbeide forslag til \u00e9n felles rammeplan for samiske l\u00e6rerutdanninger. Arbeidsgruppen skal utarbeide forslag til innholdet i b\u00e5de hoveddel og underkapitler. Den nye rammeplanen for samiske l\u00e6rerutdanninger skal, s\u00e5 langt det er hensiktsmessig, utformes etter samme mal som rammeplan for l\u00e6rerutdanning.<\/p>\n\n\n\n<p><a href=\"https:\/\/files.nettsteder.regjeringen.no\/wpuploads01\/sites\/530\/2026\/01\/Mandat-til-a-utforme-ny-felles-rammeplan-for-samisk-laererutdanning.pdf\" data-type=\"URL\">Mandat til \u00e5 utarbeide rammeplan for samisk l\u00e6rerutdanning<\/a><\/p>\n\n\n\n<p><a href=\"https:\/\/files.nettsteder.regjeringen.no\/wpuploads01\/sites\/530\/2026\/01\/Oversikt-over-medlemmer-i-arbeidsgruppe-for-ny-felles-rammeplan-for-samisk-laererutdanning.pdf\" data-type=\"URL\">Medlemmer i arbeidsgruppe for ny felles rammeplan for samisk l\u00e6rerutdanning<\/a><\/p>\n\n\n\n<p><\/p>\n","protected":false},"excerpt":{"rendered":"<p>A) Hoveddel i felles rammeplan for l\u00e6rerutdanning Oppdraget til Faglig r\u00e5d for L\u00e6rerutdanning 2025 gikk ut p\u00e5 \u00e5 utarbeide forslag til struktur for \u00e9n felles rammeplan for l\u00e6rerutdanning og forslag til innhold i hoveddelen av rammeplanen. Oppdraget omfattet ogs\u00e5 \u00e5 vurdere\/utrede noen utvalgte problemstillinger. Forslag til innhold i hoveddel av ny rammeplan &#8211; Svar p\u00e5\u2026<\/p>\n","protected":false},"author":2399,"featured_media":0,"parent":0,"menu_order":0,"comment_status":"closed","ping_status":"closed","template":"","meta":{"dss_simple_post_excerpt":"","dss_show_featured_image":true,"footnotes":""},"class_list":["post-695","page","type-page","status-publish","hentry"],"language":"nb-NO","_links":{"self":[{"href":"https:\/\/nettsteder.regjeringen.no\/stylu\/wp-json\/wp\/v2\/pages\/695","targetHints":{"allow":["GET"]}}],"collection":[{"href":"https:\/\/nettsteder.regjeringen.no\/stylu\/wp-json\/wp\/v2\/pages"}],"about":[{"href":"https:\/\/nettsteder.regjeringen.no\/stylu\/wp-json\/wp\/v2\/types\/page"}],"author":[{"embeddable":true,"href":"https:\/\/nettsteder.regjeringen.no\/stylu\/wp-json\/wp\/v2\/users\/2399"}],"replies":[{"embeddable":true,"href":"https:\/\/nettsteder.regjeringen.no\/stylu\/wp-json\/wp\/v2\/comments?post=695"}],"version-history":[{"count":3,"href":"https:\/\/nettsteder.regjeringen.no\/stylu\/wp-json\/wp\/v2\/pages\/695\/revisions"}],"predecessor-version":[{"id":940,"href":"https:\/\/nettsteder.regjeringen.no\/stylu\/wp-json\/wp\/v2\/pages\/695\/revisions\/940"}],"wp:attachment":[{"href":"https:\/\/nettsteder.regjeringen.no\/stylu\/wp-json\/wp\/v2\/media?parent=695"}],"curies":[{"name":"wp","href":"https:\/\/api.w.org\/{rel}","templated":true}]}}