{"id":37,"date":"2020-02-20T10:09:10","date_gmt":"2020-02-20T09:09:10","guid":{"rendered":"https:\/\/nettsteder.regjeringen.no\/straffelovradet\/?page_id=37"},"modified":"2021-06-18T12:09:24","modified_gmt":"2021-06-18T10:09:24","slug":"kontakt","status":"publish","type":"page","link":"https:\/\/nettsteder.regjeringen.no\/straffelovradet\/kontakt\/","title":{"rendered":"Kontakt"},"content":{"rendered":"<div class=\"text-wrap post-content clearfix\"><p><a href=\"mailto:benedikte.strom@jd.dep.no\" target=\"_blank\" rel=\"noopener noreferrer\">E-post<\/a><\/p>\n<\/div>","protected":false},"excerpt":{"rendered":"<p>R\u00e5dets sekret\u00e6r kan kontaktes ved henvendelser til r\u00e5det.<\/p>\n","protected":false},"author":306,"featured_media":0,"parent":0,"menu_order":0,"comment_status":"closed","ping_status":"closed","template":"","meta":{"_acf_changed":false,"footnotes":""},"class_list":["post-37","page","type-page","status-publish","hentry"],"acf":[],"language":"nb-NO","_links":{"self":[{"href":"https:\/\/nettsteder.regjeringen.no\/straffelovradet\/wp-json\/wp\/v2\/pages\/37","targetHints":{"allow":["GET"]}}],"collection":[{"href":"https:\/\/nettsteder.regjeringen.no\/straffelovradet\/wp-json\/wp\/v2\/pages"}],"about":[{"href":"https:\/\/nettsteder.regjeringen.no\/straffelovradet\/wp-json\/wp\/v2\/types\/page"}],"author":[{"embeddable":true,"href":"https:\/\/nettsteder.regjeringen.no\/straffelovradet\/wp-json\/wp\/v2\/users\/306"}],"replies":[{"embeddable":true,"href":"https:\/\/nettsteder.regjeringen.no\/straffelovradet\/wp-json\/wp\/v2\/comments?post=37"}],"version-history":[{"count":6,"href":"https:\/\/nettsteder.regjeringen.no\/straffelovradet\/wp-json\/wp\/v2\/pages\/37\/revisions"}],"predecessor-version":[{"id":357,"href":"https:\/\/nettsteder.regjeringen.no\/straffelovradet\/wp-json\/wp\/v2\/pages\/37\/revisions\/357"}],"wp:attachment":[{"href":"https:\/\/nettsteder.regjeringen.no\/straffelovradet\/wp-json\/wp\/v2\/media?parent=37"}],"curies":[{"name":"wp","href":"https:\/\/api.w.org\/{rel}","templated":true}]}}