{"id":45,"date":"2025-06-24T12:52:50","date_gmt":"2025-06-24T10:52:50","guid":{"rendered":"https:\/\/nettsteder.regjeringen.no\/sry\/?page_id=45"},"modified":"2026-04-14T12:52:25","modified_gmt":"2026-04-14T10:52:25","slug":"medlemmer","status":"publish","type":"page","link":"https:\/\/nettsteder.regjeringen.no\/sry\/medlemmer\/","title":{"rendered":"Medlemmer"},"content":{"rendered":"\n<p><strong>Medlemmer <\/strong><\/p>\n\n\n\n<p>Trude Tinnlund, LO <\/p>\n\n\n\n<p>Joachim Espe, LO<\/p>\n\n\n\n<p>Marianne Brattsveen, LO<\/p>\n\n\n\n<p>Anne Louise Aartun Bye, NHO<\/p>\n\n\n\n<p>Tord Hauge, NHO<\/p>\n\n\n\n<p>Eiliv Fougner Janssen, KS<\/p>\n\n\n\n<p>Erik Brekken, KS<\/p>\n\n\n\n<p>Kristin St Hilaire, KS<\/p>\n\n\n\n<p>Ingrid Paaske Gulbrandsen, Spekter <\/p>\n\n\n\n<p>Mirjam Sorge Folkvord, YS<\/p>\n\n\n\n<p>Ingeborg Tyse, Utdanningsforbundet<\/p>\n\n\n\n<p>Helene Ytterborg, Virke <\/p>\n\n\n\n<p>Oumou Diallo, Elevorganisasjonen <\/p>\n\n\n\n<p>Jens Rydland, KD <\/p>\n\n\n\n<p><strong>Observat\u00f8rer <\/strong><\/p>\n\n\n\n<p>Randi Marie Lok\u00f8y Holtungen, N\u00e6rings- og fiskeridepartementet<\/p>\n\n\n\n<p>Else Kathrine Nesmoen, HK-dir <\/p>\n\n\n\n<p>Anita Schj\u00f8lset, FD <\/p>\n\n\n\n<p>Tone Beate Engebretsen, DFD<\/p>\n\n\n\n<p><strong>Varamedlemmer <\/strong><\/p>\n\n\n\n<p>Ola Woo Nyhus, LO<\/p>\n\n\n\n<p>Kristian Ilner, LO <\/p>\n\n\n\n<p>Susanne Skj\u00f8rberg, LO <\/p>\n\n\n\n<p>Gry Benedikte Sterner, LO <\/p>\n\n\n\n<p>Asbj\u00f8rn Hia, NHO<\/p>\n\n\n\n<p>Thomas Norland, NHO<\/p>\n\n\n\n<p>Hilde Karin Kl\u00f8vfjell, KS<\/p>\n\n\n\n<p>Pia Elverh\u00f8i, KS <\/p>\n\n\n\n<p>Eva Margrethe Kvalvaag, <\/p>\n\n\n\n<p>Trond Bergene, Spekter <\/p>\n\n\n\n<p>Einar Hanisch, YS<\/p>\n\n\n\n<p>Ingunn Bonnet Wetterstad, Utdanningsforbundet <\/p>\n\n\n\n<p>Kristine Bettum, Virke <\/p>\n\n\n\n<p>Tilde Bordi Grannes, Elevorganisasjonen <\/p>\n\n\n\n<p>Tone Horne Sollien, Kunnskapsdepartementet <\/p>\n\n\n\n<p>Viil Gombos, Kunnskapsdepartementet<\/p>\n\n\n\n<p>Elin Marlen Hollfjord, N\u00e6rings- og fiskeridepartementet<\/p>\n\n\n\n<p>Andreas Snildal, HK-dir <\/p>\n\n\n\n<p>Lars-Erik Becken, DFD<\/p>\n\n\n\n<p><\/p>\n\n\n\n<div class=\"wp-block-columns is-layout-flex wp-container-core-columns-is-layout-9d6595d7 wp-block-columns-is-layout-flex\">\n<div class=\"wp-block-column is-layout-flow wp-block-column-is-layout-flow\" style=\"flex-basis:100%\"><\/div>\n<\/div>\n\n\n\n<div class=\"wp-block-columns is-layout-flex wp-container-core-columns-is-layout-9d6595d7 wp-block-columns-is-layout-flex\">\n<div class=\"wp-block-column is-layout-flow wp-block-column-is-layout-flow\" style=\"flex-basis:66.66%\"><\/div>\n\n\n\n<div class=\"wp-block-column is-layout-flow wp-block-column-is-layout-flow\" style=\"flex-basis:33.33%\"><\/div>\n<\/div>\n\n\n\n<p><\/p>\n\n\n\n<p><\/p>\n\n\n\n<p><\/p>\n\n\n\n<p><\/p>\n\n\n\n<div class=\"wp-block-columns is-layout-flex wp-container-core-columns-is-layout-9d6595d7 wp-block-columns-is-layout-flex\">\n<div class=\"wp-block-column is-layout-flow wp-block-column-is-layout-flow\" style=\"flex-basis:66.66%\"><\/div>\n\n\n\n<div class=\"wp-block-column is-layout-flow wp-block-column-is-layout-flow\" style=\"flex-basis:33.33%\"><\/div>\n<\/div>\n","protected":false},"excerpt":{"rendered":"<p>Medlemmer Trude Tinnlund, LO Joachim Espe, LO Marianne Brattsveen, LO Anne Louise Aartun Bye, NHO Tord Hauge, NHO Eiliv Fougner Janssen, KS Erik Brekken, KS Kristin St Hilaire, KS Ingrid Paaske Gulbrandsen, Spekter Mirjam Sorge Folkvord, YS Ingeborg Tyse, Utdanningsforbundet Helene Ytterborg, Virke Oumou Diallo, Elevorganisasjonen Jens Rydland, KD Observat\u00f8rer Randi Marie Lok\u00f8y Holtungen, N\u00e6rings-\u2026<\/p>\n","protected":false},"author":3427,"featured_media":0,"parent":0,"menu_order":0,"comment_status":"closed","ping_status":"closed","template":"","meta":{"dss_simple_post_excerpt":"","dss_show_featured_image":true,"footnotes":""},"class_list":["post-45","page","type-page","status-publish","hentry"],"language":"nb-NO","_links":{"self":[{"href":"https:\/\/nettsteder.regjeringen.no\/sry\/wp-json\/wp\/v2\/pages\/45","targetHints":{"allow":["GET"]}}],"collection":[{"href":"https:\/\/nettsteder.regjeringen.no\/sry\/wp-json\/wp\/v2\/pages"}],"about":[{"href":"https:\/\/nettsteder.regjeringen.no\/sry\/wp-json\/wp\/v2\/types\/page"}],"author":[{"embeddable":true,"href":"https:\/\/nettsteder.regjeringen.no\/sry\/wp-json\/wp\/v2\/users\/3427"}],"replies":[{"embeddable":true,"href":"https:\/\/nettsteder.regjeringen.no\/sry\/wp-json\/wp\/v2\/comments?post=45"}],"version-history":[{"count":3,"href":"https:\/\/nettsteder.regjeringen.no\/sry\/wp-json\/wp\/v2\/pages\/45\/revisions"}],"predecessor-version":[{"id":104,"href":"https:\/\/nettsteder.regjeringen.no\/sry\/wp-json\/wp\/v2\/pages\/45\/revisions\/104"}],"wp:attachment":[{"href":"https:\/\/nettsteder.regjeringen.no\/sry\/wp-json\/wp\/v2\/media?parent=45"}],"curies":[{"name":"wp","href":"https:\/\/api.w.org\/{rel}","templated":true}]}}