{"id":25,"date":"2020-02-27T11:23:55","date_gmt":"2020-02-27T10:23:55","guid":{"rendered":"https:\/\/nettsteder.regjeringen.no\/skolebidrag\/?page_id=25"},"modified":"2020-05-06T09:02:18","modified_gmt":"2020-05-06T07:02:18","slug":"medlemmer-i-ekspertgruppen","status":"publish","type":"page","link":"https:\/\/nettsteder.regjeringen.no\/skolebidrag\/medlemmer-i-ekspertgruppen\/","title":{"rendered":"Medlemmer i ekspertgruppen"},"content":{"rendered":"<div id=\"module-0\" class=\"hogan-module hogan-module-people hogan-module-0 text-wrap\"><div class=\"hogan-module-inner image-column-size-30\"><ul>\n\t\t\t<li class=\"columns\">\n\t\t\t<div class=\"column\">\n\t\t\t\t<div class=\"square\">\n\t\t\t\t\t<img loading=\"lazy\" decoding=\"async\" width=\"400\" height=\"400\" src=\"https:\/\/files.nettsteder.regjeringen.no\/wpuploads01\/blogs.dir\/415\/files\/2020\/03\/S\u00f8lvi-3.-jpg.-400x400.jpg\" class=\"\" alt=\"\" srcset=\"https:\/\/files.nettsteder.regjeringen.no\/wpuploads01\/blogs.dir\/415\/files\/2020\/03\/S\u00f8lvi-3.-jpg.-400x400.jpg 400w, https:\/\/files.nettsteder.regjeringen.no\/wpuploads01\/blogs.dir\/415\/files\/2020\/03\/S\u00f8lvi-3.-jpg.-150x150.jpg 150w\" sizes=\"auto, (max-width: 400px) 100vw, 400px\" \/>\t\t\t\t<\/div>\n\t\t\t<\/div>\n\t\t\t<div class=\"column\">\n\t\t\t\t<div class=\"name\">S\u00f8lvi Lillejord<\/div><div class=\"position\">Leder<\/div><a href=\"javascript:\/\/\" class=\"show-hide-link\"\n\t\t\t\t   data-show-text=\"Vis beskrivelse\"\n\t\t\t\t   data-hide-text=\"Skjul beskrivelse\">Vis beskrivelse<\/a>\t\t\t\t<div class=\"description\"\n\t\t\t\t\t aria-expanded=\"false\"><p>S\u00f8lvi Lillejord er professor i pedagogikk, fagdirekt\u00f8r for lektorprogrammet ved Universitetet i Bergen og Honorary Research Fellow, Department of Education, Oxford University. Tidligere Direkt\u00f8r for Kunnskapssenter for utdanning, Leder, Institutt for l\u00e6rerutdanning og skoleforskning, UiO, og Institutt for utdanning og helse, UiB. Gjesteforskeropphold ved University of North Carolina, Chapel Hill og Stanford University. Hun har etablert forskergrupper, ledet et nasjonalt program for skoleledere og en regional forskerskole (WNGER). I 15 \u00e5r hadde hun finansiering for \u00e5 bygge forskningskapasitet ved 7 universiteter i det s\u00f8rlige Afrika. Hun har jevnlig presentert p\u00e5 internasjonale konferanser (AERA, EARLI, ISCAR, ECER, ICSEI), publisert internasjonalt, hatt 200+ keynotes og foredrag og deltatt i internasjonale ekspertgrupper.<\/p>\n<\/div>\n\t\t\t<\/div>\n\t\t<\/li>\n\t\t\t<li class=\"columns\">\n\t\t\t<div class=\"column\">\n\t\t\t\t<div class=\"square\">\n\t\t\t\t\t<img loading=\"lazy\" decoding=\"async\" width=\"400\" height=\"400\" src=\"https:\/\/files.nettsteder.regjeringen.no\/wpuploads01\/blogs.dir\/415\/files\/2020\/03\/svein-erik-fjeld-400x400.jpg\" class=\"\" alt=\"\" srcset=\"https:\/\/files.nettsteder.regjeringen.no\/wpuploads01\/blogs.dir\/415\/files\/2020\/03\/svein-erik-fjeld-400x400.jpg 400w, https:\/\/files.nettsteder.regjeringen.no\/wpuploads01\/blogs.dir\/415\/files\/2020\/03\/svein-erik-fjeld-150x150.jpg 150w\" sizes=\"auto, (max-width: 400px) 100vw, 400px\" \/>\t\t\t\t<\/div>\n\t\t\t<\/div>\n\t\t\t<div class=\"column\">\n\t\t\t\t<div class=\"name\">Svein-Erik Fjeld<\/div><div class=\"position\">Medlem<\/div><a href=\"javascript:\/\/\" class=\"show-hide-link\"\n\t\t\t\t   data-show-text=\"Vis beskrivelse\"\n\t\t\t\t   data-hide-text=\"Skjul beskrivelse\">Vis beskrivelse<\/a>\t\t\t\t<div class=\"description\"\n\t\t\t\t\t aria-expanded=\"false\"><p>Svein-Erik Fjeld har mange \u00e5rs praksis fra den videreg\u00e5ende skolen i Hordaland, blant annet som lektor\/l\u00e6rer, studieinspekt\u00f8r, rektor og oppl\u00e6ringsdirekt\u00f8r. Han arbeider i dag m.a. som veileder i b\u00e5de Utdanningsdirektoratets og Kulturskoler\u00e5dets veilederkorps. Han har i flere \u00e5r ogs\u00e5 arbeidet for Utdanningsdirektoratet i forbindelse med satsingen Ungdomstrinn i utvikling, Veilederkorpset, rektorskolen, FYR osv. Fjeld har i hele sin tid i skoleverket p\u00e5 ulike m\u00e5ter engasjert seg i skoleutviklingsarbeid &#8211; ogs\u00e5 i internasjonale sammenhenger.<\/p>\n<\/div>\n\t\t\t<\/div>\n\t\t<\/li>\n\t\t\t<li class=\"columns\">\n\t\t\t<div class=\"column\">\n\t\t\t\t<div class=\"square\">\n\t\t\t\t\t<img loading=\"lazy\" decoding=\"async\" width=\"400\" height=\"400\" src=\"https:\/\/files.nettsteder.regjeringen.no\/wpuploads01\/blogs.dir\/415\/files\/2020\/03\/helenee-400x400.jpg\" class=\"\" alt=\"\" srcset=\"https:\/\/files.nettsteder.regjeringen.no\/wpuploads01\/blogs.dir\/415\/files\/2020\/03\/helenee-400x400.jpg 400w, https:\/\/files.nettsteder.regjeringen.no\/wpuploads01\/blogs.dir\/415\/files\/2020\/03\/helenee-150x150.jpg 150w\" sizes=\"auto, (max-width: 400px) 100vw, 400px\" \/>\t\t\t\t<\/div>\n\t\t\t<\/div>\n\t\t\t<div class=\"column\">\n\t\t\t\t<div class=\"name\">Helene Ohm<\/div><div class=\"position\">Medlem<\/div><a href=\"javascript:\/\/\" class=\"show-hide-link\"\n\t\t\t\t   data-show-text=\"Vis beskrivelse\"\n\t\t\t\t   data-hide-text=\"Skjul beskrivelse\">Vis beskrivelse<\/a>\t\t\t\t<div class=\"description\"\n\t\t\t\t\t aria-expanded=\"false\"><p>Helene Ohm er direkt\u00f8r for oppvekst og utdanning i Stavanger kommune. Ohm har erfaring fra Ekspertutvalg for kommunereformen som vurderte en kommunereform og en fremtidig kommunestruktur.<\/p>\n<\/div>\n\t\t\t<\/div>\n\t\t<\/li>\n\t\t\t<li class=\"columns\">\n\t\t\t<div class=\"column\">\n\t\t\t\t<div class=\"square\">\n\t\t\t\t\t<img loading=\"lazy\" decoding=\"async\" width=\"400\" height=\"400\" src=\"https:\/\/files.nettsteder.regjeringen.no\/wpuploads01\/blogs.dir\/415\/files\/2020\/03\/larsarild-400x400.jpg\" class=\"\" alt=\"\" srcset=\"https:\/\/files.nettsteder.regjeringen.no\/wpuploads01\/blogs.dir\/415\/files\/2020\/03\/larsarild-400x400.jpg 400w, https:\/\/files.nettsteder.regjeringen.no\/wpuploads01\/blogs.dir\/415\/files\/2020\/03\/larsarild-150x150.jpg 150w\" sizes=\"auto, (max-width: 400px) 100vw, 400px\" \/>\t\t\t\t<\/div>\n\t\t\t<\/div>\n\t\t\t<div class=\"column\">\n\t\t\t\t<div class=\"name\">Lars Arild Myhr<\/div><div class=\"position\">Medlem<\/div><a href=\"javascript:\/\/\" class=\"show-hide-link\"\n\t\t\t\t   data-show-text=\"Vis beskrivelse\"\n\t\t\t\t   data-hide-text=\"Skjul beskrivelse\">Vis beskrivelse<\/a>\t\t\t\t<div class=\"description\"\n\t\t\t\t\t aria-expanded=\"false\"><p>Lars Arild Myhr er h\u00f8gskolelektor i pedagogikk og assisterende senterleder ved Senter for praksisrettet utdanningsforskning ved H\u00f8gskolen i Innlandet. Myhr underviser ved Rektorutdanningen ved OsloMet og er prosjektleder ved regionale FoU-prosjekter i Hedmark, Finnmark og Viken. Myhr arbeider s\u00e6rlig med fagomr\u00e5dene forbedringsarbeid i barnehage og skole, kompetanseutvikling, utdanningsledelse, l\u00e6ringsmilj\u00f8 og inkludering.<\/p>\n<\/div>\n\t\t\t<\/div>\n\t\t<\/li>\n\t\t\t<li class=\"columns\">\n\t\t\t<div class=\"column\">\n\t\t\t\t<div class=\"square\">\n\t\t\t\t\t\t\t\t\t<\/div>\n\t\t\t<\/div>\n\t\t\t<div class=\"column\">\n\t\t\t\t<div class=\"name\">Lasse Skogvold Isaksen<\/div><div class=\"position\">Medlem<\/div><a href=\"javascript:\/\/\" class=\"show-hide-link\"\n\t\t\t\t   data-show-text=\"Vis beskrivelse\"\n\t\t\t\t   data-hide-text=\"Skjul beskrivelse\">Vis beskrivelse<\/a>\t\t\t\t<div class=\"description\"\n\t\t\t\t\t aria-expanded=\"false\"><p>Lasse Skogvold Isaksen er f\u00f8rsteamanuensis ved Fakultet for samfunns- og utdanningsvitenskap, NTNU.<\/p>\n<\/div>\n\t\t\t<\/div>\n\t\t<\/li>\n\t\t\t<li class=\"columns\">\n\t\t\t<div class=\"column\">\n\t\t\t\t<div class=\"square\">\n\t\t\t\t\t<img loading=\"lazy\" decoding=\"async\" width=\"400\" height=\"400\" src=\"https:\/\/files.nettsteder.regjeringen.no\/wpuploads01\/blogs.dir\/415\/files\/2020\/05\/Ann-Kristin-Bolstad-1-SH-400x400.jpg\" class=\"\" alt=\"\" srcset=\"https:\/\/files.nettsteder.regjeringen.no\/wpuploads01\/blogs.dir\/415\/files\/2020\/05\/Ann-Kristin-Bolstad-1-SH-400x400.jpg 400w, https:\/\/files.nettsteder.regjeringen.no\/wpuploads01\/blogs.dir\/415\/files\/2020\/05\/Ann-Kristin-Bolstad-1-SH-150x150.jpg 150w\" sizes=\"auto, (max-width: 400px) 100vw, 400px\" \/>\t\t\t\t<\/div>\n\t\t\t<\/div>\n\t\t\t<div class=\"column\">\n\t\t\t\t<div class=\"name\">Ann Kristin Bolstad<\/div><div class=\"position\">Medlem<\/div><a href=\"javascript:\/\/\" class=\"show-hide-link\"\n\t\t\t\t   data-show-text=\"Vis beskrivelse\"\n\t\t\t\t   data-hide-text=\"Skjul beskrivelse\">Vis beskrivelse<\/a>\t\t\t\t<div class=\"description\"\n\t\t\t\t\t aria-expanded=\"false\"><p>Ann Kristin Bolstad er kommunalsjef oppvekst i Vaksdal Kommune. Bolstad er utdannet adjunkt, og har senere tatt videreutdanning i IKT for l\u00e6ring og skoleledelse. Hun har erfaring som l\u00e6rer, rektor, pedagogisk koordinator og skolefaglig r\u00e5dgiver.<\/p>\n<p>&nbsp;<\/p>\n<p>&nbsp;<\/p>\n<\/div>\n\t\t\t<\/div>\n\t\t<\/li>\n\t\t\t<li class=\"columns\">\n\t\t\t<div class=\"column\">\n\t\t\t\t<div class=\"square\">\n\t\t\t\t\t<img loading=\"lazy\" decoding=\"async\" width=\"400\" height=\"400\" src=\"https:\/\/files.nettsteder.regjeringen.no\/wpuploads01\/blogs.dir\/415\/files\/2020\/03\/torbj\u00f8rn.EFS_-400x400.jpg\" class=\"\" alt=\"\" srcset=\"https:\/\/files.nettsteder.regjeringen.no\/wpuploads01\/blogs.dir\/415\/files\/2020\/03\/torbj\u00f8rn.EFS_-400x400.jpg 400w, https:\/\/files.nettsteder.regjeringen.no\/wpuploads01\/blogs.dir\/415\/files\/2020\/03\/torbj\u00f8rn.EFS_-150x150.jpg 150w\" sizes=\"auto, (max-width: 400px) 100vw, 400px\" \/>\t\t\t\t<\/div>\n\t\t\t<\/div>\n\t\t\t<div class=\"column\">\n\t\t\t\t<div class=\"name\">Torbj\u00f8rn Lund<\/div><div class=\"position\">Medlem<\/div><a href=\"javascript:\/\/\" class=\"show-hide-link\"\n\t\t\t\t   data-show-text=\"Vis beskrivelse\"\n\t\t\t\t   data-hide-text=\"Skjul beskrivelse\">Vis beskrivelse<\/a>\t\t\t\t<div class=\"description\"\n\t\t\t\t\t aria-expanded=\"false\"><p>Torbj\u00f8rn Lund er pedagog og arbeider ved institutt for l\u00e6rerutdanning og pedagogikk ved universitetet i Troms\u00f8, Norges arktiske universitet. Hans forskningsinteresse er skoleutvikling og vurdering og han har ledet flere skoleutviklingsprosjekter med skoler i nettverk landet rundt. Han har ogs\u00e5 skrevet nasjonale og internasjonale artikler innenfor feltet aksjonsforskning med fokus p\u00e5 nettverk som utviklingsstrategi. Lund har de senere \u00e5rene arbeidet sammen med forskere ved Arbeidsforskningsinstituttet\/OsloMet i prosjektet Et lag rundt eleven. Han har ogs\u00e5 v\u00e6rt engasjert i utvikling av kompetansepakker i forbindelse med Fagfornyelsen.<\/p>\n<p>&nbsp;<\/p>\n<\/div>\n\t\t\t<\/div>\n\t\t<\/li>\n\t<\/ul>\n<\/div><\/div>","protected":false},"excerpt":{"rendered":"<p>S\u00f8lvi LillejordLederVis beskrivelse S\u00f8lvi Lillejord er professor i pedagogikk, fagdirekt\u00f8r for lektorprogrammet ved Universitetet i Bergen og Honorary Research Fellow, &#8230;<\/p>\n","protected":false},"author":2107,"featured_media":0,"parent":0,"menu_order":0,"comment_status":"closed","ping_status":"closed","template":"","meta":{"_acf_changed":false,"footnotes":""},"class_list":["post-25","page","type-page","status-publish","hentry"],"acf":[],"language":"nb-NO","_links":{"self":[{"href":"https:\/\/nettsteder.regjeringen.no\/skolebidrag\/wp-json\/wp\/v2\/pages\/25","targetHints":{"allow":["GET"]}}],"collection":[{"href":"https:\/\/nettsteder.regjeringen.no\/skolebidrag\/wp-json\/wp\/v2\/pages"}],"about":[{"href":"https:\/\/nettsteder.regjeringen.no\/skolebidrag\/wp-json\/wp\/v2\/types\/page"}],"author":[{"embeddable":true,"href":"https:\/\/nettsteder.regjeringen.no\/skolebidrag\/wp-json\/wp\/v2\/users\/2107"}],"replies":[{"embeddable":true,"href":"https:\/\/nettsteder.regjeringen.no\/skolebidrag\/wp-json\/wp\/v2\/comments?post=25"}],"version-history":[{"count":25,"href":"https:\/\/nettsteder.regjeringen.no\/skolebidrag\/wp-json\/wp\/v2\/pages\/25\/revisions"}],"predecessor-version":[{"id":437,"href":"https:\/\/nettsteder.regjeringen.no\/skolebidrag\/wp-json\/wp\/v2\/pages\/25\/revisions\/437"}],"wp:attachment":[{"href":"https:\/\/nettsteder.regjeringen.no\/skolebidrag\/wp-json\/wp\/v2\/media?parent=25"}],"curies":[{"name":"wp","href":"https:\/\/api.w.org\/{rel}","templated":true}]}}