{"id":181,"date":"2018-04-04T13:37:24","date_gmt":"2018-04-04T11:37:24","guid":{"rendered":"https:\/\/nettsteder.regjeringen.no\/romanitater\/?page_id=181"},"modified":"2019-09-24T16:33:17","modified_gmt":"2019-09-24T14:33:17","slug":"kollektiv-oppreisning","status":"publish","type":"page","link":"https:\/\/nettsteder.regjeringen.no\/romanitater\/kollektiv-oppreisning\/","title":{"rendered":"Kollektiv oppreisning"},"content":{"rendered":"<div id=\"module-0\" class=\"hogan-module hogan-module-dss_sidebar hogan-module-0\"><div class=\"hogan-module-inner\"><div class=\"columns sidebar-columns\">\n\t<div class=\"column text-wrap\">\n\t\t<p>Bak den kollektive oppreisningen til romanifolket\/taterne ligger et \u00f8nske om at romanifolket\/taternes kultur skal styrkes og utvikles, og at assimileringspolitikken aldri skal skje igjen. Gjennom oppreisningen \u00f8nsker staten \u00e5 gj\u00f8re opp for en del av den skaden som myndighetene har p\u00e5f\u00f8rt kulturen til romanifolket\/taterne gjennom den tidligere politikken.<\/p>\n<p>I tillegg til romanifolket\/taterne har den norske staten gitt kollektiv oppreising til blant annet samer, j\u00f8der og norske rom.<\/p>\n<p>&nbsp;<\/p>\n<h2>Kulturr\u00e5det forvalter den kollektive oppreisingen til romanifolket\/taterne<\/h2>\n<p>Kommunal- og moderniseringsminister Monica M\u00e6land og kulturminister Trine Skei Grande bestemte h\u00f8sten 2018 at den kollektive oppreisningen til romanifolket\/taterne skal forvaltes som en tilskuddsordning i Kulturr\u00e5det.<\/p>\n<p>Gjennom referansegruppen som har sett p\u00e5 oppf\u00f8lging av NOU 2015: 7 <em>Assimilering og motstand<\/em> kom det flere forslag til hvordan den kollektive oppreisningen til romanifolket\/taterne kunne forvaltes videre. Ett av forslagene var \u00e5 opprette en tilskuddsordning i Kulturr\u00e5det, og flere i referansegruppen stilte seg bak forslaget. Alle forslagene fra referansegruppen ble presentert for politikerne.<\/p>\n<p>Det er flere grunner til at statsr\u00e5dene besluttet \u00e5 overf\u00f8re tilskuddsforvaltningen til Kulturr\u00e5det. En av grunnene var at fordelingen av tilskudd b\u00f8r gj\u00f8res av et uavhengig fagorgan som har en viss avstand til de politiske myndighetene. Kulturr\u00e5det er en stor og profesjonell tilskuddsforvalter, som har god kompetanse p\u00e5 \u00e5 forvalte tilskuddsordninger.<\/p>\n<p>Kommunal- og moderniseringsdepartementet fastsetter regelverk for ordningen og er klageinstans.<\/p>\n<p>&nbsp;<\/p>\n<h2>Tidligere kollektive oppreisninger<\/h2>\n<p><strong><em>Latjo Drom-utstillingen ved Glomdalsmuseet<\/em><\/strong><br \/>\nI forbindelse med at dav\u00e6rende regjering ba om unnskyldning for politikken som var f\u00f8rt overfor romanifolket\/taterne, ble det bestemt \u00e5 opprette et senter for dokumentasjon og formidling av kulturen og historien til gruppen. Det ble ogs\u00e5 bestemt at senteret skulle plasseres p\u00e5 Glomdalsmuseet i Elverum. Tanken var at museet ogs\u00e5 kunne fungere som et m\u00f8tested i forbindelse med kulturelle aktiviteter, som foredrag, konserter, kurs eller demonstrasjon av h\u00e5ndverkstradisjoner. Utstillingen Latjo Drom \u00e5pnet i 2006. Museet samarbeider med representanter fra romanifolket\/taterne i arbeidet med utstillingen.<\/p>\n<p>Latjo Drom-utstillingen ved Glomdalsmuseet ble gitt som en form for kompensasjon for den tidligere politikken overfor romanifolket\/taterne.<\/p>\n<ul>\n<li><a href=\"https:\/\/digitaltmuseum.no\/021105742218\/latjo-drom\">Latjo Drom-utstillingen<\/a><\/li>\n<\/ul>\n<h2><\/h2>\n<h2>Romanifolkets\/taternes kulturfond<\/h2>\n<p>I Stortingsmelding nr. 44 (2003\u20132004) om erstatningsordninger, vedtok regjeringen \u00e5 opprette et kulturfond som skulle ha som hovedm\u00e5l \u00e5 bidra til \u00e5 bevare og utvikle romanifolket\/taternes kultur, spr\u00e5k og historie. I 2004 ble det opprettet et fond p\u00e5 75 millioner kroner, og det ble bestemt at avkastningen av disse midlene skulle disponeres av en stiftelse. Stiftelsen Romanifolket\/taternes kulturfond ble opprettet i 2008.\u00a0 Styret i stiftelsen har best\u00e5tt av representanter fra romanifolket\/taternes organisasjoner. I tillegg har staten oppnevnt \u00e9n representant. Fondet ble fra 2014 gjort om til \u00e5rlige bevilgninger over statsbudsjettet.<\/p>\n<p>Siden 2015 har departementet v\u00e6rt i tvil om stiftelsen brukte midlene p\u00e5 en forsvarlig og effektiv m\u00e5te. Departementet holdt derfor tilbake pengene til stiftelsen. Stiftelsestilsynet gransket stiftelsen, og kom med en rapport i 2017. I rapporten konkluderte Stiftelsestilsynet med at forvaltningen av stiftelsen ikke skjedde i samsvar med stiftelsesloven eller stiftelsens egne vedtekter, og tilsynet avsatte tre av styremedlemmene. P\u00e5 bakgrunn av blant annet Stiftelsestilsynets rapport bestemte Stortinget samme \u00e5r at stiftelsen ikke skulle f\u00e5 midler over statsbudsjettet lenger, og at den kollektive oppreisningen til romanifolket\/taterne skulle organiseres p\u00e5 en annen m\u00e5te.<\/p>\n<p>Stiftelsen klaget Stiftelsestilsynets rapport inn til Stiftelsesklagenemda. Klagenemda opphevet i november 2018 tilsynets vedtak om \u00e5 avsette styremedlemmer.<\/p>\n<p>Departementets vurdering av at Stiftelsen Romanifolkets\/taternes kulturfond ikke lenger skulle st\u00e5 som mottakere av den kollektive oppreisningen, er basert p\u00e5 flere forhold enn Stiftelsestilsynets rapport. Ett av forholdene er at en stor del av midlene ble brukt p\u00e5 administrasjon, og at lite gikk til form\u00e5let med bevilgningen. Det siste styret i stiftelsen har ogs\u00e5 uttalt at tilskuddet som stiftelsen ga til Romanifolkets\/taternes senter er i strid med samarbeidsavtalen og mangler avtalemessig grunnlag. Styret viste ogs\u00e5 til at senteret har brutt rapporteringsplikten.<\/p>\n<p>Stiftelsen Romanifolkets\/taternes kulturfond og Romanifolkets\/taternes senter, som stiftelsen opprettet i 2014, er n\u00e5 konkurs. Kommunal- og moderniseringsdepartementet har fremmet krav i boet etter stiftelsen p\u00e5 minst 6,6 millioner kroner. Hvis det viser seg at boet etter stiftelsen kan betale tilbake midler til staten, skal departementet se p\u00e5 hvordan disse midlene kan inng\u00e5 i den fremtidige kollektive oppreisingen.<\/p>\n<ul>\n<li>Artikkel: <a href=\"https:\/\/nettsteder.regjeringen.no\/romanitater\/nyheter\/hva-er-bakgrunnen-for-endret-forvaltning-av-den-kollektive-oppreisningen-til-romanifolket-taterne\/\">Hva er bakgrunnen for endret forvaltning av den kollektive oppreisningen til romanifolket\/taterne?<\/a><\/li>\n<\/ul>\n<h2><\/h2>\n<h2>Midlertidig tilskuddsordning i 2017 og 2018<\/h2>\n<p>En liten del av den kollektive oppreisningen ble lagt inn i midlertidige tilskuddsordninger i 2017 og 2018. Form\u00e5let var \u00e5 bidra til \u00e5 gjenreise, utvikle og synliggj\u00f8re romanifolket\/taternes kultur, spr\u00e5k og historie. Bakgrunnen for at det ble opprettet en midlertidig tilskuddsordning var at gode tiltak ikke skulle settes p\u00e5 vent mens det ble vurdert hvordan den kollektive oppreisningen skulle forvaltes videre. Tiltak for barn og ungdom blant romanifolket\/taterne, og spr\u00e5k- og kulturprosjekter ble prioritert.<\/p>\n<ul>\n<li><a href=\"https:\/\/www.regjeringen.no\/no\/dep\/kmd\/kmd-tilskudd\/tiltak-for-romanifolkettaterne\/id2564081\/\">Midlertidig tilskuddsordning til romanifolket\/taterne<\/a><\/li>\n<li><a href=\"https:\/\/www.regjeringen.no\/no\/tema\/urfolk-og-minoriteter\/nasjonale-minoriteter\/midtspalte\/oversikt-over-fordeling-av-tilskuddsmidler-til-romanifolkettaterne\/id2576236\/\">Oversikt over hvem som har f\u00e5tt tilskudd over den midlertidige tilskuddsordningen<\/a><\/li>\n<\/ul>\t<\/div>\n\t<div class=\"column text-wrap\">\n\t\t\n\t\t<section class=\"widget recent-posts-3 widget_recent_entries\">\n\t\t<h3>Aktuelt<\/h3>\n\t\t<ul>\n\t\t\t\t\t\t\t\t\t\t\t<li>\n\t\t\t\t\t<a href=\"https:\/\/nettsteder.regjeringen.no\/romanitater\/nyheter\/tater-romaniutvalgets-rapport-folges-opp-i-ny-stortingsmelding\/\">Tater-\/romaniutvalgets rapport f\u00f8lges opp i ny stortingsmelding<\/a>\n\t\t\t\t\t\t\t\t\t<\/li>\n\t\t\t\t\t\t\t\t\t\t\t<li>\n\t\t\t\t\t<a href=\"https:\/\/nettsteder.regjeringen.no\/romanitater\/nyheter\/gi-innspill-til-norges-rapportering-pa-rammekonvensjonen-og-minoritetssprakpakta\/\">Gi innspill til Norges rapportering p\u00e5 rammekonvensjonen og minoritetsspr\u00e5kpakta<\/a>\n\t\t\t\t\t\t\t\t\t<\/li>\n\t\t\t\t\t\t\t\t\t\t\t<li>\n\t\t\t\t\t<a href=\"https:\/\/nettsteder.regjeringen.no\/romanitater\/nyheter\/kulturradet-inviterer-til-digitalt-infomote\/\">Kulturr\u00e5det inviterer til digitalt infom\u00f8te<\/a>\n\t\t\t\t\t\t\t\t\t<\/li>\n\t\t\t\t\t\t\t\t\t\t\t<li>\n\t\t\t\t\t<a href=\"https:\/\/nettsteder.regjeringen.no\/romanitater\/nyheter\/midlene-som-er-holdt-tilbake-blir-ikke-borte\/\">Midlene som er holdt tilbake, blir ikke borte<\/a>\n\t\t\t\t\t\t\t\t\t<\/li>\n\t\t\t\t\t\t\t\t\t\t\t<li>\n\t\t\t\t\t<a href=\"https:\/\/nettsteder.regjeringen.no\/romanitater\/nyheter\/forskrift-om-tilskudd-til-romanifolket-taterne-er-vedtatt\/\">Forskrift om tilskudd til romanifolket\/taterne er vedtatt<\/a>\n\t\t\t\t\t\t\t\t\t<\/li>\n\t\t\t\t\t<\/ul>\n\n\t\t<\/section><section class=\"widget text-4 widget_text\">\t\t\t<div class=\"textwidget\"><p><a href=\"https:\/\/nettsteder.regjeringen.no\/romanitater\/nyheter\/\">Les flere aktueltsaker<\/a><\/p>\n<\/div>\n\t\t<\/section><section class=\"widget_text widget custom_html-2 widget_custom_html\"><h3>Abonner p\u00e5 v\u00e5rt epostvarsel<\/h3><div class=\"textwidget custom-html-widget\">[mailpoet_form id=\"1\"]<\/div><\/section>\t<\/div>\n<\/div>\n<\/div><\/div>","protected":false},"excerpt":{"rendered":"<p>N\u00e5r staten beklager tidligere tiders politikk, kan en kollektiv oppreisning v\u00e6re en form for &laquo;synlig&raquo; beklagelse. Noen ganger blir det &#8230;<\/p>\n","protected":false},"author":74,"featured_media":0,"parent":0,"menu_order":0,"comment_status":"closed","ping_status":"closed","template":"","meta":{"_acf_changed":false,"footnotes":""},"class_list":["post-181","page","type-page","status-publish","hentry"],"acf":[],"language":"nb-NO","_links":{"self":[{"href":"https:\/\/nettsteder.regjeringen.no\/romanitater\/wp-json\/wp\/v2\/pages\/181","targetHints":{"allow":["GET"]}}],"collection":[{"href":"https:\/\/nettsteder.regjeringen.no\/romanitater\/wp-json\/wp\/v2\/pages"}],"about":[{"href":"https:\/\/nettsteder.regjeringen.no\/romanitater\/wp-json\/wp\/v2\/types\/page"}],"author":[{"embeddable":true,"href":"https:\/\/nettsteder.regjeringen.no\/romanitater\/wp-json\/wp\/v2\/users\/74"}],"replies":[{"embeddable":true,"href":"https:\/\/nettsteder.regjeringen.no\/romanitater\/wp-json\/wp\/v2\/comments?post=181"}],"version-history":[{"count":19,"href":"https:\/\/nettsteder.regjeringen.no\/romanitater\/wp-json\/wp\/v2\/pages\/181\/revisions"}],"predecessor-version":[{"id":709,"href":"https:\/\/nettsteder.regjeringen.no\/romanitater\/wp-json\/wp\/v2\/pages\/181\/revisions\/709"}],"wp:attachment":[{"href":"https:\/\/nettsteder.regjeringen.no\/romanitater\/wp-json\/wp\/v2\/media?parent=181"}],"curies":[{"name":"wp","href":"https:\/\/api.w.org\/{rel}","templated":true}]}}