{"id":134,"date":"2026-03-24T12:44:06","date_gmt":"2026-03-24T11:44:06","guid":{"rendered":"https:\/\/nettsteder.regjeringen.no\/politirolleutvalget\/?page_id=134"},"modified":"2026-03-24T14:36:45","modified_gmt":"2026-03-24T13:36:45","slug":"moter-og-reiser","status":"publish","type":"page","link":"https:\/\/nettsteder.regjeringen.no\/politirolleutvalget\/moter-og-reiser\/","title":{"rendered":"M\u00f8ter og reiser"},"content":{"rendered":"\n<h1 class=\"wp-block-heading\">10.-13. mars 2026 &#8211; Kunnskapsreise til Nederland og Skottland<\/h1>\n\n\n\n<figure class=\"wp-block-image size-large\"><img loading=\"lazy\" decoding=\"async\" width=\"768\" height=\"1024\" src=\"https:\/\/files.nettsteder.regjeringen.no\/wpuploads01\/sites\/598\/2026\/03\/1000037445-768x1024.jpg\" alt=\"\" class=\"wp-image-156\" style=\"aspect-ratio:4\/3;object-fit:cover\" srcset=\"https:\/\/files.nettsteder.regjeringen.no\/wpuploads01\/sites\/598\/2026\/03\/1000037445-768x1024.jpg 768w, https:\/\/files.nettsteder.regjeringen.no\/wpuploads01\/sites\/598\/2026\/03\/1000037445-225x300.jpg 225w, https:\/\/files.nettsteder.regjeringen.no\/wpuploads01\/sites\/598\/2026\/03\/1000037445-1152x1536.jpg 1152w, https:\/\/files.nettsteder.regjeringen.no\/wpuploads01\/sites\/598\/2026\/03\/1000037445-rotated.jpg 1500w\" sizes=\"auto, (max-width: 768px) 100vw, 768px\" \/><figcaption class=\"wp-element-caption\">Politirolleutvalget, utvalgets sekretariat, og representanter fra skotsk politi og politih\u00f8yskolen. <br>Foto: Police Scotland.<\/figcaption><\/figure>\n\n\n\n<p>Politirolleutvalget gjennomf\u00f8rte 10.\u201313. mars 2026 en kunnskapsreise til Skottland og Nederland for \u00e5 hente innsikt fra to land som har gjennomf\u00f8rt store politireformer og utviklet modeller for styring, forebygging og kompetansebygging.<\/p>\n\n\n\n<h2 class=\"wp-block-heading\"><strong>Skottland: Reform, forebygging og samarbeid p\u00e5 tvers av sektorer<\/strong>  <\/h2>\n\n\n\n<p>I Edinburgh m\u00f8tte utvalget forskere fra Scottish Institute for Policing Research (SIPR) og representanter fra den skotske regjeringen i Safer Communities Directorate. SIPR-direkt\u00f8r Andrew Woof og Monica Craig presenterte  forsknings- og kunnskapsmilj\u00f8ene ved instituttet, og delte erfaringer fra evalueringen av politireformen i 2013 og p\u00e5g\u00e5ende utviklings- og forskningsarbeid, slik som The Define Project om nevrodiversitet og forskning p\u00e5 ny teknologi innen politiarbeid. <\/p>\n\n\n\n<p>Direkt\u00f8r Don McGillivray fra Safer Communities Directorate ga en innf\u00f8ring i styring og organiseringen av skotsk politi, og hvordan skotske myndigheter jobber med \u00e5 m\u00f8te kriminalitetsutviklingen. <\/p>\n\n\n\n<p>P\u00e5 Tulliallan Castle utenfor Stirling fikk utvalget m\u00f8te et bredt spekter av representanter fra skotsk politi og den skotske politih\u00f8gskolen. Her ble det blant annet gitt orienteringer om hvordan politiet jobber med rekruttering, politiutdanning, forskning og kompetanse, samt hvordan politiet bruker tjenestedesign i utformingen av fremtidens politi. I tillegg ble det gitt innledninger fra politiets Mental Health Task Force og Scottish Violence Reducation Unit. Scottish Crime Campus presenterte ogs\u00e5 sitt arbeid med etterretning og tverrsektorielt samarbeid om alvorlig kriminalitet i deres felles campus p\u00e5 Gartcosh utenfor Glasgow.<\/p>\n\n\n\n<h2 class=\"wp-block-heading\"><strong>Nederland: <em>Community policing<\/em>, reform, styring og forskningsbaserte utviklingsprosjekter<\/strong><\/h2>\n\n\n\n<p>I Haag fortsatte programmet med orienteringer og samtaler med Rune Utne Reitan ved Norges EUROPOL-desk og representanter fra Netherlands Forensic Institute (NFI). NFI fortalte om sitt arbeid med forskning, utvikling og innovasjon, inkludert et st\u00f8rre prosjekt i samarbeid med nederlandsk politi og p\u00e5talemyndighet for \u00e5 lage en metode for mer robust, etterpr\u00f8vbar og transparent kriminaletterforskning. Prosjektets gjennomf\u00f8ring er er integrert i virksomhetene, men ledet og drevet av forskere fra NFI. <\/p>\n\n\n\n<p>Fredagen var viet m\u00f8ter med Justis- og sikkerhetsdepartementet og Nationale Politie. Her fikk utvalget en gjennomgang av den nederlandske politireformen i 2013, som samlet 26 selvstendige og regionale politienheter til \u00e9n nasjonal politietat. Videre ble det ogs\u00e5 en innf\u00f8ring i, og samtale om, den nederlandske modellen for <em>community policing <\/em>(n\u00e6rpoliti).<\/p>\n\n\n\n<p>Samtalene belyste det nederlandske synet p\u00e5 politirollen, men ogs\u00e5 styringsmodellen, forholdet og ansvarsdeling mellom politiet, lokale myndigheter, p\u00e5talemyndigheten og departementet. Det inkludert ogs\u00e5 hvordan myndighetene arbeider med \u00e5 m\u00f8te utfordringer knyttet til tilgang p\u00e5 (politi)kompetanse og effektiv ressursbruk.<\/p>\n\n\n\n<h2 class=\"wp-block-heading\"><strong>Felles l\u00e6ringspunkter<\/strong><\/h2>\n\n\n\n<p>Gjennom reisen fikk utvalget bedre innsikt i:<\/p>\n\n\n\n<ul class=\"wp-block-list is-layout-flow wp-block-list-is-layout-flow\">\n<li>systemer og utfordringer med rekruttering, utdanning og kompetanseutvikling i politiet &#8211; mange politiutfordringer er universelle p\u00e5 tvers av landegrensene <\/li>\n\n\n\n<li>gjennomf\u00f8ring og l\u00e6rdom fra to store politireformer<\/li>\n\n\n\n<li>ulike styringsmodeller og ansvarslinjer av politiet<\/li>\n\n\n\n<li>tverrsektorielle forebyggingsmodeller<\/li>\n\n\n\n<li>hvordan forskning, teknologi og utvikling kan brukes p\u00e5 en god m\u00e5te i utviklingen av politiet<\/li>\n\n\n\n<li>hvordan internasjonaliseringen av kriminalitetsbildet utfordrer politiet og politrollen<\/li>\n<\/ul>\n\n\n\n<p>Reisen ble avsluttet med en intern oppsummering ved ambassaden i Haag, der utvalget diskuterte hvordan erfaringene kan bidra i arbeidet med \u00e5 vurdere fremtidens politirolle i Norge.<\/p>\n\n\n\n<h1 class=\"wp-block-heading\">25. og 27. februar 2026 &#8211; Innspillsm\u00f8ter med myndigheter, organisasjoner og politiet i Oslo<\/h1>\n\n\n\n<p>Utvalgsleder, deler av utvalget og sekretariatet hadde 25. og 27. februar 2026 innspillsm\u00f8ter med en rekke akt\u00f8rer fra offentlig, privat og frivillig sektor, samt med ulike deler av politiet. Alle ble p\u00e5 forh\u00e5nd bedt om \u00e5 skissere hva de mener er utfordringer med dagens politi, sett fra deres st\u00e5sted. Videre ble de bedt om \u00e5 fortelle hva slags tiltak de mener kan gj\u00f8re fremtidens politi enda bedre.<\/p>\n\n\n\n<p>P\u00e5 onsdag 25. februar deltok Utlendingsdirektoratet, Kriminalomsorgsdirektoratet, Tolletaten, Nav, Helsedirektoratet, Sekretariatet for konfliktr\u00e5det, KS, R\u00f8de Kors, Barneombudet, Likestillings- og diskrimineringsombudet, NHO Service og handel, N\u00e6ringslivets sikkerhetsr\u00e5d.<\/p>\n\n\n\n<p>Fredag 27. februar deltok PST, Kripos, Politiets Fellestjenester, Utrykningspolitiet, Direktoratet for sikkerhet og beredskap, Politiets utlendingsenhet, Politietatens uavhengige varslingsombud og Politiets IT-enhet.<\/p>\n","protected":false},"excerpt":{"rendered":"<p>10.-13. mars 2026 &#8211; Kunnskapsreise til Nederland og Skottland Politirolleutvalget gjennomf\u00f8rte 10.\u201313. mars 2026 en kunnskapsreise til Skottland og Nederland for \u00e5 hente innsikt fra to land som har gjennomf\u00f8rt store politireformer og utviklet modeller for styring, forebygging og kompetansebygging. Skottland: Reform, forebygging og samarbeid p\u00e5 tvers av sektorer I Edinburgh m\u00f8tte utvalget forskere fra\u2026<\/p>\n","protected":false},"author":3472,"featured_media":0,"parent":0,"menu_order":0,"comment_status":"closed","ping_status":"closed","template":"","meta":{"dss_simple_post_excerpt":"","dss_show_featured_image":true,"footnotes":""},"class_list":["post-134","page","type-page","status-publish","hentry"],"language":"nb-NO","_links":{"self":[{"href":"https:\/\/nettsteder.regjeringen.no\/politirolleutvalget\/wp-json\/wp\/v2\/pages\/134","targetHints":{"allow":["GET"]}}],"collection":[{"href":"https:\/\/nettsteder.regjeringen.no\/politirolleutvalget\/wp-json\/wp\/v2\/pages"}],"about":[{"href":"https:\/\/nettsteder.regjeringen.no\/politirolleutvalget\/wp-json\/wp\/v2\/types\/page"}],"author":[{"embeddable":true,"href":"https:\/\/nettsteder.regjeringen.no\/politirolleutvalget\/wp-json\/wp\/v2\/users\/3472"}],"replies":[{"embeddable":true,"href":"https:\/\/nettsteder.regjeringen.no\/politirolleutvalget\/wp-json\/wp\/v2\/comments?post=134"}],"version-history":[{"count":3,"href":"https:\/\/nettsteder.regjeringen.no\/politirolleutvalget\/wp-json\/wp\/v2\/pages\/134\/revisions"}],"predecessor-version":[{"id":174,"href":"https:\/\/nettsteder.regjeringen.no\/politirolleutvalget\/wp-json\/wp\/v2\/pages\/134\/revisions\/174"}],"wp:attachment":[{"href":"https:\/\/nettsteder.regjeringen.no\/politirolleutvalget\/wp-json\/wp\/v2\/media?parent=134"}],"curies":[{"name":"wp","href":"https:\/\/api.w.org\/{rel}","templated":true}]}}