{"id":6,"date":"2026-02-04T13:02:40","date_gmt":"2026-02-04T12:02:40","guid":{"rendered":"https:\/\/nettsteder.regjeringen.no\/partilovutvalget\/?page_id=6"},"modified":"2026-02-04T14:34:31","modified_gmt":"2026-02-04T13:34:31","slug":"mandat","status":"publish","type":"page","link":"https:\/\/nettsteder.regjeringen.no\/partilovutvalget\/mandat\/","title":{"rendered":"Mandat"},"content":{"rendered":"<p class=\"t2-ingress wp-block-t2-ingress\">Mandat for partilovutvalget<\/p>\n\n\n<h3 class=\"wp-block-heading\">1. Bakgrunn for oppnevning av utvalget<\/h3>\n\n\n\n<p>Norge er et av verdens mest demokratiske land, og i internasjonale sammenligninger sk\u00e5rer det norske politiske systemet sv\u00e6rt h\u00f8yt p\u00e5 demokratisk kvalitet langs ulike dimensjoner. Det representative systemet st\u00e5r sterkt, og de politiske partiene har en sentral rolle i det norske demokratiet b\u00e5de lokalt og nasjonalt. De fungerer som et viktig bindeledd mellom folk og myndigheter, ved \u00e5 ta opp og fremme saker, gjennom politiske diskusjoner, utvikle politikk, samt rekruttere og stille kandidater til valg.<\/p>\n\n\n\n<p>Det er 20 \u00e5r siden partiloven ble vedtatt, og det har skjedd store endringer i denne tiden som har betydning for hvordan partiene fyller roller sin; hvordan de organiserer virksomheten sin, for valgkamp og for finansiering av partier. Nye former for private bidrag har vokst frem over tid, og det har v\u00e6rt en \u00f8kning av tredjeparts eller anonyme kampanjer i valgkampen. Innrapportering av ikke-monet\u00e6r st\u00f8tte reiser krevende avveininger. Sosiale medier og teknologisk utvikling har ogs\u00e5 f\u00f8rt til at partiene driver valgkamp p\u00e5 en annen m\u00e5te enn tidligere, og forbudet mot TV-reklame for politiske partier har ikke den virkningen det har hatt tidligere. Den offentlige st\u00f8tten til de politiske partiene er gener\u00f8s i Norge. F\u00f8r stortingsvalget i 2025 ble det brukt mer penger p\u00e5 valgkampen enn noen gang tidligere, og det var stor \u00f8kning i andel private bidrag til partiene.<\/p>\n\n\n\n<p>Det er avgj\u00f8rende for demokratiet v\u00e5rt at vi har klare og forst\u00e5elige regler om finansering av politiske partier. For at folk skal kunne ha tillit til at partiene ikke har skjulte motiver og bindinger, er det n\u00f8dvendig med \u00e5penhet om hvor partiene f\u00e5r penger og annen st\u00f8tte fra. Utvalget skal gjennomf\u00f8re en helhetlig gjennomgang av partiloven for \u00e5 bidra til \u00f8kt \u00e5penhet rundt finansiering av partiene. Utvalgsarbeidet skal legge til rette for at de politiske partiene fortsatt har gode rammebetingelser og kan ivareta sin viktige oppgave i demokratiet v\u00e5rt, b\u00e5de p\u00e5 nasjonalt og lokalt niv\u00e5. Utvalget skal gjennom sitt arbeid bidra til \u00e5 sikre gode rammevilk\u00e5r for demokratiet ogs\u00e5 i kommende \u00e5r.<\/p>\n\n\n\n<h3 class=\"wp-block-heading\">2. Utvalgets mandat<\/h3>\n\n\n\n<p>Utvalget skal utarbeide forslag til et regelverk som gir partiene gode og forutsigbare rammer ogs\u00e5 i \u00e5rene fremover, samtidig som offentligheten f\u00e5r tilgang til informasjon om hvor partiene f\u00e5r sin finansiering og andre former for st\u00f8tte fra.<\/p>\n\n\n\n<p>Utvalget skal vurdere reglene for registrering av politiske partier, finansiering av partienes virksomhet og offentliggj\u00f8ring av deres inntekter. Som del av dette skal utvalget ogs\u00e5 vurdere om skillet mellom parti- og kandidatst\u00f8tte er tilstrekkelig regulert i dag, og om det b\u00f8r stilles krav om rapportering fra uregistrerte lister som stiller til valg. Utvalget skal ogs\u00e5 vurdere om det er behov for \u00e5 innf\u00f8re former for valgkampregulering, og \u00e5 vurdere om det b\u00f8r innf\u00f8res et tak p\u00e5 hvor mye private bidrag partiene kan motta. Utvalget skal dr\u00f8fte om det er \u00f8nskelig \u00e5 regulere kampanjer fra tredjeparter og anonyme akt\u00f8rer.<\/p>\n\n\n\n<p>Utvalget skal redegj\u00f8re for forholdet mellom norsk lovgivning og folkerettslige forpliktelser. Videre b\u00f8r utvalget se p\u00e5 internasjonale standarder og eksempler p\u00e5 lovgivning fra andre land.<\/p>\n\n\n\n<p>Som del av utredningen skal utvalget ogs\u00e5 g\u00e5 gjennom forvaltningen knyttet til utbetaling av partist\u00f8tte, innrapportering, inkludert kontroll- og sanksjonsmuligheter og klagemulighet.<\/p>\n\n\n\n<p>Partilovnemnda sendte 18. desember 2023 et brev til Kommunal- og distriktsdepartementet med deres vurderinger knyttet til behov for reform av partiloven. Utvalget b\u00f8r g\u00e5 gjennom disse innspillene i sitt arbeid. Utvalget st\u00e5r fritt til selv \u00e5 vurdere andre problemstillinger enn det som nevnes s\u00e6rskilt i mandatet. Tematikken har ogs\u00e5 v\u00e6rt diskutert p\u00e5 Stortinget ved flere anledninger.<\/p>\n\n\n\n<p>Utvalget skal gj\u00f8re en helhetlig gjennomgang av partiregelverket, men kan selv vurdere om det er n\u00f8dvendig \u00e5 utarbeide en helt ny partilov, eller om det er mer hensiktsmessig \u00e5 foresl\u00e5 endringer i den eksisterende loven. Utvalget skal ogs\u00e5 vurdere sammenhengen med andre relevante lover.<\/p>\n\n\n\n<h3 class=\"wp-block-heading\">3. Innretning av utvalgsarbeidet<\/h3>\n\n\n\n<p>Utvalget skal i sitt arbeid sikre at relevante innspill fra relevante akt\u00f8rer, inkludert uregistrerte og lokale lister, blir ivaretatt p\u00e5 en hensiktsmessig m\u00e5te.<\/p>\n\n\n\n<p>Lovforslaget utvalget utarbeider skal ha god struktur og v\u00e6re skrevet i et godt og klart spr\u00e5k.<\/p>\n\n\n\n<p>Lovutvalget vil f\u00e5 et eget sekretariat, administrativt tilknyttet Kommunal- og distriktsdepartementet. Lovutvalget kan ved behov innhente faglig st\u00f8tte og innspill underveis, blant annet fra ressurs- og kompetansemilj\u00f8er og relevante offentlige organer.<\/p>\n\n\n\n<p>Utvalget skal f\u00f8lge kravene i Utredningsinstruksen, herunder vurdere \u00f8konomiske, administrative og andre vesentlige konsekvenser p\u00e5 kort og lang sikt. Utvalget skal avgi sin utredning til Kommunal- og distriktsdepartementet innen 1. juni 2027.<\/p>\n\n\n\n<p><\/p>\n","protected":false},"excerpt":{"rendered":"<p>1. Bakgrunn for oppnevning av utvalget Norge er et av verdens mest demokratiske land, og i internasjonale sammenligninger sk\u00e5rer det norske politiske systemet sv\u00e6rt h\u00f8yt p\u00e5 demokratisk kvalitet langs ulike dimensjoner. Det representative systemet st\u00e5r sterkt, og de politiske partiene har en sentral rolle i det norske demokratiet b\u00e5de lokalt og nasjonalt. De fungerer som\u2026<\/p>\n","protected":false},"author":2877,"featured_media":0,"parent":0,"menu_order":0,"comment_status":"closed","ping_status":"closed","template":"","meta":{"dss_simple_post_excerpt":"","dss_show_featured_image":true,"footnotes":""},"class_list":["post-6","page","type-page","status-publish","hentry"],"language":"nb-NO","_links":{"self":[{"href":"https:\/\/nettsteder.regjeringen.no\/partilovutvalget\/wp-json\/wp\/v2\/pages\/6","targetHints":{"allow":["GET"]}}],"collection":[{"href":"https:\/\/nettsteder.regjeringen.no\/partilovutvalget\/wp-json\/wp\/v2\/pages"}],"about":[{"href":"https:\/\/nettsteder.regjeringen.no\/partilovutvalget\/wp-json\/wp\/v2\/types\/page"}],"author":[{"embeddable":true,"href":"https:\/\/nettsteder.regjeringen.no\/partilovutvalget\/wp-json\/wp\/v2\/users\/2877"}],"replies":[{"embeddable":true,"href":"https:\/\/nettsteder.regjeringen.no\/partilovutvalget\/wp-json\/wp\/v2\/comments?post=6"}],"version-history":[{"count":3,"href":"https:\/\/nettsteder.regjeringen.no\/partilovutvalget\/wp-json\/wp\/v2\/pages\/6\/revisions"}],"predecessor-version":[{"id":26,"href":"https:\/\/nettsteder.regjeringen.no\/partilovutvalget\/wp-json\/wp\/v2\/pages\/6\/revisions\/26"}],"wp:attachment":[{"href":"https:\/\/nettsteder.regjeringen.no\/partilovutvalget\/wp-json\/wp\/v2\/media?parent=6"}],"curies":[{"name":"wp","href":"https:\/\/api.w.org\/{rel}","templated":true}]}}