{"id":9,"date":"2022-03-21T14:38:16","date_gmt":"2022-03-21T13:38:16","guid":{"rendered":"https:\/\/nettsteder.regjeringen.no\/nksi\/?page_id=9"},"modified":"2022-05-11T14:28:21","modified_gmt":"2022-05-11T12:28:21","slug":"pamelding","status":"publish","type":"page","link":"https:\/\/nettsteder.regjeringen.no\/nksi\/pamelding\/","title":{"rendered":"P\u00e5melding"},"content":{"rendered":"\n<p>P\u00e5meldingen til konferansen er n\u00e5 \u00e5pen! <\/p>\n\n\n\n<p>Konferansen er gratis, men p\u00e5melding kreves. Du kan melde deg p\u00e5 med fysisk eller digital deltakelse.&nbsp;For fysisk deltakelse er det begrensning p\u00e5 plasser og kun bekreftede p\u00e5meldinger vil f\u00e5 mulighet til \u00e5 delta fysisk. Hver organisasjon kan stille med maks en representant. Du vil motta endelig p\u00e5melding p\u00e5 e-post etter p\u00e5meldingsfristen.<\/p>\n\n\n\n<p>For p\u00e5melding, f\u00f8lg denne lenka: <a href=\"https:\/\/egencia.qondor.com\/AID7juni\">https:\/\/egencia.qondor.com\/AID7juni<\/a><\/p>\n","protected":false},"excerpt":{"rendered":"<p>P\u00e5meldingen til konferansen er n\u00e5 \u00e5pen! Konferansen er gratis, men p\u00e5melding kreves. Du kan melde deg p\u00e5 med fysisk eller digital deltakelse.&nbsp;For fysisk deltakelse er det begrensning p\u00e5 plasser og kun bekreftede p\u00e5meldinger vil f\u00e5 mulighet til \u00e5 delta fysisk. Hver organisasjon kan stille med maks en representant. Du vil motta endelig p\u00e5melding p\u00e5 e-post\u2026<\/p>\n","protected":false},"author":2877,"featured_media":0,"parent":0,"menu_order":0,"comment_status":"closed","ping_status":"closed","template":"","meta":{"dss_simple_post_excerpt":"","dss_show_featured_image":true,"dss_show_title":false,"footnotes":""},"class_list":["post-9","page","type-page","status-publish","hentry"],"language":"nb-NO","_links":{"self":[{"href":"https:\/\/nettsteder.regjeringen.no\/nksi\/wp-json\/wp\/v2\/pages\/9","targetHints":{"allow":["GET"]}}],"collection":[{"href":"https:\/\/nettsteder.regjeringen.no\/nksi\/wp-json\/wp\/v2\/pages"}],"about":[{"href":"https:\/\/nettsteder.regjeringen.no\/nksi\/wp-json\/wp\/v2\/types\/page"}],"author":[{"embeddable":true,"href":"https:\/\/nettsteder.regjeringen.no\/nksi\/wp-json\/wp\/v2\/users\/2877"}],"replies":[{"embeddable":true,"href":"https:\/\/nettsteder.regjeringen.no\/nksi\/wp-json\/wp\/v2\/comments?post=9"}],"version-history":[{"count":3,"href":"https:\/\/nettsteder.regjeringen.no\/nksi\/wp-json\/wp\/v2\/pages\/9\/revisions"}],"predecessor-version":[{"id":107,"href":"https:\/\/nettsteder.regjeringen.no\/nksi\/wp-json\/wp\/v2\/pages\/9\/revisions\/107"}],"wp:attachment":[{"href":"https:\/\/nettsteder.regjeringen.no\/nksi\/wp-json\/wp\/v2\/media?parent=9"}],"curies":[{"name":"wp","href":"https:\/\/api.w.org\/{rel}","templated":true}]}}