{"id":137,"date":"2025-04-09T10:08:52","date_gmt":"2025-04-09T08:08:52","guid":{"rendered":"https:\/\/nettsteder.regjeringen.no\/isu\/?page_id=137"},"modified":"2025-10-24T12:32:52","modified_gmt":"2025-10-24T10:32:52","slug":"pamelding","status":"publish","type":"page","link":"https:\/\/nettsteder.regjeringen.no\/isu\/pamelding\/","title":{"rendered":"Forskerseminar"},"content":{"rendered":"\n<p>27. juni 2025 arrangerte Innovasjons- og samskapingsutvalget et forskerseminar i Oslo, med over 50 deltakere fra akademia, kommuner og interesseorganisasjoner.&nbsp;M\u00e5let med seminaret var \u00e5 f\u00e5 bedre innsikt i ulike temaer, kunnskapsdeling og diskusjon.<\/p>\n\n\n\n<p>Som en del av forskerseminaret mottok utvalget f\u00f8lgende forskningsnotater:<\/p>\n\n\n\n<ul class=\"wp-block-list is-layout-flow wp-block-list-is-layout-flow\">\n<li>Aastvedt, Ailin og Westeren, Ingelin (2025). <a href=\"https:\/\/files.nettsteder.regjeringen.no\/wpuploads01\/sites\/585\/2025\/10\/Aastvedt-og-Westeren.pdf\" data-type=\"URL\">Samskaping i norske kommuner \u2013 Hva vet vi om effekten?<\/a> Telemarksforskning. TF-notat 29\/2025.<\/li>\n\n\n\n<li>Andfossen, Nina Beate (2025). <a href=\"https:\/\/files.nettsteder.regjeringen.no\/wpuploads01\/sites\/585\/2025\/10\/Andfossen.pdf\" data-type=\"URL\">Hva vet vi om sivilsamfunnets bidrag til gode omsorgsfellesskap i lokalsamfunn?<\/a> Notat. Senter for omsorgsforskning \u00f8st.<\/li>\n\n\n\n<li>Haldar, Marit (2025). <a href=\"https:\/\/files.nettsteder.regjeringen.no\/wpuploads01\/sites\/585\/2025\/10\/Haldar.pdf\" data-type=\"URL\">Hvordan f\u00e5 til et mer mangfoldig samskapingslag i arbeidet med utvikling av omsorgstjenestene?<\/a> Refleksjonsnotat. OsloMet.<\/li>\n\n\n\n<li>F\u00f8rland, Oddvar og Tuntland, Hanne (2025). <a href=\"https:\/\/files.nettsteder.regjeringen.no\/wpuploads01\/sites\/585\/2025\/10\/Forland-og-Tuntland.pdf\" data-type=\"URL\">Hvordan g\u00e5r det egentlig med hverdagsrehabiliteringen &#8211; egentlig?<\/a> H\u00f8gskulen p\u00e5 Vestlandet. HVL-notat nr. 2 2025<\/li>\n\n\n\n<li>Radlick, Rebecca Lynn, Sveinsdottir, Vigdis og Fyhn, Tonje (2025). <a href=\"https:\/\/files.nettsteder.regjeringen.no\/wpuploads01\/sites\/585\/2025\/10\/Radlick-Sveinsdottir-og-Fyhn.pdf\" data-type=\"URL\">Effekter av tverrsektorielle tiltak for \u00e5 motvirke utenforskap.<\/a> Notat. NORCE Helse og samfunn.<\/li>\n\n\n\n<li>R\u00f8nning, Rolf (2025). <a href=\"https:\/\/files.nettsteder.regjeringen.no\/wpuploads01\/sites\/585\/2025\/10\/Ronning.pdf\" data-type=\"URL\">Omsorg p\u00e5 randen? Om regulatoriske hemmere og fremmere for innovasjon og samskaping.<\/a> Notat til innovasjons- og samskapingsutvalget.<\/li>\n<\/ul>\n\n\n\n<p>Seminaret b\u00f8d p\u00e5 et variert program hvor temaene dekket sentrale deler av mandatet til utvalget:<\/p>\n\n\n\n<div class=\"wp-block-columns is-layout-flex wp-container-core-columns-is-layout-9d6595d7 wp-block-columns-is-layout-flex\">\n<div class=\"wp-block-column is-layout-flow wp-block-column-is-layout-flow\" style=\"flex-basis:100%\">\n<figure class=\"wp-block-table alignwide\"><table class=\"has-fixed-layout\"><tbody><tr><td><strong>Tid<\/strong><\/td><td><strong>Tema<\/strong><\/td><td><strong>Innleder<\/strong><\/td><\/tr><tr><td><sup>09.00-09.15<\/sup><\/td><td><sup>Innledning ved utvalgsleder<\/sup><\/td><td><sup>Kjell Erik \u00d8ie<\/sup><\/td><\/tr><tr><td><sup>09.15-10.00<\/sup><\/td><td><sup>Hva vet vi om effekter av samskaping i norske kommuner?<\/sup><\/td><td><sup>Ailin Aastvedt \u2013 Direkt\u00f8r\/seniorforsker (Telemarksforskning)<\/sup><\/td><\/tr><tr><td><sup>10.00-10.45<\/sup><\/td><td><sup>Hva vet vi om sivilsamfunnets bidrag til gode omsorgs-fellesskap i lokalsamfunn?&nbsp;<\/sup><\/td><td><sup>Nina Beate Andfossen &#8211; F\u00f8rsteamanuensis&nbsp;(Senter for omsorgsforskning)<\/sup><\/td><\/tr><tr><td><sup>1045-1130<\/sup><\/td><td><sup>Regulatoriske hemmere og fremmere for samskaping<\/sup><\/td><td><sup>Rolf R\u00f8nning &#8211; Professor emeritus (Universitetet i Innlandet)<\/sup><\/td><\/tr><tr><td><sup>1130-1230<\/sup><\/td><td><sup>Lunsj<\/sup><\/td><td>&nbsp;<\/td><\/tr><tr><td><sup>12.30-13.15<\/sup><\/td><td><sup>&nbsp;Hva vet vi om effekter av tverrsektorielle tiltak for \u00e5 motvirke utenforskap?<\/sup><\/td><td><sup>Rebecca Radlick \u2013 Forsker II (Norce) &nbsp;<\/sup><\/td><\/tr><tr><td><sup>13.15-14.00<\/sup><\/td><td><sup>Hvordan f\u00e5 til et mer mangfoldig samskapingslag i arbeidet med utvikling av omsorgstjenester?<\/sup><\/td><td><sup>Marit Haldar \u2013 professor (OsloMet) &nbsp;<\/sup><\/td><\/tr><tr><td><sup>14.00-1445<\/sup><\/td><td><sup>Hvordan g\u00e5r det med hverdagsrehabiliteringen \u2013 egentlig?&nbsp;<\/sup><\/td><td><sup>Oddvar F\u00f8rland \u2013 professor (Senter for omsorgsforskning)<\/sup><\/td><\/tr><tr><td><sup>14.45-15.00<\/sup><\/td><td><sup>Oppsummering ved utvalgsleder<\/sup><\/td><td><sup>Kjell Erik \u00d8ie<\/sup><\/td><\/tr><\/tbody><\/table><\/figure>\n<\/div>\n<\/div>\n\n\n\n<p><\/p>\n","protected":false},"excerpt":{"rendered":"<p>27. juni 2025 arrangerte Innovasjons- og samskapingsutvalget et forskerseminar i Oslo, med over 50 deltakere fra akademia, kommuner og interesseorganisasjoner.&nbsp;M\u00e5let med seminaret var \u00e5 f\u00e5 bedre innsikt i ulike temaer, kunnskapsdeling og diskusjon. Som en del av forskerseminaret mottok utvalget f\u00f8lgende forskningsnotater: Seminaret b\u00f8d p\u00e5 et variert program hvor temaene dekket sentrale deler av mandatet\u2026<\/p>\n","protected":false},"author":3428,"featured_media":0,"parent":0,"menu_order":0,"comment_status":"closed","ping_status":"closed","template":"","meta":{"dss_simple_post_excerpt":"","dss_show_featured_image":true,"footnotes":""},"class_list":["post-137","page","type-page","status-publish","hentry"],"language":"nb-NO","_links":{"self":[{"href":"https:\/\/nettsteder.regjeringen.no\/isu\/wp-json\/wp\/v2\/pages\/137","targetHints":{"allow":["GET"]}}],"collection":[{"href":"https:\/\/nettsteder.regjeringen.no\/isu\/wp-json\/wp\/v2\/pages"}],"about":[{"href":"https:\/\/nettsteder.regjeringen.no\/isu\/wp-json\/wp\/v2\/types\/page"}],"author":[{"embeddable":true,"href":"https:\/\/nettsteder.regjeringen.no\/isu\/wp-json\/wp\/v2\/users\/3428"}],"replies":[{"embeddable":true,"href":"https:\/\/nettsteder.regjeringen.no\/isu\/wp-json\/wp\/v2\/comments?post=137"}],"version-history":[{"count":2,"href":"https:\/\/nettsteder.regjeringen.no\/isu\/wp-json\/wp\/v2\/pages\/137\/revisions"}],"predecessor-version":[{"id":295,"href":"https:\/\/nettsteder.regjeringen.no\/isu\/wp-json\/wp\/v2\/pages\/137\/revisions\/295"}],"wp:attachment":[{"href":"https:\/\/nettsteder.regjeringen.no\/isu\/wp-json\/wp\/v2\/media?parent=137"}],"curies":[{"name":"wp","href":"https:\/\/api.w.org\/{rel}","templated":true}]}}