{"id":86,"date":"2025-10-08T15:33:46","date_gmt":"2025-10-08T13:33:46","guid":{"rendered":"https:\/\/nettsteder.regjeringen.no\/helsereformutvalget\/?page_id=86"},"modified":"2025-11-05T14:44:43","modified_gmt":"2025-11-05T13:44:43","slug":"referansegruppe","status":"publish","type":"page","link":"https:\/\/nettsteder.regjeringen.no\/helsereformutvalget\/referansegruppe\/","title":{"rendered":"Referansegruppe"},"content":{"rendered":"\n<p>Lilly Ann Elvestad, FFO (leder referansegruppen) <\/p>\n\n\n\n<p>Madli Indseth, KS<\/p>\n\n\n\n<p>Nora Thunem, Unge funksjonshemmede <\/p>\n\n\n\n<p>Anne Turid Wikdahl, Spekter<\/p>\n\n\n\n<p>Tord Dale, Virke<\/p>\n\n\n\n<p>Reidar Holst Christensen, NHO Geneo<\/p>\n\n\n\n<p>Robin&nbsp; Kirkenes Andreassen, P\u00e5r\u00f8rendealliansen Ung<\/p>\n\n\n\n<p>Anita Vatland, P\u00e5r\u00f8rendealliansen<\/p>\n\n\n\n<p>Lizzie Ruud Thorkildsen, YS<\/p>\n\n\n\n<p>Lill Sverresdatter Larsen, Unio\/Norsk Sykepleierforbund<\/p>\n\n\n\n<p>Anne-Karin Rime, Akademikerne\/Legeforeningen<\/p>\n\n\n\n<p>Trine Wigtil, SAFO<\/p>\n\n\n\n<p>Jannicke Bruvik, Pasient- og brukerombudet<\/p>\n\n\n\n<p>Kaja Marienborg, NITO<\/p>\n\n\n\n<p>Berit Br\u00f8rby, R\u00e5det for et aldersvennlig Norge<\/p>\n\n\n\n<p>G\u00f8ril Bjerkan, LO<\/p>\n\n\n\n<p>Orkidee Farzehsaeid, Ungdomsr\u00e5d <\/p>\n\n\n\n<p>Haakon Steen, Brukerrop<\/p>\n\n\n\n<p>Magne Wang Fredriksen, NCD-alliansen &nbsp; &nbsp; &nbsp;<\/p>\n","protected":false},"excerpt":{"rendered":"<p>Lilly Ann Elvestad, FFO (leder referansegruppen) Madli Indseth, KS Nora Thunem, Unge funksjonshemmede Anne Turid Wikdahl, Spekter Tord Dale, Virke Reidar Holst Christensen, NHO Geneo Robin&nbsp; Kirkenes Andreassen, P\u00e5r\u00f8rendealliansen Ung Anita Vatland, P\u00e5r\u00f8rendealliansen Lizzie Ruud Thorkildsen, YS Lill Sverresdatter Larsen, Unio\/Norsk Sykepleierforbund Anne-Karin Rime, Akademikerne\/Legeforeningen Trine Wigtil, SAFO Jannicke Bruvik, Pasient- og brukerombudet Kaja Marienborg,\u2026<\/p>\n","protected":false},"author":3485,"featured_media":0,"parent":0,"menu_order":0,"comment_status":"closed","ping_status":"closed","template":"","meta":{"dss_simple_post_excerpt":"","dss_show_featured_image":true,"dss_show_title":false,"footnotes":""},"class_list":["post-86","page","type-page","status-publish","hentry"],"language":"nb-NO","_links":{"self":[{"href":"https:\/\/nettsteder.regjeringen.no\/helsereformutvalget\/wp-json\/wp\/v2\/pages\/86","targetHints":{"allow":["GET"]}}],"collection":[{"href":"https:\/\/nettsteder.regjeringen.no\/helsereformutvalget\/wp-json\/wp\/v2\/pages"}],"about":[{"href":"https:\/\/nettsteder.regjeringen.no\/helsereformutvalget\/wp-json\/wp\/v2\/types\/page"}],"author":[{"embeddable":true,"href":"https:\/\/nettsteder.regjeringen.no\/helsereformutvalget\/wp-json\/wp\/v2\/users\/3485"}],"replies":[{"embeddable":true,"href":"https:\/\/nettsteder.regjeringen.no\/helsereformutvalget\/wp-json\/wp\/v2\/comments?post=86"}],"version-history":[{"count":3,"href":"https:\/\/nettsteder.regjeringen.no\/helsereformutvalget\/wp-json\/wp\/v2\/pages\/86\/revisions"}],"predecessor-version":[{"id":117,"href":"https:\/\/nettsteder.regjeringen.no\/helsereformutvalget\/wp-json\/wp\/v2\/pages\/86\/revisions\/117"}],"wp:attachment":[{"href":"https:\/\/nettsteder.regjeringen.no\/helsereformutvalget\/wp-json\/wp\/v2\/media?parent=86"}],"curies":[{"name":"wp","href":"https:\/\/api.w.org\/{rel}","templated":true}]}}