{"id":17,"date":"2018-01-04T09:26:41","date_gmt":"2018-01-04T08:26:41","guid":{"rendered":"https:\/\/nettsteder.regjeringen.no\/helsenaeringen\/?page_id=17"},"modified":"2019-03-27T10:50:10","modified_gmt":"2019-03-27T09:50:10","slug":"bakgrunn","status":"publish","type":"page","link":"https:\/\/nettsteder.regjeringen.no\/helsenaeringen\/bakgrunn\/","title":{"rendered":"Bakgrunn"},"content":{"rendered":"<div id=\"module-0\" class=\"hogan-module hogan-module-text hogan-module-0 text-wrap\"><div class=\"hogan-module-inner clearfix\"><p>I behandlingen av Meld. St. 27 (2016-2017) Industrien &#8211; gr\u00f8nnere, smartere og mer nyskapende ga n\u00e6ringskomiteen f\u00f8lgende enstemmige innstilling (Innst. 453 S (2016\u20132017)):<\/p>\n<p>Komiteen \u00f8nsker at det fremmes en helseindustrimelding som adresserer f\u00f8lgende punkter som et minimum:<\/p>\n<ul>\n<li>Utnytte Norges fortrinn og ha som m\u00e5l at Norge blir ledende i Europa p\u00e5 e-helse innen 2025.<\/li>\n<li>Et tydeligere innovasjonsmandat for hele helsesektoren og s\u00f8rge for mer innovasjon i offentlige anskaffelser, slik at hjemmemarkedet styrkes.<\/li>\n<li>Bedre tilrettelegging for kliniske studier og bruk av helseregistre.<\/li>\n<li>S\u00f8rge for at forskningen n\u00e5r pasientene gjennom sterkere kultur og bedre insentiver for kommersialisering.<\/li>\n<li>Styrke tilgangen til risikokapital.&raquo;<\/li>\n<\/ul>\n<p>P\u00e5 bakgrunn av dette fattet Stortinget enstemmig vedtak (anmodningsvedtak 951) om \u00e5 be regjeringen om \u00e5 fremme en stortingsmelding om helseindustrien. Meldingen vil benytter det noe videre begrepet helse<em>n\u00e6ring.<\/em> \u00c5 definere helsen\u00e6ringen mer presist vil v\u00e6re en del av meldingsarbeidet.<\/p><\/div><\/div>","protected":false},"excerpt":{"rendered":"<p>P\u00e5 bakgrunn av et anmodningsvedtak fra Stortinget skal regjeringen denne v\u00e5ren fremme en stortingsmelding om helsen\u00e6ringen.<\/p>\n","protected":false},"author":533,"featured_media":0,"parent":0,"menu_order":0,"comment_status":"closed","ping_status":"closed","template":"","meta":{"_acf_changed":false,"footnotes":""},"class_list":["post-17","page","type-page","status-publish","hentry"],"acf":[],"language":"nb-NO","_links":{"self":[{"href":"https:\/\/nettsteder.regjeringen.no\/helsenaeringen\/wp-json\/wp\/v2\/pages\/17","targetHints":{"allow":["GET"]}}],"collection":[{"href":"https:\/\/nettsteder.regjeringen.no\/helsenaeringen\/wp-json\/wp\/v2\/pages"}],"about":[{"href":"https:\/\/nettsteder.regjeringen.no\/helsenaeringen\/wp-json\/wp\/v2\/types\/page"}],"author":[{"embeddable":true,"href":"https:\/\/nettsteder.regjeringen.no\/helsenaeringen\/wp-json\/wp\/v2\/users\/533"}],"replies":[{"embeddable":true,"href":"https:\/\/nettsteder.regjeringen.no\/helsenaeringen\/wp-json\/wp\/v2\/comments?post=17"}],"version-history":[{"count":9,"href":"https:\/\/nettsteder.regjeringen.no\/helsenaeringen\/wp-json\/wp\/v2\/pages\/17\/revisions"}],"predecessor-version":[{"id":481,"href":"https:\/\/nettsteder.regjeringen.no\/helsenaeringen\/wp-json\/wp\/v2\/pages\/17\/revisions\/481"}],"wp:attachment":[{"href":"https:\/\/nettsteder.regjeringen.no\/helsenaeringen\/wp-json\/wp\/v2\/media?parent=17"}],"curies":[{"name":"wp","href":"https:\/\/api.w.org\/{rel}","templated":true}]}}