{"id":1154,"date":"2026-01-05T08:10:58","date_gmt":"2026-01-05T07:10:58","guid":{"rendered":"https:\/\/nettsteder.regjeringen.no\/helseiarbeidnav\/?page_id=23"},"modified":"2026-03-19T14:39:28","modified_gmt":"2026-03-19T13:39:28","slug":"forside-2","status":"publish","type":"page","link":"https:\/\/nettsteder.regjeringen.no\/helseiarbeid\/","title":{"rendered":"Forside"},"content":{"rendered":"\n<div class=\"wp-block-group alignfull has-background is-layout-constrained wp-container-core-group-is-layout-da5c815c wp-block-group-is-layout-constrained\" style=\"background-color:#accac4;min-height:0px\">\n<div class=\"wp-block-media-text alignwide has-media-on-the-right is-stacked-on-mobile is-vertically-aligned-center\" style=\"grid-template-columns:auto 28%\"><div class=\"wp-block-media-text__content\">\n<h1 class=\"wp-block-heading\" style=\"font-size:clamp(1.837em, 1.837rem + ((1vw - 0.2em) * 2.692), 3.2em);\">Sliter dere med h\u00f8yt sykefrav\u00e6r i bedriften?&nbsp;<\/h1>\n\n\n\n<p style=\"font-size:clamp(14.642px, 0.915rem + ((1vw - 3.2px) * 0.908), 22px);\">Mange ledere opplever at sykefrav\u00e6ret \u00f8ker, at ansatte blir lenge borte fra jobb og at tiltakene som pr\u00f8ves ikke gir varig effekt.&nbsp;<\/p>\n\n\n\n<p style=\"font-size:clamp(14.642px, 0.915rem + ((1vw - 3.2px) * 0.908), 22px);\"><strong>HelseIArbeid hjelper dere \u00e5 snu utviklingen.<\/strong>&nbsp;<\/p>\n\n\n\n<p style=\"font-size:clamp(14.642px, 0.915rem + ((1vw - 3.2px) * 0.908), 22px);\">Gjennom et strukturert samarbeid med Nav jobber dere over 3\u20136 m\u00e5neder for \u00e5 forst\u00e5 hva som ligger bak sykefrav\u00e6ret og hvilke tiltak som faktisk kan gj\u00f8re en forskjell.&nbsp;<\/p>\n\n\n\n<p style=\"font-size:clamp(14.642px, 0.915rem + ((1vw - 3.2px) * 0.908), 22px);\"><strong>Dere f\u00e5r:&nbsp;<\/strong><\/p>\n\n\n\n<ul style=\"font-size:clamp(14.642px, 0.915rem + ((1vw - 3.2px) * 0.908), 22px);\" class=\"wp-block-list is-layout-flow wp-block-list-is-layout-flow\">\n<li>\u00f8kt kunnskap om vanlige helseplager i arbeidslivet&nbsp;<\/li>\n\n\n\n<li>et felles spr\u00e5k for \u00e5 snakke om helse og arbeid&nbsp;<\/li>\n\n\n\n<li>konkrete tiltak som kan gj\u00f8re det lettere \u00e5 v\u00e6re i jobb&nbsp;<\/li>\n<\/ul>\n\n\n\n<p style=\"font-size:clamp(14.642px, 0.915rem + ((1vw - 3.2px) * 0.908), 22px);\">M\u00e5let er et arbeidsmilj\u00f8 som forebygger sykefrav\u00e6r og gj\u00f8r det enklere for ansatte \u00e5 komme tilbake i jobb.&nbsp;<\/p>\n\n\n\n<p style=\"font-size:clamp(14.642px, 0.915rem + ((1vw - 3.2px) * 0.908), 22px);\">HelseIArbeid er et samarbeid mellom Helsedirektoratet og Nav. <\/p>\n\n\n\n<div class=\"wp-block-buttons is-layout-flex wp-block-buttons-is-layout-flex\">\n<div class=\"wp-block-button is-style-big\"><a class=\"wp-block-button__link has-background wp-element-button\" href=\"https:\/\/www.nav.no\/arbeidsgiver\/navarbeidslivssenter#hvordan\" style=\"--border-color:#ed6d6e;background-color:#ed6d6e\">Ta kontakt med Nav Arbeidslivssenter<\/a><\/div>\n<\/div>\n<\/div><figure class=\"wp-block-media-text__media\"><img loading=\"lazy\" decoding=\"async\" width=\"500\" height=\"500\" src=\"https:\/\/files.nettsteder.regjeringen.no\/wpuploads01\/sites\/613\/2026\/01\/ILL_3.png\" alt=\"\" class=\"wp-image-369 size-full\" srcset=\"https:\/\/files.nettsteder.regjeringen.no\/wpuploads01\/sites\/609\/2026\/01\/ILL_3.png 500w, https:\/\/files.nettsteder.regjeringen.no\/wpuploads01\/sites\/609\/2026\/01\/ILL_3-300x300.png 300w, https:\/\/files.nettsteder.regjeringen.no\/wpuploads01\/sites\/609\/2026\/01\/ILL_3-150x150.png 150w\" sizes=\"auto, (max-width: 500px) 100vw, 500px\" \/><\/figure><\/div>\n<\/div>\n\n\n\n<div class=\"wp-block-columns alignfull has-background is-layout-flex wp-container-core-columns-is-layout-9d6595d7 wp-block-columns-is-layout-flex\" style=\"background-color:#f8f5ee\">\n<div class=\"wp-block-column is-layout-flow wp-block-column-is-layout-flow\">\n<div style=\"height:64px\" aria-hidden=\"true\" class=\"wp-block-spacer\"><\/div>\n\n\n\n<div class=\"wp-block-group alignwide is-layout-constrained wp-block-group-is-layout-constrained\">\n<div class=\"wp-block-group alignwide has-background is-layout-constrained wp-block-group-is-layout-constrained\" style=\"background-color:#f8f5ee\">\n<div class=\"wp-block-group alignwide is-layout-constrained wp-block-group-is-layout-constrained\">\n<div class=\"wp-block-group alignwide is-layout-constrained wp-block-group-is-layout-constrained\">\n<div class=\"wp-block-group alignwide is-content-justification-left is-layout-constrained wp-container-core-group-is-layout-8c890d92 wp-block-group-is-layout-constrained\"><\/div>\n<\/div>\n<\/div>\n\n\n\n<div class=\"wp-block-columns alignwide is-layout-flex wp-container-core-columns-is-layout-9d6595d7 wp-block-columns-is-layout-flex\">\n<div class=\"wp-block-column has-background is-layout-flow wp-block-column-is-layout-flow\" style=\"background-color:#accac4\">\n<h2 class=\"wp-block-heading\">Prosess tilpasset deres bedrift<\/h2>\n\n\n\n<p style=\"font-size:clamp(0.875em, 0.875rem + ((1vw - 0.2em) * 0.642), 1.2em);\">Innhold og gjennomf\u00f8ring tilpasses bedriftens behov, arbeidstid og kapasitet.<\/p>\n<\/div>\n\n\n\n<div class=\"wp-block-column has-background is-layout-flow wp-block-column-is-layout-flow\" style=\"background-color:#accac4\">\n<h2 class=\"wp-block-heading\">Tett oppf\u00f8lging fra Nav<\/h2>\n\n\n\n<p style=\"font-size:clamp(0.875em, 0.875rem + ((1vw - 0.2em) * 0.642), 1.2em);\">En dedikerte IA-r\u00e5dgiver fra Nav Arbeidslivssenter leder prosessen, og f\u00f8lger dere tett hele veien. <\/p>\n<\/div>\n\n\n\n<div class=\"wp-block-column has-background is-layout-flow wp-block-column-is-layout-flow\" style=\"background-color:#accac4\">\n<h2 class=\"wp-block-heading\">Faglig kunnskap som virker<\/h2>\n\n\n\n<p style=\"font-size:clamp(0.875em, 0.875rem + ((1vw - 0.2em) * 0.642), 1.2em);\">HelseIArbeid kan vise til gode resultater i mange virksomheter.<\/p>\n<\/div>\n\n\n\n<div class=\"wp-block-column has-background is-layout-flow wp-block-column-is-layout-flow\" style=\"background-color:#accac4\">\n<h2 class=\"wp-block-heading\"><strong><strong>An<\/strong><\/strong>satte blir en del av l\u00f8sningen<\/h2>\n\n\n\n<p style=\"font-size:clamp(0.875em, 0.875rem + ((1vw - 0.2em) * 0.642), 1.2em);\">Ledere og ansatte  utvikler tiltak sammen. Det skaper bedre forutsetninger for varig endring.<\/p>\n<\/div>\n<\/div>\n<\/div>\n<\/div>\n<\/div>\n<\/div>\n\n\n\n<div class=\"wp-block-group alignwide has-background is-layout-constrained wp-block-group-is-layout-constrained\" style=\"background-color:#f8f5ee\">\n<div class=\"wp-block-group alignwide is-content-justification-left is-layout-constrained wp-container-core-group-is-layout-8c890d92 wp-block-group-is-layout-constrained\" style=\"min-height:0px\">\n<div class=\"wp-block-group alignwide is-content-justification-left is-layout-constrained wp-container-core-group-is-layout-8c890d92 wp-block-group-is-layout-constrained\">\n<h2 class=\"wp-block-heading alignwide\" style=\"font-size:clamp(1.25em, 1.25rem + ((1vw - 0.2em) * 1.481), 2em);\">Dette er HelseIArbeid<\/h2>\n\n\n\n<div class=\"wp-block-group alignwide is-content-justification-center is-layout-constrained wp-block-group-is-layout-constrained\">\n<div class=\"wp-block-group alignwide is-content-justification-left is-layout-constrained wp-container-core-group-is-layout-8c890d92 wp-block-group-is-layout-constrained\">\n<figure class=\"wp-block-embed alignwide is-type-video is-provider-screen-9 wp-block-embed-screen-9 wp-embed-aspect-16-9 wp-has-aspect-ratio\"><div class=\"wp-block-embed__wrapper\">\n<iframe loading=\"lazy\" title=\"Nav Helse Trailer\" allow=\"autoplay; fullscreen\" allowfullscreen height=\"281\" referrerpolicy=\"no-referrer-when-downgrade\" src=\"https:\/\/qcnl.tv\/e\/4IuYSZkfQVepFHu3VgC_pA?ratio=0.5619999999999999\" style=\"border:0;\" width=\"500\"><\/iframe><script type=\"application\/ld+json\">{\"@context\": \"https:\/\/schema.org\", \"@type\": \"VideoObject\", \"description\": \"Nav Helse Trailer\", \"name\": \"Nav Helse Trailer\", \"thumbnailUrl\": [\"https:\/\/tv24.regjeringen.no\/img\/L\/V\/LVKh875YuSBdyHRAmwMs4A_fg\/thumb_6.jpg?v=0\", \"https:\/\/tv24.regjeringen.no\/img\/L\/V\/LVKh875YuSBdyHRAmwMs4A_fg\/144p_6.jpg?v=0\", \"https:\/\/tv24.regjeringen.no\/img\/L\/V\/LVKh875YuSBdyHRAmwMs4A_fg\/240p_6.jpg?v=0\", \"https:\/\/tv24.regjeringen.no\/img\/L\/V\/LVKh875YuSBdyHRAmwMs4A_fg\/360p_6.jpg?v=0\", \"https:\/\/tv24.regjeringen.no\/img\/L\/V\/LVKh875YuSBdyHRAmwMs4A_fg\/480p_6.jpg?v=0\", \"https:\/\/tv24.regjeringen.no\/img\/L\/V\/LVKh875YuSBdyHRAmwMs4A_fg\/720p_6.jpg?v=0\", \"https:\/\/tv24.regjeringen.no\/img\/L\/V\/LVKh875YuSBdyHRAmwMs4A_fg\/image_6.jpg?v=0\"], \"uploadDate\": \"2026-01-14T09:03:19Z\", \"duration\": \"PT1M17S\", \"interactionStatistic\": {\"@type\": \"InteractionCounter\", \"interactionType\": \"https:\/\/schema.org\/WatchAction\", \"userInteractionCount\": 543}, \"embedUrl\": \"https:\/\/qcnl.tv\/e\/4IuYSZkfQVepFHu3VgC_pA?ratio=0.5619999999999999\"}<\/script>\n<\/div><\/figure>\n\n\n\n<p><em>Det er ikke tillatt \u00e5 bruke filmen til kommersielle form\u00e5l, og den skal ikke deles i sosiale medier.<\/em><\/p>\n<\/div>\n<\/div>\n<\/div>\n<\/div>\n<\/div>\n\n\n\n<div class=\"wp-block-group alignwide is-content-justification-left is-layout-constrained wp-container-core-group-is-layout-8c890d92 wp-block-group-is-layout-constrained\">\n<h2 class=\"wp-block-heading alignwide has-text-align-left\" style=\"font-size:clamp(1.25em, 1.25rem + ((1vw - 0.2em) * 1.481), 2em);\">Slik fungerer HelseIArbeid i praksis<\/h2>\n\n\n\n<p style=\"font-size:clamp(0.875em, 0.875rem + ((1vw - 0.2em) * 0.642), 1.2em);\">Samarbeidet g\u00e5r over 3\u20136 m\u00e5neder og inneb\u00e6rer b\u00e5de st\u00f8tte fra Nav og aktiv deltakelse fra bedriften.<\/p>\n\n\n\n<div class=\"wp-block-columns alignfull has-background is-layout-flex wp-container-core-columns-is-layout-9d6595d7 wp-block-columns-is-layout-flex\" style=\"background-color:#f8f5ee\">\n<div class=\"wp-block-column is-layout-flow wp-block-column-is-layout-flow\">\n<div class=\"wp-block-group alignwide is-layout-constrained wp-block-group-is-layout-constrained\">\n<div class=\"wp-block-columns alignwide is-layout-flex wp-container-core-columns-is-layout-9d6595d7 wp-block-columns-is-layout-flex\">\n<div class=\"wp-block-column has-background is-layout-flow wp-block-column-is-layout-flow\" style=\"background-color:#accac4\">\n<h2 class=\"wp-block-heading\"><strong>Dette f\u00e5r dere<\/strong><\/h2>\n\n\n\n<div style=\"height:15px\" aria-hidden=\"true\" class=\"wp-block-spacer\"><\/div>\n\n\n\n<ul style=\"font-size:clamp(0.875em, 0.875rem + ((1vw - 0.2em) * 0.642), 1.2em);\" class=\"wp-block-list is-layout-flow wp-block-list-is-layout-flow\">\n<li><strong>Tett oppf\u00f8lging fra en IA-r\u00e5dgiver<\/strong><br>En prosessleder fra Nav f\u00f8lger dere gjennom hele forl\u00f8pet.<\/li>\n<\/ul>\n\n\n\n<ul style=\"font-size:clamp(0.875em, 0.875rem + ((1vw - 0.2em) * 0.642), 1.2em);\" class=\"wp-block-list is-layout-flow wp-block-list-is-layout-flow\">\n<li><strong>En strukturert prosess<\/strong><br>Et opplegg over 3\u20136 m\u00e5neder med tydelige steg og aktiviteter.<\/li>\n<\/ul>\n\n\n\n<ul style=\"font-size:clamp(0.875em, 0.875rem + ((1vw - 0.2em) * 0.642), 1.2em);\" class=\"wp-block-list is-layout-flow wp-block-list-is-layout-flow\">\n<li><strong>Verkt\u00f8y for \u00e5 involvere ansatte<\/strong><br>Metoder som gj\u00f8r det enkelt \u00e5 jobbe sammen om arbeidsmilj\u00f8et.<\/li>\n<\/ul>\n\n\n\n<ul style=\"font-size:clamp(0.875em, 0.875rem + ((1vw - 0.2em) * 0.642), 1.2em);\" class=\"wp-block-list is-layout-flow wp-block-list-is-layout-flow\">\n<li><strong>Faglig kunnskap om helse og arbeid<\/strong><br>Korte fagfilmer utviklet av spesialisthelsetjenesten som skaper refleksjon og dialog.<\/li>\n<\/ul>\n\n\n\n<ul style=\"font-size:clamp(0.875em, 0.875rem + ((1vw - 0.2em) * 0.642), 1.2em);\" class=\"wp-block-list is-layout-flow wp-block-list-is-layout-flow\">\n<li><strong>St\u00f8tte til \u00e5 utvikle tiltak<\/strong><br>Dere f\u00e5r hjelp til \u00e5 identifisere og teste tiltak som kan bidra til lavere sykefrav\u00e6r.<\/li>\n<\/ul>\n\n\n\n<div style=\"height:15px\" aria-hidden=\"true\" class=\"wp-block-spacer\"><\/div>\n<\/div>\n\n\n\n<div class=\"wp-block-column has-background is-layout-flow wp-block-column-is-layout-flow\" style=\"background-color:#accac4\">\n<h2 class=\"wp-block-heading\"><strong><strong>Dette forventes av dere<\/strong><\/strong><\/h2>\n\n\n\n<div style=\"height:15px\" aria-hidden=\"true\" class=\"wp-block-spacer\"><\/div>\n\n\n\n<p style=\"font-size:clamp(0.875em, 0.875rem + ((1vw - 0.2em) * 0.642), 1.2em);\"><\/p>\n\n\n\n<ul style=\"font-size:clamp(0.875em, 0.875rem + ((1vw - 0.2em) * 0.642), 1.2em);\" class=\"wp-block-list is-layout-flow wp-block-list-is-layout-flow\">\n<li><strong>Motivasjon for \u00e5 jobbe med arbeidsmilj\u00f8et<\/strong><br>Ledelsen m\u00e5 \u00f8nske \u00e5 jobbe systematisk med sykefrav\u00e6r og arbeidsmilj\u00f8.<\/li>\n<\/ul>\n\n\n\n<ul style=\"font-size:clamp(0.875em, 0.875rem + ((1vw - 0.2em) * 0.642), 1.2em);\" class=\"wp-block-list is-layout-flow wp-block-list-is-layout-flow\">\n<li><strong>Sette av tid til prosessen<\/strong><br>Dere m\u00e5 kunne prioritere aktivitetene som inng\u00e5r i opplegget.<\/li>\n<\/ul>\n\n\n\n<ul style=\"font-size:clamp(0.875em, 0.875rem + ((1vw - 0.2em) * 0.642), 1.2em);\" class=\"wp-block-list is-layout-flow wp-block-list-is-layout-flow\">\n<li><strong>Involvering av ansatte<\/strong><br>De ansatte deltar p\u00e5 felles m\u00f8ter (totalt ca. 4,5 timer) og bidrar i arbeidet med tiltak.<\/li>\n<\/ul>\n\n\n\n<ul style=\"font-size:clamp(0.875em, 0.875rem + ((1vw - 0.2em) * 0.642), 1.2em);\" class=\"wp-block-list is-layout-flow wp-block-list-is-layout-flow\">\n<li><strong>Etablere en partsgruppe<\/strong><br>Partsgruppen best\u00e5r av leder, tillitsvalgt og verneombud som samarbeider med IA-r\u00e5dgiver om planlegging og gjennomf\u00f8ring.<\/li>\n<\/ul>\n\n\n\n<div style=\"height:15px\" aria-hidden=\"true\" class=\"wp-block-spacer\"><\/div>\n<\/div>\n<\/div>\n<\/div>\n<\/div>\n<\/div>\n<\/div>\n\n\n\n<div class=\"wp-block-group alignwide has-background is-layout-constrained wp-block-group-is-layout-constrained\" style=\"background-color:#f8f5ee\">\n<div class=\"wp-block-group alignwide is-content-justification-left is-layout-constrained wp-container-core-group-is-layout-8c890d92 wp-block-group-is-layout-constrained\" style=\"min-height:0px\">\n<div class=\"wp-block-group alignwide is-content-justification-left is-layout-constrained wp-container-core-group-is-layout-8c890d92 wp-block-group-is-layout-constrained\">\n<h2 class=\"wp-block-heading alignwide\" style=\"font-size:clamp(1.25em, 1.25rem + ((1vw - 0.2em) * 1.481), 2em);\">Dette sier bedrifter som har deltatt i HelseIArbeid<\/h2>\n\n\n\n<div style=\"height:15px\" aria-hidden=\"true\" class=\"wp-block-spacer\"><\/div>\n\n\n\n<div class=\"wp-block-group is-content-justification-center is-layout-constrained wp-block-group-is-layout-constrained\">\n<blockquote class=\"wp-block-quote alignwide is-style-default has-large-font-size is-layout-flow wp-block-quote-is-layout-flow\">\n<p><em>\u00abVi er sv\u00e6rt forn\u00f8yde med erfaringene fra HelseIArbeid. Arbeidet har vist oss at systematisk fokus p\u00e5 arbeidsmilj\u00f8 og helse gir konkrete resultater, samtidig som det har styrket v\u00e5r kunnskap og kompetanse i arbeidet for et sunnere arbeidsliv.\u00bb<\/em><\/p>\n<cite>Mette&nbsp;Fyrsteng, seniorr\u00e5dgiver HR, Hovedorganisasjonen Virke<\/cite><\/blockquote>\n<\/div>\n<\/div>\n<\/div>\n<\/div>\n\n\n\n<div class=\"wp-block-group alignwide has-background is-layout-constrained wp-block-group-is-layout-constrained\" style=\"background-color:#f8f5ee\">\n<div class=\"wp-block-group alignwide has-text-color has-background has-link-color wp-elements-ce07c33a49ed32ab6e5eeebc344c7fe0 is-layout-constrained wp-block-group-is-layout-constrained\" style=\"color:#f8f5ee;background-color:#ed6d6e\">\n<h2 class=\"wp-block-heading alignwide has-text-align-center\" style=\"font-size:clamp(1.25em, 1.25rem + ((1vw - 0.2em) * 1.481), 2em);\">Slik kommer dere i gang med HelseIArbeid<\/h2>\n\n\n\n<p class=\"has-text-align-center\" style=\"font-size:clamp(0.875em, 0.875rem + ((1vw - 0.2em) * 0.642), 1.2em);\">Har dere h\u00f8yt sykefrav\u00e6r og \u00f8nsker \u00e5 jobbe mer systematisk med arbeidsmilj\u00f8et? Ta kontakt med Nav Arbeidslivssenter for en uforpliktende prat om hvordan HelseIArbeid kan passe for deres bedrift.<\/p>\n\n\n\n<div class=\"wp-block-buttons is-content-justification-center is-layout-flex wp-container-core-buttons-is-layout-16018d1d wp-block-buttons-is-layout-flex\">\n<div class=\"wp-block-button\"><a class=\"wp-block-button__link has-text-color has-background has-link-color wp-element-button\" href=\"https:\/\/www.nav.no\/arbeidsgiver\/navarbeidslivssenter\" style=\"--border-color:#f8f5ee;color:#2d5660;background-color:#f8f5ee;font-style:normal;font-weight:600\">Ta kontakt<\/a><\/div>\n<\/div>\n<\/div>\n<\/div>\n","protected":false},"excerpt":{"rendered":"<p>Sliter dere med h\u00f8yt sykefrav\u00e6r i bedriften?&nbsp; Mange ledere opplever at sykefrav\u00e6ret \u00f8ker, at ansatte blir lenge borte fra jobb og at tiltakene som pr\u00f8ves ikke gir varig effekt.&nbsp; HelseIArbeid hjelper dere \u00e5 snu utviklingen.&nbsp; Gjennom et strukturert samarbeid med Nav jobber dere over 3\u20136 m\u00e5neder for \u00e5 forst\u00e5 hva som ligger bak sykefrav\u00e6ret og\u2026<\/p>\n","protected":false},"author":3444,"featured_media":0,"parent":0,"menu_order":0,"comment_status":"closed","ping_status":"closed","template":"","meta":{"dss_simple_post_excerpt":"","dss_show_featured_image":true,"dss_show_title":true,"footnotes":""},"class_list":["post-1154","page","type-page","status-publish","hentry"],"language":"nb-NO","_links":{"self":[{"href":"https:\/\/nettsteder.regjeringen.no\/helseiarbeid\/wp-json\/wp\/v2\/pages\/1154","targetHints":{"allow":["GET"]}}],"collection":[{"href":"https:\/\/nettsteder.regjeringen.no\/helseiarbeid\/wp-json\/wp\/v2\/pages"}],"about":[{"href":"https:\/\/nettsteder.regjeringen.no\/helseiarbeid\/wp-json\/wp\/v2\/types\/page"}],"author":[{"embeddable":true,"href":"https:\/\/nettsteder.regjeringen.no\/helseiarbeid\/wp-json\/wp\/v2\/users\/3444"}],"replies":[{"embeddable":true,"href":"https:\/\/nettsteder.regjeringen.no\/helseiarbeid\/wp-json\/wp\/v2\/comments?post=1154"}],"version-history":[{"count":3,"href":"https:\/\/nettsteder.regjeringen.no\/helseiarbeid\/wp-json\/wp\/v2\/pages\/1154\/revisions"}],"predecessor-version":[{"id":1597,"href":"https:\/\/nettsteder.regjeringen.no\/helseiarbeid\/wp-json\/wp\/v2\/pages\/1154\/revisions\/1597"}],"wp:attachment":[{"href":"https:\/\/nettsteder.regjeringen.no\/helseiarbeid\/wp-json\/wp\/v2\/media?parent=1154"}],"curies":[{"name":"wp","href":"https:\/\/api.w.org\/{rel}","templated":true}]}}