{"id":19,"date":"2021-03-24T13:51:29","date_gmt":"2021-03-24T12:51:29","guid":{"rendered":"https:\/\/nettsteder.regjeringen.no\/gjerdrumutvalget\/?page_id=19"},"modified":"2021-11-22T15:37:42","modified_gmt":"2021-11-22T14:37:42","slug":"mandat","status":"publish","type":"page","link":"https:\/\/nettsteder.regjeringen.no\/gjerdrumutvalget\/forside\/mandat\/","title":{"rendered":"Mandat"},"content":{"rendered":"<div class=\"text-wrap post-content clearfix\"><h2>Bakgrunn:<\/h2>\n<p>Den 30. desember 2020 gikk det et stort skred som rammet bebyggelse p\u00e5 Ask i Gjerdrum kommune og f\u00f8rte til tap av ti menneskeliv<strong>.<\/strong> Det er ikke klart hva som for\u00e5rsaket skredet, men det er sl\u00e5tt fast at det var et kvikkleireskred. I etterkant av hendelsen har flere uttrykt bekymring for at slike skredulykker kan skje andre steder i landet.<\/p>\n<p>Mange av de tettest befolkede omr\u00e5dene i Norge har marin leire hvor det kan v\u00e6re kvikkleireforekomster. Det er s\u00e6rlig mye kvikkleire p\u00e5 \u00d8stlandet og i Tr\u00f8ndelag, men det finnes ogs\u00e5 kvikkleire andre steder i landet. Kvikkleireomr\u00e5der med potensiell skredfare blir kartlagt p\u00e5 regionalt niv\u00e5. Det bor over 100 000 mennesker innenfor de 2 300 kartlagte kvikkleiresonene. For \u00e5 finne den reelle risikoen for kvikkleireskred, m\u00e5 det gj\u00f8res mer detaljerte utredninger.<\/p>\n<p>&nbsp;<\/p>\n<h2>Mandat<\/h2>\n<p><em>Vedtatt gjennom Kongelig resolusjon i Statsr\u00e5d 5. februar 2021.<\/em><\/p>\n<p>Med bakgrunn i hendelsen og et \u00f8nske om \u00e5 unders\u00f8ke hvordan man bedre kan forebygge slike hendelser, legger Olje- og energidepartementet fram forslag om at det nedsettes et offentlig ekspertutvalg. Olje- og energidepartementet har utarbeidet mandatet for utvalget i samarbeid med Kommunal- og moderniseringsdepartementet og Justis- og beredskapsdepartementet. Form\u00e5let med utredningen er \u00e5 finne \u00e5rsakene til kvikkleirskredet i Gjerdrum og vurdere l\u00e6ringspunkter som kan bedre arbeidet med \u00e5 forebygge slike skredulykker.<\/p>\n<p><strong>Utvalget skal levere en delrapport i august 2021* og en samlet utredning innen 31. januar <\/strong><strong>2022*<\/strong><\/p>\n<p>Ved sammensetning av utvalget er det viktig \u00e5 dekke flere fagfelt for \u00e5 unders\u00f8ke \u00e5rsaksforholdene og vurdere tiltak for \u00e5 forebygge ulykker med kvikkleireskred. Utvalget er sammensatt med representanter som har erfaring fra forskning, utredning og forvaltning. Olje- og energidepartementet gis myndighet til \u00e5 foreta mindre vesentlige endringer i utvalgets mandat og oppnevne sekretariat for utvalget. Utvalget kan engasjere ekstern ekspertise ved behov. Kj\u00f8nnsfordelingen i utvalget er i samsvar med likestillings- og diskrimineringsloven.<\/p>\n<p>Utvalgets sekretariat legges til Olje- og energidepartementet. Sekretariatsleder skal v\u00e6re ekstern. Kommunal- og moderniseringsdepartementet, Justis- og beredskapsdepartementet, Norsk institutt for bio\u00f8konomi og Norges vassdrags- og energidirektorat deltar i tillegg i sekretariatet.<\/p>\n<p><a href=\"https:\/\/www.regjeringen.no\/contentassets\/c989dc2b69ef4550b99f8184d7dff165\/kgl.res-oppnevning-av-utvalg-som-skal-gjennomga-arsakene-til-skredet-i-gjerdrum-og-arbeidet-med-forebygging-av-kvikkleireskred-l1211947-002.pdf\">Lenke til Kongelig resolusjon<\/a>.<\/p>\n<p>*<em>Utvalget fikk utsatt frist for \u00e5 levere delrapporten til september 2021.<\/em><\/p>\n<p><em>*Utvalget fikk utsatt frist for \u00e5 levere en samlet utredning (NOU) innen 31. mars 2022.\u00a0<\/em><\/p>\n<\/div>","protected":false},"excerpt":{"rendered":"<p>Mandat for det eksterne ekspertutvalget som skal unders\u00f8ke \u00e5rsakene til kvikkleireskredet i Gjerdrum 30. desember 2020, og vurdere tiltak for &#8230;<\/p>\n","protected":false},"author":2761,"featured_media":0,"parent":9,"menu_order":0,"comment_status":"closed","ping_status":"closed","template":"","meta":{"_acf_changed":false,"footnotes":""},"class_list":["post-19","page","type-page","status-publish","hentry"],"acf":[],"language":"nb-NO","_links":{"self":[{"href":"https:\/\/nettsteder.regjeringen.no\/gjerdrumutvalget\/wp-json\/wp\/v2\/pages\/19","targetHints":{"allow":["GET"]}}],"collection":[{"href":"https:\/\/nettsteder.regjeringen.no\/gjerdrumutvalget\/wp-json\/wp\/v2\/pages"}],"about":[{"href":"https:\/\/nettsteder.regjeringen.no\/gjerdrumutvalget\/wp-json\/wp\/v2\/types\/page"}],"author":[{"embeddable":true,"href":"https:\/\/nettsteder.regjeringen.no\/gjerdrumutvalget\/wp-json\/wp\/v2\/users\/2761"}],"replies":[{"embeddable":true,"href":"https:\/\/nettsteder.regjeringen.no\/gjerdrumutvalget\/wp-json\/wp\/v2\/comments?post=19"}],"version-history":[{"count":4,"href":"https:\/\/nettsteder.regjeringen.no\/gjerdrumutvalget\/wp-json\/wp\/v2\/pages\/19\/revisions"}],"predecessor-version":[{"id":348,"href":"https:\/\/nettsteder.regjeringen.no\/gjerdrumutvalget\/wp-json\/wp\/v2\/pages\/19\/revisions\/348"}],"up":[{"embeddable":true,"href":"https:\/\/nettsteder.regjeringen.no\/gjerdrumutvalget\/wp-json\/wp\/v2\/pages\/9"}],"wp:attachment":[{"href":"https:\/\/nettsteder.regjeringen.no\/gjerdrumutvalget\/wp-json\/wp\/v2\/media?parent=19"}],"curies":[{"name":"wp","href":"https:\/\/api.w.org\/{rel}","templated":true}]}}