{"id":46,"date":"2025-02-27T14:22:02","date_gmt":"2025-02-27T13:22:02","guid":{"rendered":"https:\/\/nettsteder.regjeringen.no\/fryu\/?page_id=46"},"modified":"2025-10-22T12:52:18","modified_gmt":"2025-10-22T10:52:18","slug":"faglig-rad-for-handverk-design-og-produktutvikling-2","status":"publish","type":"page","link":"https:\/\/nettsteder.regjeringen.no\/fryu\/faglig-rad-for-handverk-design-og-produktutvikling-2\/","title":{"rendered":"Faglig r\u00e5d for h\u00e5ndverk, design og produktutvikling"},"content":{"rendered":"\n<div class=\"wp-block-buttons is-content-justification-left is-layout-flex wp-container-core-buttons-is-layout-c6581bc1 wp-block-buttons-is-layout-flex\">\n<div class=\"wp-block-button has-custom-width wp-block-button__width-50 is-style-default\"><a class=\"wp-block-button__link has-text-align-center wp-element-button\" href=\"https:\/\/nettsteder.regjeringen.no\/fryu\/faglig-rad-for-handverk-design-og-produktutvikling-2\/moter-og-referater\/\" style=\"border-radius:100px\" target=\"_blank\" rel=\"noreferrer noopener\">M\u00f8ter og referater<\/a><\/div>\n<\/div>\n\n\n<p><strong>Medlemmer\u00a0<\/strong><\/p>\n<p>Natasha Bj\u00f8rnset Reksten, Virke<br \/>Solveig Grinder, NHO Service og Handel<br \/>Egil Sundet, NHO Norsk Industri<br \/>Malin Lunde Andersen, LO Fellesforbundet<br \/>Halvard Leirvik, LO Fagforbundet<br \/>Simen Skr\u00f8vseth Tranulis, YS Delta, Kulturforbundet<br \/>Alexander G\u00fcnther LO, Fagforbundet<br \/>Asle Bakken LO, Styrke <br \/>Tor Marius Torgersen, Utdanningsforbundet<br \/>Torill Gaarder, Utdanningsforbundet<br \/>Bj\u00f8rn Arne Nordahl, Skolenes Landsforbund<br \/>J\u00f8rn Olav Bekkelund, KS skoleeier<br \/>Jan Kristian Vestfjord, KS skoleeier<br \/>Gry-Kristina Fors Spein, S\u00e1miid Doudji<br \/>Sofie Gismevik Andersen, Elevorganisasjonen<\/p>\n<p><strong>Observat\u00f8rer\u00a0<\/strong><\/p>\n<p>Kjetil Storeheier Norheim, Norsk H\u00e5ndverksinstitutt<br \/>Anne Lise Fl\u00f8ttum, Kulturdirektoratet<br \/>Aase Hogfeldt-Esskevik, Riksantikvaren<\/p>\n<p><strong>Varamedlemmer\u00a0<\/strong><\/p>\n<p>Linda Vist, NHO Service og Handel<br \/>Bj\u00f8rn-Gunnar Eliasen, NHO Norsk Industri<br \/>Ola Svensson, LO Creo<br \/>Kristine Omlid, LO Fagforbundet<br \/>Einar Hanisch, YS Delta<br \/>Kjersti Eckhoff, LO Fagforbundet<br \/>Frode \u00d8stby, LO Styrke <br \/>Marianne Monsrud, Utdanningsforbundet\u00a0<br \/>Astrid Sund Utdanningsforbundet<br \/>Christina Evelyn Jahr, Skolenes Landsforbund<br \/>Marianne Alfsen, KS skoleeier<br \/>Anders H\u00f8lnes Edvardsen, KS skoleeier<br \/>Inga Maybritt Bongo, S\u00e1miid Doudji<\/p>\n<p><strong>Observat\u00f8rer vara\u00a0<\/strong><br \/>Einar Stamnes, Norsk H\u00e5ndverksinstitutt<br \/>Olga Wisniewska, Kulturdirektoratet<\/p>\n<p><em>Fagansvarlig i sekretatariatet er Jorunn Teien Leegaard, jorle@udir.no<\/em><\/p>\n\n\n<div class=\"wp-block-columns is-layout-flex wp-container-core-columns-is-layout-9d6595d7 wp-block-columns-is-layout-flex\">\n<div class=\"wp-block-column is-layout-flow wp-block-column-is-layout-flow\" style=\"flex-basis:33.33%\"><\/div>\n\n\n\n<div class=\"wp-block-column is-layout-flow wp-block-column-is-layout-flow\" style=\"flex-basis:66.66%\"><\/div>\n<\/div>\n\n\n\n<p><\/p>\n","protected":false},"excerpt":{"rendered":"<p>Medlemmer\u00a0 Natasha Bj\u00f8rnset Reksten, VirkeSolveig Grinder, NHO Service og HandelEgil Sundet, NHO Norsk IndustriMalin Lunde Andersen, LO FellesforbundetHalvard Leirvik, LO FagforbundetSimen Skr\u00f8vseth Tranulis, YS Delta, KulturforbundetAlexander G\u00fcnther LO, FagforbundetAsle Bakken LO, Styrke Tor Marius Torgersen, UtdanningsforbundetTorill Gaarder, UtdanningsforbundetBj\u00f8rn Arne Nordahl, Skolenes LandsforbundJ\u00f8rn Olav Bekkelund, KS skoleeierJan Kristian Vestfjord, KS skoleeierGry-Kristina Fors Spein, S\u00e1miid DoudjiSofie Gismevik\u2026<\/p>\n","protected":false},"author":2877,"featured_media":0,"parent":0,"menu_order":0,"comment_status":"closed","ping_status":"closed","template":"","meta":{"dss_simple_post_excerpt":"","dss_show_breadcrumbs":false,"dss_show_featured_image":true,"dss_show_title":false,"footnotes":""},"class_list":["post-46","page","type-page","status-publish","hentry"],"language":"nb-NO","_links":{"self":[{"href":"https:\/\/nettsteder.regjeringen.no\/fryu\/wp-json\/wp\/v2\/pages\/46","targetHints":{"allow":["GET"]}}],"collection":[{"href":"https:\/\/nettsteder.regjeringen.no\/fryu\/wp-json\/wp\/v2\/pages"}],"about":[{"href":"https:\/\/nettsteder.regjeringen.no\/fryu\/wp-json\/wp\/v2\/types\/page"}],"author":[{"embeddable":true,"href":"https:\/\/nettsteder.regjeringen.no\/fryu\/wp-json\/wp\/v2\/users\/2877"}],"replies":[{"embeddable":true,"href":"https:\/\/nettsteder.regjeringen.no\/fryu\/wp-json\/wp\/v2\/comments?post=46"}],"version-history":[{"count":3,"href":"https:\/\/nettsteder.regjeringen.no\/fryu\/wp-json\/wp\/v2\/pages\/46\/revisions"}],"predecessor-version":[{"id":366,"href":"https:\/\/nettsteder.regjeringen.no\/fryu\/wp-json\/wp\/v2\/pages\/46\/revisions\/366"}],"wp:attachment":[{"href":"https:\/\/nettsteder.regjeringen.no\/fryu\/wp-json\/wp\/v2\/media?parent=46"}],"curies":[{"name":"wp","href":"https:\/\/api.w.org\/{rel}","templated":true}]}}