{"id":40,"date":"2025-02-27T14:21:23","date_gmt":"2025-02-27T13:21:23","guid":{"rendered":"https:\/\/nettsteder.regjeringen.no\/fryu\/?page_id=40"},"modified":"2025-09-11T13:31:08","modified_gmt":"2025-09-11T11:31:08","slug":"faglig-rad-for-helse-og-oppvekstfag","status":"publish","type":"page","link":"https:\/\/nettsteder.regjeringen.no\/fryu\/faglig-rad-for-helse-og-oppvekstfag\/","title":{"rendered":"Faglig r\u00e5d for helse- og oppvekstfag"},"content":{"rendered":"\n<div class=\"wp-block-buttons is-layout-flex wp-block-buttons-is-layout-flex\">\n<div class=\"wp-block-button has-custom-width wp-block-button__width-50 is-style-default\"><a class=\"wp-block-button__link wp-element-button\" href=\"https:\/\/nettsteder.regjeringen.no\/fryu\/faglig-rad-for-helse-og-oppvekstfag\/moter-og-referater-3\/\" style=\"border-radius:100px\" target=\"_blank\" rel=\"noreferrer noopener\">M\u00f8ter og referater<\/a><\/div>\n<\/div>\n\n\n<p><strong>Medlemmer<\/strong><\/p>\n<p>Silje Paulsen, Spekter<br \/>Eva Aronsen,\u00a0 Virke<br \/>Katrine Lee Blomstr\u00f8m,\u00a0 KS\u00a0<br \/>Tone Beate Trones, KS\u00a0<br \/>Vibeke Scheele Moe, NHO Service og handel, Norges fris\u00f8r- og velv\u00e6rebedrifter<br \/>Einar Hanisch, YS Delta<br \/>Bodil R\u00f8kke, YS Parat Farmasiforbundet<br \/>Tonje Thorbj\u00f8rnsen, LO Fagforbundet<br \/>Ingri Bj\u00f8rnevik, LO Fagforbundet<br \/>Helge Sporsheim, LO<br \/>Tord Reiersen Kommedal, Utdanningsforbundet<br \/>Kine Arnesen, Utdanningsforbundet<br \/>Siv Anita Prest\u00f8y, Skolenes Landsforbund<br \/>Catrine Utne Pettersen, KS, skoleeier<br \/>Anette Granlund Haukanes, KS, skoleeier<br \/>Zaid Norzai, Elevorganisasjonen\u00a0<\/p>\n<p><strong>Observat\u00f8r <\/strong><\/p>\n<p>Tone Hee \u00c5ker, Helsedirektoratet <\/p>\n<p><strong>Varamedlemmer\u00a0<\/strong><\/p>\n<p>Nina Lystad, Spekter<br \/>Odd Joar Svensson, Virke<br \/>S\u00f8lvi Kaland Sture, KS\u00a0<br \/>Isabell Renate \u00d8deg\u00e5rden, NHO Service og handel, Norges fris\u00f8r- og velv\u00e6rebedrifter Bente Svenum, YS Delta<br \/>Daniel B\u00f8hn Rayner, YS Delta<br \/>Eskild Hustvedt, LO Fagforbundet<br \/>Morten Lindhard, LO Fagforbundet<br \/>Oscar Aaslund Hovin, LO Fagforbundet<br \/>G\u00f8ril Stokke Nordlie, Utdanningsforbundet<br \/>Carina Aalberg, Utdanningsforbundet<br \/>Elisabeth Johnsen Vaa, Skolenes Landsforbund<br \/>St\u00e5le \u00d8strem, KS skoleeier<br \/>Malin Skeie,\u00a0 KS, skoleeier<br \/>Lennart Lee Lock, Helsedirektoratet<\/p>\n<p><em>Fagansvarlig i sekretariatet er Sanja Jakobson, sanja.jakobson@udir.no\u00a0<\/em><\/p>","protected":false},"excerpt":{"rendered":"<p>Medlemmer Silje Paulsen, SpekterEva Aronsen,\u00a0 VirkeKatrine Lee Blomstr\u00f8m,\u00a0 KS\u00a0Tone Beate Trones, KS\u00a0Vibeke Scheele Moe, NHO Service og handel, Norges fris\u00f8r- og velv\u00e6rebedrifterEinar Hanisch, YS DeltaBodil R\u00f8kke, YS Parat FarmasiforbundetTonje Thorbj\u00f8rnsen, LO FagforbundetIngri Bj\u00f8rnevik, LO FagforbundetHelge Sporsheim, LOTord Reiersen Kommedal, UtdanningsforbundetKine Arnesen, UtdanningsforbundetSiv Anita Prest\u00f8y, Skolenes LandsforbundCatrine Utne Pettersen, KS, skoleeierAnette Granlund Haukanes, KS, skoleeierZaid Norzai,\u2026<\/p>\n","protected":false},"author":2877,"featured_media":0,"parent":0,"menu_order":0,"comment_status":"closed","ping_status":"closed","template":"","meta":{"dss_simple_post_excerpt":"","dss_show_breadcrumbs":false,"dss_show_featured_image":true,"dss_show_title":false,"footnotes":""},"class_list":["post-40","page","type-page","status-publish","hentry"],"language":"nb-NO","_links":{"self":[{"href":"https:\/\/nettsteder.regjeringen.no\/fryu\/wp-json\/wp\/v2\/pages\/40","targetHints":{"allow":["GET"]}}],"collection":[{"href":"https:\/\/nettsteder.regjeringen.no\/fryu\/wp-json\/wp\/v2\/pages"}],"about":[{"href":"https:\/\/nettsteder.regjeringen.no\/fryu\/wp-json\/wp\/v2\/types\/page"}],"author":[{"embeddable":true,"href":"https:\/\/nettsteder.regjeringen.no\/fryu\/wp-json\/wp\/v2\/users\/2877"}],"replies":[{"embeddable":true,"href":"https:\/\/nettsteder.regjeringen.no\/fryu\/wp-json\/wp\/v2\/comments?post=40"}],"version-history":[{"count":3,"href":"https:\/\/nettsteder.regjeringen.no\/fryu\/wp-json\/wp\/v2\/pages\/40\/revisions"}],"predecessor-version":[{"id":326,"href":"https:\/\/nettsteder.regjeringen.no\/fryu\/wp-json\/wp\/v2\/pages\/40\/revisions\/326"}],"wp:attachment":[{"href":"https:\/\/nettsteder.regjeringen.no\/fryu\/wp-json\/wp\/v2\/media?parent=40"}],"curies":[{"name":"wp","href":"https:\/\/api.w.org\/{rel}","templated":true}]}}