{"id":37,"date":"2025-02-27T14:21:11","date_gmt":"2025-02-27T13:21:11","guid":{"rendered":"https:\/\/nettsteder.regjeringen.no\/fryu\/?page_id=37"},"modified":"2025-09-29T10:42:25","modified_gmt":"2025-09-29T08:42:25","slug":"faglig-rad-for-frisor-blomster-interior-og-eksponeringsdesign","status":"publish","type":"page","link":"https:\/\/nettsteder.regjeringen.no\/fryu\/faglig-rad-for-frisor-blomster-interior-og-eksponeringsdesign\/","title":{"rendered":"Faglig r\u00e5d for fris\u00f8r, blomster, interi\u00f8r og eksponeringsdesign"},"content":{"rendered":"\n<div class=\"wp-block-buttons is-layout-flex wp-block-buttons-is-layout-flex\">\n<div class=\"wp-block-button has-custom-width wp-block-button__width-50 is-style-default\"><a class=\"wp-block-button__link has-text-align-center wp-element-button\" href=\"https:\/\/nettsteder.regjeringen.no\/fryu\/faglig-rad-for-frisor-blomster-interior-og-eksponeringsdesign\/moter-og-referater\/\" style=\"border-radius:100px\" target=\"_blank\" rel=\"noreferrer noopener\">M\u00f8ter og referater<\/a><\/div>\n<\/div>\n\n\n<p><strong>Medlemmer<\/strong><\/p>\n<p>Jan Kristian Pettersen, NHO Service og Handel,Norske fris\u00f8r- og velv\u00e6rebedrifter<br \/>Mirja Rahm, Virke<br \/>Anita Hope, NHO Service og Handel<br \/>Janne Ottersen Fraas, LO Fagforbundet<br \/>Eva Sharp, LO Fagforbundet<br \/>Kim Visnes,\u00a0 LO Handel og Kontor i Norge<br \/>Trond Halvorsen, Utdanningsforbundet<br \/>Hege Vestb\u00f8 S\u00e6tre, Utdanningsforbundet<br \/>Brith Antonsen, Skolenes Landsforbund<br \/>Synn\u00f8ve Dolven, KS skoleeier<br \/>Cecilie Bang Donal,i KS skoleeier<br \/>August \u00d8stby, Elevorganisasjonen<\/p>\n<p><strong>Varamedlemmer\u00a0<\/strong><\/p>\n<p>Stine Therese Gislerud, NHO Service og Handel &#8211; Norske fris\u00f8r og velv\u00e6rebedrifter<br \/>Karina Haugberg, NHO Service og Handel<br \/>Vivian Jacobsen, LO Fagforbundet<br \/>Per Ragnar Karlsen, LO Fagforbundet<br \/>Silje Kjellesvik Norheim, LO (Handel og Kontor i Norge)<br \/>Hanne T\u00f8ftum,\u00a0 Utdanningsforbundet<br \/>Charles Rojahn, Utdanningsforbundet<br \/>Kjersti Thommesen, Skolenes Landsforbund<br \/>Olav Horne KS, skoleeier<br \/>Knut Kristensen KS, skoleeier<\/p>\n<p><em>Fagansvarlig i sekretariatet er Jorunn Teien Leegard,\u00a0 jorle@udir.no<\/em><\/p>","protected":false},"excerpt":{"rendered":"<p>Medlemmer Jan Kristian Pettersen, NHO Service og Handel,Norske fris\u00f8r- og velv\u00e6rebedrifterMirja Rahm, VirkeAnita Hope, NHO Service og HandelJanne Ottersen Fraas, LO FagforbundetEva Sharp, LO FagforbundetKim Visnes,\u00a0 LO Handel og Kontor i NorgeTrond Halvorsen, UtdanningsforbundetHege Vestb\u00f8 S\u00e6tre, UtdanningsforbundetBrith Antonsen, Skolenes LandsforbundSynn\u00f8ve Dolven, KS skoleeierCecilie Bang Donal,i KS skoleeierAugust \u00d8stby, Elevorganisasjonen Varamedlemmer\u00a0 Stine Therese Gislerud, NHO Service\u2026<\/p>\n","protected":false},"author":2877,"featured_media":0,"parent":0,"menu_order":0,"comment_status":"closed","ping_status":"closed","template":"","meta":{"dss_simple_post_excerpt":"","dss_show_breadcrumbs":false,"dss_show_featured_image":true,"dss_show_title":false,"footnotes":""},"class_list":["post-37","page","type-page","status-publish","hentry"],"language":"nb-NO","_links":{"self":[{"href":"https:\/\/nettsteder.regjeringen.no\/fryu\/wp-json\/wp\/v2\/pages\/37","targetHints":{"allow":["GET"]}}],"collection":[{"href":"https:\/\/nettsteder.regjeringen.no\/fryu\/wp-json\/wp\/v2\/pages"}],"about":[{"href":"https:\/\/nettsteder.regjeringen.no\/fryu\/wp-json\/wp\/v2\/types\/page"}],"author":[{"embeddable":true,"href":"https:\/\/nettsteder.regjeringen.no\/fryu\/wp-json\/wp\/v2\/users\/2877"}],"replies":[{"embeddable":true,"href":"https:\/\/nettsteder.regjeringen.no\/fryu\/wp-json\/wp\/v2\/comments?post=37"}],"version-history":[{"count":3,"href":"https:\/\/nettsteder.regjeringen.no\/fryu\/wp-json\/wp\/v2\/pages\/37\/revisions"}],"predecessor-version":[{"id":357,"href":"https:\/\/nettsteder.regjeringen.no\/fryu\/wp-json\/wp\/v2\/pages\/37\/revisions\/357"}],"wp:attachment":[{"href":"https:\/\/nettsteder.regjeringen.no\/fryu\/wp-json\/wp\/v2\/media?parent=37"}],"curies":[{"name":"wp","href":"https:\/\/api.w.org\/{rel}","templated":true}]}}