{"id":195,"date":"2025-09-08T10:56:23","date_gmt":"2025-09-08T08:56:23","guid":{"rendered":"https:\/\/nettsteder.regjeringen.no\/fryu\/?page_id=195"},"modified":"2026-04-07T14:06:18","modified_gmt":"2026-04-07T12:06:18","slug":"moter-og-referater","status":"publish","type":"page","link":"https:\/\/nettsteder.regjeringen.no\/fryu\/faglig-rad-for-salg-service-og-reiseliv\/moter-og-referater\/","title":{"rendered":"M\u00f8ter og referater FRSSR"},"content":{"rendered":"\n<figure class=\"wp-block-table\"><table class=\"has-fixed-layout\"><tbody><tr><td><strong>2026<\/strong><\/td><td><\/td><\/tr><tr><td>R\u00e5dsm\u00f8te 9.februar <\/td><td>M\u00f8te avlyst<\/td><\/tr><tr><td>R\u00e5dsm\u00f8te 13.april <\/td><td><a href=\"https:\/\/files.nettsteder.regjeringen.no\/wpuploads01\/sites\/582\/2026\/04\/Dagsorden-og-sakspapirer-FRSSR-13.04.26.pdf\" data-type=\"URL\">Agenda og sakspapirer<\/a> <br>Referat <\/td><\/tr><tr><td>R\u00e5dsm\u00f8te 9.juni <\/td><td>Agenda og sakspapirer <br>Referat <\/td><\/tr><tr><td><\/td><td><\/td><\/tr><tr><td><\/td><td><\/td><\/tr><tr><td><\/td><td><\/td><\/tr><\/tbody><\/table><\/figure>\n\n\n\n<figure class=\"wp-block-table\"><table class=\"has-fixed-layout\"><tbody><tr><td><strong>2025<\/strong><\/td><td><\/td><\/tr><tr><td>Konstituerende m\u00f8te 24.september<\/td><td><a href=\"https:\/\/files.nettsteder.regjeringen.no\/wpuploads01\/sites\/582\/2025\/10\/Referat-fra-konstituerende-mote-i-FRSSR-24.09.25.pdf\" data-type=\"URL\">Referat<\/a><\/td><\/tr><tr><td>R\u00e5dsm\u00f8te 21.oktober <\/td><td><a href=\"https:\/\/files.nettsteder.regjeringen.no\/wpuploads01\/sites\/582\/2025\/11\/Referat-FRSSR-21.10.25.pdf\" data-type=\"URL\">Referat <\/a><\/td><\/tr><tr><td>R\u00e5dsm\u00f8te 8.desember <\/td><td><a href=\"https:\/\/files.nettsteder.regjeringen.no\/wpuploads01\/sites\/582\/2025\/12\/FRSSR-referat-08.12.25.pdf\" data-type=\"URL\">Referat<\/a><\/td><\/tr><\/tbody><\/table><\/figure>\n\n\n\n<p><\/p>\n","protected":false},"excerpt":{"rendered":"<p>2026 R\u00e5dsm\u00f8te 9.februar M\u00f8te avlyst R\u00e5dsm\u00f8te 13.april Agenda og sakspapirer Referat R\u00e5dsm\u00f8te 9.juni Agenda og sakspapirer Referat 2025 Konstituerende m\u00f8te 24.september Referat R\u00e5dsm\u00f8te 21.oktober Referat R\u00e5dsm\u00f8te 8.desember Referat<\/p>\n","protected":false},"author":2877,"featured_media":0,"parent":58,"menu_order":0,"comment_status":"closed","ping_status":"closed","template":"","meta":{"dss_simple_post_excerpt":"","dss_show_breadcrumbs":false,"dss_show_featured_image":true,"dss_show_title":false,"footnotes":""},"class_list":["post-195","page","type-page","status-publish","hentry"],"language":"nb-NO","_links":{"self":[{"href":"https:\/\/nettsteder.regjeringen.no\/fryu\/wp-json\/wp\/v2\/pages\/195","targetHints":{"allow":["GET"]}}],"collection":[{"href":"https:\/\/nettsteder.regjeringen.no\/fryu\/wp-json\/wp\/v2\/pages"}],"about":[{"href":"https:\/\/nettsteder.regjeringen.no\/fryu\/wp-json\/wp\/v2\/types\/page"}],"author":[{"embeddable":true,"href":"https:\/\/nettsteder.regjeringen.no\/fryu\/wp-json\/wp\/v2\/users\/2877"}],"replies":[{"embeddable":true,"href":"https:\/\/nettsteder.regjeringen.no\/fryu\/wp-json\/wp\/v2\/comments?post=195"}],"version-history":[{"count":3,"href":"https:\/\/nettsteder.regjeringen.no\/fryu\/wp-json\/wp\/v2\/pages\/195\/revisions"}],"predecessor-version":[{"id":545,"href":"https:\/\/nettsteder.regjeringen.no\/fryu\/wp-json\/wp\/v2\/pages\/195\/revisions\/545"}],"up":[{"embeddable":true,"href":"https:\/\/nettsteder.regjeringen.no\/fryu\/wp-json\/wp\/v2\/pages\/58"}],"wp:attachment":[{"href":"https:\/\/nettsteder.regjeringen.no\/fryu\/wp-json\/wp\/v2\/media?parent=195"}],"curies":[{"name":"wp","href":"https:\/\/api.w.org\/{rel}","templated":true}]}}