{"id":22,"date":"2021-08-26T14:57:21","date_gmt":"2021-08-26T12:57:21","guid":{"rendered":"https:\/\/nettsteder.regjeringen.no\/folkehogskoleutvalget\/?page_id=22"},"modified":"2021-12-21T14:45:26","modified_gmt":"2021-12-21T13:45:26","slug":"medlemmer","status":"publish","type":"page","link":"https:\/\/nettsteder.regjeringen.no\/folkehogskoleutvalget\/medlemmer\/","title":{"rendered":"Medlemmer"},"content":{"rendered":"<div class=\"text-wrap post-content clearfix\"><p>&nbsp;<\/p>\n<figure id=\"attachment_110\" style=\"max-width: 670px;\" class=\"wp-caption alignnone size-large\"><img loading=\"lazy\" decoding=\"async\" class=\"wp-image-110 \" src=\"https:\/\/files.nettsteder.regjeringen.no\/wpuploads01\/sites\/478\/2021\/11\/Bilde_av_utvalget_web-1024x608.jpg\" alt=\"gruppebilde av utvalget\" width=\"670\" height=\"398\" srcset=\"https:\/\/files.nettsteder.regjeringen.no\/wpuploads01\/sites\/478\/2021\/11\/Bilde_av_utvalget_web-1024x608.jpg 1024w, https:\/\/files.nettsteder.regjeringen.no\/wpuploads01\/sites\/478\/2021\/11\/Bilde_av_utvalget_web-300x178.jpg 300w, https:\/\/files.nettsteder.regjeringen.no\/wpuploads01\/sites\/478\/2021\/11\/Bilde_av_utvalget_web-768x456.jpg 768w, https:\/\/files.nettsteder.regjeringen.no\/wpuploads01\/sites\/478\/2021\/11\/Bilde_av_utvalget_web-1536x912.jpg 1536w, https:\/\/files.nettsteder.regjeringen.no\/wpuploads01\/sites\/478\/2021\/11\/Bilde_av_utvalget_web-335x199.jpg 335w, https:\/\/files.nettsteder.regjeringen.no\/wpuploads01\/sites\/478\/2021\/11\/Bilde_av_utvalget_web-670x398.jpg 670w, https:\/\/files.nettsteder.regjeringen.no\/wpuploads01\/sites\/478\/2021\/11\/Bilde_av_utvalget_web.jpg 2000w\" sizes=\"auto, (max-width: 670px) 100vw, 670px\" \/><figcaption class=\"wp-caption-text\">\u00d8verst til venstre: Nina Volckmar, Astrid Elisabeth Moen, Gunnar Birkeland, Mats Kirkebirkeland, Rasmus Dyrvig Henriksen, Per Armand Thorbj\u00f8rnsen. Nederst til venstre: Samuel Massie, Rode Margrete Hegstad, Thea Stormo Solberg, Irene Kinunda Afriyie<\/figcaption><\/figure>\n<h4>Leder Rode Margrete Hegstad, student (Oslo)<\/h4>\n<p>Hegstad er leder for Folkeh\u00f8yskoleutvalget. Hun er tidligere styreleder for Landsr\u00e5det for Norges Barne- og Ungdomsorganisasjoner (LNU) hvor hun jobbet med barn og unges rett til \u00e5 bli h\u00f8rt og mulighet til \u00e5 delta i fritidsaktiviteter. Hegstad ledet styrets arbeid, var arbeidsgiver for generalsekret\u00e6r og talsperson for LNU fra 2017-2020. Hun har tidligere v\u00e6rt styremedlem og nestleder i samme organisasjon, og var valgt inn som representant for Frikirkens Barn og Unge (FriBU). Hegstad har ogs\u00e5 bakgrunn fra KrFU, og har v\u00e6rt bystyrerepresentant i Sandefjord for KrF i perioden 2011-2015. Hun g\u00e5r for tiden siste \u00e5ret p\u00e5 psykologstudiet ved UiO.<\/p>\n<h4>Gunnar Birkeland, styreleder (Birkenes)<\/h4>\n<p>Engasjert folkeh\u00f8gskolemann med 16 \u00e5rs fartstid som rektor p\u00e5 FHS S\u00f8rlandet og flere \u00e5rs erfaring fra ulike styreverv i folkeh\u00f8gskoleorganisasjonene. For tiden inne i en 4-\u00e5rsperiode som leder av Noregs Kristelege Folkeh\u00f8gskolelag og skiftesvis som leder og nestleder i Folkeh\u00f8gskoler\u00e5det. Brenner for at unge mennesker skal oppleve en meningsfull sammenheng \u00e5 v\u00e6re et helt menneske i.<\/p>\n<h4>Thea Stormo Solberg, filmprodusent (Bjerkvik)<\/h4>\n<p>Solberg var elev og stipendiat ved Vefsn folkeh\u00f8gskole 2017-2018 og 2018-2019. Thea gikk p\u00e5 linjen \u00abNettserie\u00bb og kommer fra Bjerkvik i Narvik, Nordland. Hun er allsidig,<br \/>\nkreativ, dedikert til det sosiale, inkluderende og omsorgsfull. Opptatt av rettferdighet og<br \/>\nlikhet uansett kj\u00f8nn, rase og religion. Solberg var nylig student ved Noroff School of<br \/>\ntechnology and digital media i Oslo, n\u00e5 jobber hun innenfor tv-og filmproduksjoner\u00a0i Oslo.<\/p>\n<h4>Astrid Elisabeth Moen, assisterende rektor (Inder\u00f8y)<\/h4>\n<p>Moen er assisterende rektor ved Sund folkeh\u00f8gskole i Inder\u00f8y, Tr\u00f8ndelag. Sund er en frilynt folkeh\u00f8gskole, og den eldste folkeh\u00f8gskolen i drift i Norge. Astrid Moen er statsviter, og har bakgrunn fra NRK Tr\u00f8ndelag der hun jobbet som journalist og redaksjonssjef. I tillegg til jobben som assisterende rektor er hun valgobservat\u00f8r og tar p\u00e5 seg oppdrag i utlandet for NORDEM.<\/p>\n<h4>Samuel Massie, programleder (Bergen)<\/h4>\n<p>Et \u00e5r p\u00e5 folkeh\u00f8gskole ble redningen for den skoletr\u00f8tte skulkeren Samuel. To \u00e5r senere har han skrevet testamentet og st\u00e5r til rors p\u00e5 seilskuta \u00abBerserk\u00bb med kurs for Sydpolen. Da skuta og tre av kameratene forsvant ble livet totalt snudd p\u00e5 hodet. Gjennom et verdensomspennende mediestyr klarte Samuel likevel \u00e5 snu det negative i livet sitt til noe positivt og den siste tiden har han f\u00e5tt mest oppmerksomhet for TV-programmet \u00abSamuel og Bestefar\u00bb. Siden 2014 har Massie holdt foredrag for skoler og bedrifter.<\/p>\n<h4>Nina Volckmar, professor (Trondheim)<\/h4>\n<p>Nina Volckmar er professor i pedagogikk ved Institutt for pedagogikk og livslang l\u00e6ring (IPL) ved Norges teknisk-naturvitenskapelige universitet (NTNU). Hennes fagfelt er utdanningshistorie og utdanningspolitikk, med s\u00e6rlig vekt p\u00e5 norsk skolehistorie og grunnskolen som samfunnsintegrerende institusjon. Danningsaspektet har v\u00e6rt et gjennomg\u00e5ende tema. Volckmar har ogs\u00e5 publisert noen historisk-komparative studier. Volckmar er i utgangspunktet utdannet som l\u00e6rer og har jobbet i grunnskolen i 12 \u00e5r f\u00f8r hun entret universitetet.<\/p>\n<h4>Erik Brekken, Kompetanse- og n\u00e6ringsdirekt\u00f8r (\u00c5ndalsnes)<\/h4>\n<p>Brekken har en fortid i ulike lederstillinger i n\u00e6ringslivet f\u00f8r det i januar 2012 ble et bytte til det fylkeskommunale. Han startet som rektor ved Rauma videreg\u00e5ende p\u00e5 \u00c5ndalsnes. Har siden den gang v\u00e6rt fylkesutdanningssjef\u00a0 i vel fire \u00e5r og jobber n\u00e5 som kompetanse \u2013 og n\u00e6ringsdirekt\u00f8r i M\u00f8re og Romsdal fylkeskommune.\u00a0Fritiden blir mye brukt til ulike aktiviteter som inneb\u00e6rer bevegelse.<\/p>\n<figure id=\"attachment_127\" style=\"max-width: 167px;\" class=\"wp-caption alignnone\"><img loading=\"lazy\" decoding=\"async\" class=\" wp-image-127\" src=\"https:\/\/files.nettsteder.regjeringen.no\/wpuploads01\/sites\/478\/2021\/12\/Fylkesutdanningssjef-Erik-Brekken-225x300.jpg\" alt=\"\" width=\"167\" height=\"223\" srcset=\"https:\/\/files.nettsteder.regjeringen.no\/wpuploads01\/sites\/478\/2021\/12\/Fylkesutdanningssjef-Erik-Brekken-225x300.jpg 225w, https:\/\/files.nettsteder.regjeringen.no\/wpuploads01\/sites\/478\/2021\/12\/Fylkesutdanningssjef-Erik-Brekken-335x446.jpg 335w, https:\/\/files.nettsteder.regjeringen.no\/wpuploads01\/sites\/478\/2021\/12\/Fylkesutdanningssjef-Erik-Brekken.jpg 554w\" sizes=\"auto, (max-width: 167px) 100vw, 167px\" \/><figcaption class=\"wp-caption-text\">Erik Brekken<\/figcaption><\/figure>\n<h4>Per Armand Thorbj\u00f8rnsen, styreleder (Stavanger)<\/h4>\n<p>Thorbj\u00f8rnsen er utdannet ved det norske Diakonhjem, har tatt videreutdannelse b\u00e5de p\u00e5 Diakonhjemmet og H\u00f8gskolen i Stavanger. Har arbeidet som leder ved Rogaland A Senter og Stiftelsen Psykiatrisk Opplysning i til sammen n\u00e6rmere tredve \u00e5r. Han har v\u00e6rt kommunalr\u00e5d i Stavanger kommune for Venstre. Han har tidligere v\u00e6rt elev ved R\u00f8nningen Folkeh\u00f8yskole. I dag arbeider han bl. a. ved introduksjonsprogrammet for flyktninger i Time og Klepp kommune og er med i styret i ulike frivillige organisasjoner\/ stiftelser.<\/p>\n<h4>Irene Kinunda Afriyie, akt\u00f8ransvarlig (Bergen)<\/h4>\n<p>Afriyie er konferansier og samfunnsdebattant, og skriver blant annet for Bergens Tidende. Hun jobber til daglig i Fargespill som akt\u00f8ransvarlig. Irene kom til Norge som FN-flyktning fra Kongo. Jakten p\u00e5 forbilder i Norge ble til en mastergrad der hun har kartlagt flerkulturelle kvinner i ledende posisjoner for \u00e5 finne ut hva som har v\u00e6rt deres suksessfaktorer.<\/p>\n<h4>Rasmus Dyrvig Henriksen, viserektor (\u00c5rhus)<\/h4>\n<p>Henriksen jobber som viserektor p\u00e5 Testrup Folkeh\u00f8gskole i Danmark. Han har tidligere v\u00e6rt ansatt i Utdanningsdirektoratet og Kunnskapsdepartementet i Norge hvor han blant annet jobbet med yrkesfaglig utdanning. Han er ogs\u00e5 tidligere folkeh\u00f8gskoleelev selv.<\/p>\n<h4>Mats Andr\u00e9 Kirkebirkeland, r\u00e5dgiver (Oslo)<\/h4>\n<p>Kirkebirkeland jobber som r\u00e5dgiver for den liberale tankesmien Civita. Han har studert finans ved Handelsh\u00f8yskolen BI i Oslo, og har fagbrev i akvakultur fra Fusa VGS. Han er aktiv i H\u00f8yre og har ogs\u00e5 hatt tillitsverv i andre organisasjoner. Kirkebirkeland var med i Stoltenbergutvalget som unders\u00f8kte kj\u00f8nnsforskjeller i skoleprestasjoner og utdanningsl\u00f8p.<\/p>\n<h4>Christian Tynning Bj\u00f8rn\u00f8 (Sandefjord)<\/h4>\n<p>Bj\u00f8rn\u00f8 jobber som Konfliktsr\u00e5dsleder i S\u00f8r-\u00d8st, og har tidligere v\u00e6rt daglig leder av Folkeh\u00f8gskoler\u00e5det. Christian satt p\u00e5 stortinget for Arbeiderpartiet i perioden fra 2013-2017 og var medlem av Kirke-, utdannings- og forskningskomiteen.<\/p>\n<figure id=\"attachment_126\" style=\"max-width: 211px;\" class=\"wp-caption alignnone\"><img loading=\"lazy\" decoding=\"async\" class=\" wp-image-126\" src=\"https:\/\/files.nettsteder.regjeringen.no\/wpuploads01\/sites\/478\/2021\/12\/Christian-WEB-Foto-Svein-Finneide-8-1024x960-1-300x281.jpg\" alt=\"\" width=\"211\" height=\"198\" srcset=\"https:\/\/files.nettsteder.regjeringen.no\/wpuploads01\/sites\/478\/2021\/12\/Christian-WEB-Foto-Svein-Finneide-8-1024x960-1-300x281.jpg 300w, https:\/\/files.nettsteder.regjeringen.no\/wpuploads01\/sites\/478\/2021\/12\/Christian-WEB-Foto-Svein-Finneide-8-1024x960-1-768x720.jpg 768w, https:\/\/files.nettsteder.regjeringen.no\/wpuploads01\/sites\/478\/2021\/12\/Christian-WEB-Foto-Svein-Finneide-8-1024x960-1-335x314.jpg 335w, https:\/\/files.nettsteder.regjeringen.no\/wpuploads01\/sites\/478\/2021\/12\/Christian-WEB-Foto-Svein-Finneide-8-1024x960-1-670x628.jpg 670w, https:\/\/files.nettsteder.regjeringen.no\/wpuploads01\/sites\/478\/2021\/12\/Christian-WEB-Foto-Svein-Finneide-8-1024x960-1.jpg 1024w\" sizes=\"auto, (max-width: 211px) 100vw, 211px\" \/><figcaption class=\"wp-caption-text\">Christian Tynning Bj\u00f8rn\u00f8<\/figcaption><div class=\"aria-controls-wrapper photo-credits-wrapper\" style=\"padding-top: 93.75%\"><div class=\"credits-description\" id=\"credits-description-w9835aek\" tabindex=\"-1\" aria-labelledby=\"credits-description-w9835aek_label\" aria-hidden=\"true\"><div class=\"photographer\">Foto: Svein Finneide<\/div><\/div><button type=\"button\" role=\"button\" aria-haspopup=\"true\" aria-expanded=\"false\" id=\"credits-description-w9835aek_label\" aria-controls=\"credits-description-w9835aek\" class=\"credits-toggle\"><span class=\"screen-reader-text\">\u00c5pen<\/span><\/button><\/div><\/figure>\n<\/div>","protected":false},"excerpt":{"rendered":"<p>F\u00f8lgende utvalgsmedlemmer ble oppnevnt av Kongen i statsr\u00e5d 18. juni 2021:<\/p>\n","protected":false},"author":2877,"featured_media":0,"parent":0,"menu_order":0,"comment_status":"closed","ping_status":"closed","template":"","meta":{"_acf_changed":false,"footnotes":""},"class_list":["post-22","page","type-page","status-publish","hentry"],"acf":[],"language":"nb-NO","_links":{"self":[{"href":"https:\/\/nettsteder.regjeringen.no\/folkehogskoleutvalget\/wp-json\/wp\/v2\/pages\/22","targetHints":{"allow":["GET"]}}],"collection":[{"href":"https:\/\/nettsteder.regjeringen.no\/folkehogskoleutvalget\/wp-json\/wp\/v2\/pages"}],"about":[{"href":"https:\/\/nettsteder.regjeringen.no\/folkehogskoleutvalget\/wp-json\/wp\/v2\/types\/page"}],"author":[{"embeddable":true,"href":"https:\/\/nettsteder.regjeringen.no\/folkehogskoleutvalget\/wp-json\/wp\/v2\/users\/2877"}],"replies":[{"embeddable":true,"href":"https:\/\/nettsteder.regjeringen.no\/folkehogskoleutvalget\/wp-json\/wp\/v2\/comments?post=22"}],"version-history":[{"count":4,"href":"https:\/\/nettsteder.regjeringen.no\/folkehogskoleutvalget\/wp-json\/wp\/v2\/pages\/22\/revisions"}],"predecessor-version":[{"id":134,"href":"https:\/\/nettsteder.regjeringen.no\/folkehogskoleutvalget\/wp-json\/wp\/v2\/pages\/22\/revisions\/134"}],"wp:attachment":[{"href":"https:\/\/nettsteder.regjeringen.no\/folkehogskoleutvalget\/wp-json\/wp\/v2\/media?parent=22"}],"curies":[{"name":"wp","href":"https:\/\/api.w.org\/{rel}","templated":true}]}}