{"id":9,"date":"2018-10-09T11:24:49","date_gmt":"2018-10-09T09:24:49","guid":{"rendered":"https:\/\/nettsteder.regjeringen.no\/etikkinformasjonsutvalget\/?page_id=9"},"modified":"2019-04-02T09:14:16","modified_gmt":"2019-04-02T07:14:16","slug":"etikkinformasjonsutvalget","status":"publish","type":"page","link":"https:\/\/nettsteder.regjeringen.no\/etikkinformasjonsutvalget\/","title":{"rendered":"Etikkinformasjonsutvalget"},"content":{"rendered":"<div class=\"text-wrap post-content clearfix\"><p>Utvalget skal vurdere om n\u00e6ringsdrivende b\u00f8r p\u00e5legges en informasjonsplikt om samfunnsansvar og oppf\u00f8lging av leverand\u00f8rkjeder. P\u00e5 denne siden kan du lese mer om utvalgets arbeid og gi dine innspill.<\/p>\n<\/div><div id=\"module-0\" class=\"hogan-module hogan-module-simple_posts hogan-module-0\"><div class=\"hogan-module-inner text-wrap\"><h2 class=\"hogan-heading\">Aktuelle saker<\/h2>\t<ul class=\"list-items card-type-small\">\n\t\t\t\t\t<li class=\"list-item\">\n\t\t\t\t<a href=\"https:\/\/nettsteder.regjeringen.no\/etikkinformasjonsutvalget\/2019\/11\/29\/forslag-til-lov-om-virksomheters-apenhet-om-leverandorkjeder-kunnskapsplikt-og-aktsomhetsvurderinger\/\">\n\t\t\t\t\t\t\t\t\t\t<div class=\"column\">\n\t\t\t\t\t\t<h2 class=\"entry-title\">Forslag til lov om virksomheters \u00e5penhet om leverand\u00f8rkjeder, kunnskapsplikt og aktsomhetsvurderinger<\/h2>\t\t\t\t\t\t<div class=\"entry-summary\"><p>Etikkinformasjonsutvalget overleverte 28. november 2019 sin utredning til Barne- og familiedepartementet. Utvalget har siden august 2018 gjennomf\u00f8rt en bred kartlegging ...<\/p><\/div>\t\t\t\t\t\t\t\t\t\t\t<\/div>\n\t\t\t\t<\/a>\n\t\t\t<\/li>\n\t\t\t\t\t<li class=\"list-item\">\n\t\t\t\t<a href=\"https:\/\/nettsteder.regjeringen.no\/etikkinformasjonsutvalget\/2019\/11\/26\/overlevering-av-etikkinformasjonsutvalgets-utredning-og-lovforslag\/\">\n\t\t\t\t\t\t\t\t\t\t<div class=\"column\">\n\t\t\t\t\t\t<h2 class=\"entry-title\">Overlevering av Etikkinformasjonsutvalgets utredning og lovforslag<\/h2>\t\t\t\t\t\t<div class=\"entry-summary\"><p>Torsdag 28. november overleverer Etikkinformasjonsutvalget sin utredning til forbrukerminister Kjell Ingolf Ropstad.<\/p><\/div>\t\t\t\t\t\t\t\t\t\t\t<\/div>\n\t\t\t\t<\/a>\n\t\t\t<\/li>\n\t\t\t\t\t<li class=\"list-item\">\n\t\t\t\t<a href=\"https:\/\/nettsteder.regjeringen.no\/etikkinformasjonsutvalget\/2019\/09\/04\/endring-av-utvalgets-mandat-utforming-av-lovforslag\/\">\n\t\t\t\t\t\t\t\t\t\t<div class=\"column\">\n\t\t\t\t\t\t<h2 class=\"entry-title\">Endring av utvalgets mandat \u2013 utforming av lovforslag<\/h2>\t\t\t\t\t\t<div class=\"entry-summary\"><p>Departementet har i brev 27. august 2019 formidlet til Etikkinformasjonsutvalget en endring i utvalgets mandat. Departementet har besluttet at utvalget ...<\/p><\/div>\t\t\t\t\t\t\t\t\t\t\t<\/div>\n\t\t\t\t<\/a>\n\t\t\t<\/li>\n\t\t\t\t\t<li class=\"list-item\">\n\t\t\t\t<a href=\"https:\/\/nettsteder.regjeringen.no\/etikkinformasjonsutvalget\/2019\/06\/24\/etikkinformasjonsutvalgets-statusrapport-juni-2019\/\">\n\t\t\t\t\t\t\t\t\t\t<div class=\"column\">\n\t\t\t\t\t\t<h2 class=\"entry-title\">Etikkinformasjonsutvalgets statusrapport \u2013 juni 2019<\/h2>\t\t\t\t\t\t<div class=\"entry-summary\"><p>Etikkinformasjonsutvalget har avgitt en forel\u00f8pig rapport om utvalgets arbeid til Barne- og familiedepartementet i henhold til mandatets del A.<\/p><\/div>\t\t\t\t\t\t\t\t\t\t\t<\/div>\n\t\t\t\t<\/a>\n\t\t\t<\/li>\n\t\t\t\t\t<li class=\"list-item\">\n\t\t\t\t<a href=\"https:\/\/nettsteder.regjeringen.no\/etikkinformasjonsutvalget\/2019\/06\/24\/utvalgsmote-13-juni-informasjonsplikter\/\">\n\t\t\t\t\t\t\t\t\t\t<div class=\"column\">\n\t\t\t\t\t\t<h2 class=\"entry-title\">Utvalgsm\u00f8te 13. juni: informasjonsplikter<\/h2>\t\t\t\t\t\t<div class=\"entry-summary\"><p>Etikkinformasjonsutvalget avholdt 13. juni sitt siste utvalgsm\u00f8te f\u00f8r sommeren. Hovedpunktet p\u00e5 agendaen var diskusjon rundt ulike modeller for en informasjonsplikt. ...<\/p><\/div>\t\t\t\t\t\t\t\t\t\t\t<\/div>\n\t\t\t\t<\/a>\n\t\t\t<\/li>\n\t\t\t\t\t<li class=\"list-item\">\n\t\t\t\t<a href=\"https:\/\/nettsteder.regjeringen.no\/etikkinformasjonsutvalget\/2019\/06\/24\/utvalgsmote-14-15-mai-i-bergen\/\">\n\t\t\t\t\t\t\t\t\t\t<div class=\"column\">\n\t\t\t\t\t\t<h2 class=\"entry-title\">Utvalgsm\u00f8te 14.-15. mai i Bergen<\/h2>\t\t\t\t\t\t<div class=\"entry-summary\"><p>Etikkinformasjonsutvalget avholdt utvalgsm\u00f8te i Bergen 14.-15. mai. Med Norges Handelsh\u00f8yskole (NHH) som base m\u00f8tte utvalget en rekke lokale bedrifter, hovedsakelig ...<\/p><\/div>\t\t\t\t\t\t\t\t\t\t\t<\/div>\n\t\t\t\t<\/a>\n\t\t\t<\/li>\n\t\t\t\t\t<li class=\"list-item\">\n\t\t\t\t<a href=\"https:\/\/nettsteder.regjeringen.no\/etikkinformasjonsutvalget\/2019\/05\/09\/utvalgsmote-25-4-handel-og-leverandorstyring\/\">\n\t\t\t\t\t\t\t\t\t\t<div class=\"column\">\n\t\t\t\t\t\t<h2 class=\"entry-title\">Utvalgsm\u00f8te 25. april: handel og leverand\u00f8rstyring<\/h2>\t\t\t\t\t\t<div class=\"entry-summary\"><p>Etikkinformasjonsutvalget avholdt utvalgsm\u00f8te 25. april om blant annet handel og leverand\u00f8rstyring.<\/p><\/div>\t\t\t\t\t\t\t\t\t\t\t<\/div>\n\t\t\t\t<\/a>\n\t\t\t<\/li>\n\t\t\t\t\t<li class=\"list-item\">\n\t\t\t\t<a href=\"https:\/\/nettsteder.regjeringen.no\/etikkinformasjonsutvalget\/2019\/05\/09\/globale-leverandorkjeder-studiereise-til-kina\/\">\n\t\t\t\t\t\t\t\t\t\t<div class=\"column\">\n\t\t\t\t\t\t<h2 class=\"entry-title\">Globale leverand\u00f8rkjeder &#8211; studiereise til Kina<\/h2>\t\t\t\t\t\t<div class=\"entry-summary\"><p>Utvalgsmedlemmer og sekretariatet reiste i slutten av mars 2019 p\u00e5 studiereise til Kina. Form\u00e5let med reisen var \u00e5 l\u00e6re mer ...<\/p><\/div>\t\t\t\t\t\t\t\t\t\t\t<\/div>\n\t\t\t\t<\/a>\n\t\t\t<\/li>\n\t\t\t\t\t<li class=\"list-item\">\n\t\t\t\t<a href=\"https:\/\/nettsteder.regjeringen.no\/etikkinformasjonsutvalget\/2019\/04\/02\/utvalgsmote-14-mars-oppfolging-av-leverandorkjeder\/\">\n\t\t\t\t\t\t\t\t\t\t<div class=\"column\">\n\t\t\t\t\t\t<h2 class=\"entry-title\">Utvalgsm\u00f8te 14. mars: oppf\u00f8lging av leverand\u00f8rkjeder<\/h2>\t\t\t\t\t\t<div class=\"entry-summary\"><p>Etikkinformasjonsutvalget avholdt utvalgsm\u00f8te 14. mars med fokus p\u00e5 ulike forretningsforbindelser og oppf\u00f8lging av leverand\u00f8rkjeder\/verdikjeder.<\/p><\/div>\t\t\t\t\t\t\t\t\t\t\t<\/div>\n\t\t\t\t<\/a>\n\t\t\t<\/li>\n\t\t\t\t\t<li class=\"list-item\">\n\t\t\t\t<a href=\"https:\/\/nettsteder.regjeringen.no\/etikkinformasjonsutvalget\/2019\/04\/02\/dialogmote-med-medlemmer-av-virke-og-ieh-1-mars\/\">\n\t\t\t\t\t\t\t\t\t\t<div class=\"column\">\n\t\t\t\t\t\t<h2 class=\"entry-title\">Dialogm\u00f8te med medlemmer av Virke og IEH 1. mars<\/h2>\t\t\t\t\t\t<div class=\"entry-summary\"><p>Virke, Initiativ for etisk handel (IEH) og Etikkinformasjonsutvalget inviterte 1. mars medlemmer av Virke og IEH til dialogm\u00f8te. Sm\u00e5, mellomstore ...<\/p><\/div>\t\t\t\t\t\t\t\t\t\t\t<\/div>\n\t\t\t\t<\/a>\n\t\t\t<\/li>\n\t\t\t\t\t<li class=\"list-item\">\n\t\t\t\t<a href=\"https:\/\/nettsteder.regjeringen.no\/etikkinformasjonsutvalget\/2019\/02\/20\/dialogmote-hos-nho-14-februar\/\">\n\t\t\t\t\t\t\t\t\t\t<div class=\"column\">\n\t\t\t\t\t\t<h2 class=\"entry-title\">Dialogm\u00f8te hos NHO 14. februar<\/h2>\t\t\t\t\t\t<div class=\"entry-summary\"><p>14. februar inviterte NHO og Etikkinformasjonsutvalget til dialogm\u00f8te med enkelte n\u00e6ringslivsakt\u00f8rer.<\/p><\/div>\t\t\t\t\t\t\t\t\t\t\t<\/div>\n\t\t\t\t<\/a>\n\t\t\t<\/li>\n\t\t\t\t\t<li class=\"list-item\">\n\t\t\t\t<a href=\"https:\/\/nettsteder.regjeringen.no\/etikkinformasjonsutvalget\/2019\/02\/20\/utvalgsmote-4-februar-forbrukerhensyn-merkeordninger-og-kampanjer\/\">\n\t\t\t\t\t\t\t\t\t\t<div class=\"column\">\n\t\t\t\t\t\t<h2 class=\"entry-title\">Utvalgsm\u00f8te 4. februar: forbrukerhensyn, merkeordninger og kampanjer<\/h2>\t\t\t\t\t\t<div class=\"entry-summary\"><p>Etikkinformasjonsutvalget avholdt 4. februar utvalgsm\u00f8te om forbrukerhensyn. Innledere fra n\u00e6ringslivet, interesseorganisasjoner og akademia dr\u00f8ftet aktuelle problemstillinger knyttet til en mulig ...<\/p><\/div>\t\t\t\t\t\t\t\t\t\t\t<\/div>\n\t\t\t\t<\/a>\n\t\t\t<\/li>\n\t\t\t\t\t<li class=\"list-item\">\n\t\t\t\t<a href=\"https:\/\/nettsteder.regjeringen.no\/etikkinformasjonsutvalget\/2019\/02\/20\/627\/\">\n\t\t\t\t\t\t\t\t\t\t<div class=\"column\">\n\t\t\t\t\t\t<h2 class=\"entry-title\">Den britiske loven om moderne slaveri \u2013 evaluering av seksjon 54<\/h2>\t\t\t\t\t\t<div class=\"entry-summary\"><p>Det britiske innenriksdepartementet (Home Office) tok i 2018 initiativ til en uavhengig evaluering av den britiske loven om moderne slaveri. ...<\/p><\/div>\t\t\t\t\t\t\t\t\t\t\t<\/div>\n\t\t\t\t<\/a>\n\t\t\t<\/li>\n\t\t\t\t\t<li class=\"list-item\">\n\t\t\t\t<a href=\"https:\/\/nettsteder.regjeringen.no\/etikkinformasjonsutvalget\/2019\/01\/15\/apent-innspillsmote-13-desember\/\">\n\t\t\t\t\t\t\t\t\t\t<div class=\"column\">\n\t\t\t\t\t\t<h2 class=\"entry-title\">\u00c5pent innspillsm\u00f8te 13. desember<\/h2>\t\t\t\t\t\t<div class=\"entry-summary\"><p>Torsdag 13. desember inviterte Etikkinformasjonsutvalget til et \u00e5pent innspillsm\u00f8te p\u00e5 Litteraturhuset. Rundt 40 representanter fra sivilt samfunn, akademia, n\u00e6ringslivet og ...<\/p><\/div>\t\t\t\t\t\t\t\t\t\t\t<\/div>\n\t\t\t\t<\/a>\n\t\t\t<\/li>\n\t\t\t\t\t<li class=\"list-item\">\n\t\t\t\t<a href=\"https:\/\/nettsteder.regjeringen.no\/etikkinformasjonsutvalget\/2018\/12\/06\/fns-forum-for-naeringsliv-og-menneskerettigheter-i-geneve\/\">\n\t\t\t\t\t\t\t\t\t\t<div class=\"column\">\n\t\t\t\t\t\t<h2 class=\"entry-title\">FNs forum for n\u00e6ringsliv og menneskerettigheter i Gen\u00e8ve<\/h2>\t\t\t\t\t\t<div class=\"entry-summary\"><p>FNs \u00e5rlige forum for n\u00e6ringsliv og menneskerettigheter ble avholdt 26.-28. november. \u00c5rets forum handlet om n\u00e6ringslivets respekt for menneskerettighetene.<\/p><\/div>\t\t\t\t\t\t\t\t\t\t\t<\/div>\n\t\t\t\t<\/a>\n\t\t\t<\/li>\n\t\t\t\t\t<li class=\"list-item\">\n\t\t\t\t<a href=\"https:\/\/nettsteder.regjeringen.no\/etikkinformasjonsutvalget\/2018\/11\/30\/studiereise-utenlandsk-rett-knyttet-til-apenhet-i-leverandorkjeden\/\">\n\t\t\t\t\t\t\t\t\t\t<div class=\"column\">\n\t\t\t\t\t\t<h2 class=\"entry-title\">Studiereise \u2013 fransk aktsomhetslov og britisk lov om moderne slaveri<\/h2>\t\t\t\t\t\t<div class=\"entry-summary\"><p>Etikkinformasjonsutvalget var p\u00e5 studiereise til Paris og London 20. \u2013 23. november 2018 for \u00e5 l\u00e6re om den franske aktsomhetsloven ...<\/p><\/div>\t\t\t\t\t\t\t\t\t\t\t<\/div>\n\t\t\t\t<\/a>\n\t\t\t<\/li>\n\t\t\t\t\t<li class=\"list-item\">\n\t\t\t\t<a href=\"https:\/\/nettsteder.regjeringen.no\/etikkinformasjonsutvalget\/2018\/11\/19\/andre-utvalgsmote\/\">\n\t\t\t\t\t\t\t\t\t\t<div class=\"column\">\n\t\t\t\t\t\t<h2 class=\"entry-title\">Andre utvalgsm\u00f8te<\/h2>\t\t\t\t\t\t<div class=\"entry-summary\"><p>Andre utvalgsm\u00f8te ble avholdt 9. oktober. Utvalget er inne i en omfattende kartleggingsfase og det meste av tiden ble brukt ...<\/p><\/div>\t\t\t\t\t\t\t\t\t\t\t<\/div>\n\t\t\t\t<\/a>\n\t\t\t<\/li>\n\t\t\t\t\t<li class=\"list-item\">\n\t\t\t\t<a href=\"https:\/\/nettsteder.regjeringen.no\/etikkinformasjonsutvalget\/2018\/10\/22\/velkommen-til-etikkinformasjonsutvalgets-nettside\/\">\n\t\t\t\t\t\t\t\t\t\t<div class=\"column\">\n\t\t\t\t\t\t<h2 class=\"entry-title\">Velkommen til Etikkinformasjonsutvalgets nettside!<\/h2>\t\t\t\t\t\t<div class=\"entry-summary\"><p>Etikkinformasjonsutvalget er n\u00e5 i gang med sitt arbeid. Utvalget skal vurdere om n\u00e6ringslivet b\u00f8r ha en plikt til \u00e5 informere ...<\/p><\/div>\t\t\t\t\t\t\t\t\t\t\t<\/div>\n\t\t\t\t<\/a>\n\t\t\t<\/li>\n\t\t\t<\/ul>\n<\/div><\/div>","protected":false},"excerpt":{"rendered":"<p>Regjeringen har besluttet \u00e5 sette ned en ekspertgruppe for \u00e5 utrede en lov om etikkinformasjon.<\/p>\n","protected":false},"author":533,"featured_media":0,"parent":0,"menu_order":0,"comment_status":"closed","ping_status":"closed","template":"","meta":{"_acf_changed":false,"footnotes":""},"class_list":["post-9","page","type-page","status-publish","hentry"],"acf":[],"language":"nb-NO","_links":{"self":[{"href":"https:\/\/nettsteder.regjeringen.no\/etikkinformasjonsutvalget\/wp-json\/wp\/v2\/pages\/9","targetHints":{"allow":["GET"]}}],"collection":[{"href":"https:\/\/nettsteder.regjeringen.no\/etikkinformasjonsutvalget\/wp-json\/wp\/v2\/pages"}],"about":[{"href":"https:\/\/nettsteder.regjeringen.no\/etikkinformasjonsutvalget\/wp-json\/wp\/v2\/types\/page"}],"author":[{"embeddable":true,"href":"https:\/\/nettsteder.regjeringen.no\/etikkinformasjonsutvalget\/wp-json\/wp\/v2\/users\/533"}],"replies":[{"embeddable":true,"href":"https:\/\/nettsteder.regjeringen.no\/etikkinformasjonsutvalget\/wp-json\/wp\/v2\/comments?post=9"}],"version-history":[{"count":17,"href":"https:\/\/nettsteder.regjeringen.no\/etikkinformasjonsutvalget\/wp-json\/wp\/v2\/pages\/9\/revisions"}],"predecessor-version":[{"id":715,"href":"https:\/\/nettsteder.regjeringen.no\/etikkinformasjonsutvalget\/wp-json\/wp\/v2\/pages\/9\/revisions\/715"}],"wp:attachment":[{"href":"https:\/\/nettsteder.regjeringen.no\/etikkinformasjonsutvalget\/wp-json\/wp\/v2\/media?parent=9"}],"curies":[{"name":"wp","href":"https:\/\/api.w.org\/{rel}","templated":true}]}}