{"id":47,"date":"2025-07-08T11:48:34","date_gmt":"2025-07-08T09:48:34","guid":{"rendered":"https:\/\/nettsteder.regjeringen.no\/esika\/?page_id=47"},"modified":"2026-02-02T14:24:01","modified_gmt":"2026-02-02T13:24:01","slug":"moter","status":"publish","type":"page","link":"https:\/\/nettsteder.regjeringen.no\/esika\/moter\/","title":{"rendered":"M\u00f8ter"},"content":{"rendered":"\n<h2 class=\"wp-block-heading\"><strong>4. juli 2025 Ekspertgruppem\u00f8te 1<\/strong><\/h2>\n\n\n\n<p>Vi blir kjent med hverandre og starter innledende diskusjon om mandatet og relevante akt\u00f8rer. Gjennomgang av m\u00f8teplan og milep\u00e6ler samt praktisk om ekspertgruppens arbeid.<\/p>\n\n\n\n<h2 class=\"wp-block-heading\"><strong>22. aug 2025 Ekspertgruppem\u00f8te 2<\/strong><\/h2>\n\n\n\n<p>Vi diskuterer mandatet og kunnskapsinnhenting. <\/p>\n\n\n\n<h2 class=\"wp-block-heading\"><strong>9.-10. sept 2025 Ekspertgruppem\u00f8te 3<\/strong><\/h2>\n\n\n\n<p>Vi f\u00e5r bes\u00f8k av Politidirektoratet, Oslo og S\u00f8r-\u00d8st politidistrikt som gir oss deres erfaringer med samarbeid og deling av informasjon. Salto-koordinator og seksjonssjef i bydel Grorud forteller oss om Grorudmodellen og voldsforsker Solveig Vatnar forteller om partnerdrap i Norge, i et forebyggingsperspektiv. Vi f\u00e5r ogs\u00e5 bes\u00f8k av PST som gir oss deres erfaringer med hindringer og suksesskriterier for tverretatlig informasjonsdeling ved forebygging av voldelig ekstremisme. SLT-koordinator i B\u00e6rum kommune og kommuneadvokat i Oslo kommer. Disse gir oss kommunalt perspektiv p\u00e5 hva som mangler for \u00e5 f\u00e5 til bedre informasjonsdeling og samarbeid i forebyggingen. I tillegg har vi interne diskusjoner og redegj\u00f8relser av arbeidet fremover. <\/p>\n\n\n\n<h2 class=\"wp-block-heading\"><strong>24. sept Digitalt m\u00f8te med etatssamarbeidet <\/strong><\/h2>\n\n\n\n<p>Digitalt m\u00f8te med etatssamarbeidet om deres oppdraget gitt av KUBU. <\/p>\n\n\n\n<h2 class=\"wp-block-heading\"><strong>16.-17. okt 2025 Studietur<\/strong><\/h2>\n\n\n\n<p>Vi reiser til K\u00f8benhavn. Her m\u00f8ter vi representanter fra Center for Dokumentation og Indsats mod Ekstremisme (CDE) og Guldborgsund kommune, SSP-sekretariatet, forskere og politiet og f\u00e5r h\u00f8re deres erfaringer med infohusmodellen, SSP-arbeidet, retsplejeloven \u00a7 115.<\/p>\n\n\n\n<h2 class=\"wp-block-heading\"><strong>23.-24. okt Studietur til Troms\u00f8<\/strong><\/h2>\n\n\n\n<p>Deler av ekspertgruppen og sekretariatet deltar p\u00e5 RVTS nord sin <a href=\"https:\/\/rvtsnord.no\/kurs\/konferanse-om-radikalisering-og-ungdomskriminalitet-ungdom-pa-skraplanet-fra-sarbarhet-til-identitet-og-mening\/\" data-type=\"link\" data-id=\"https:\/\/rvtsnord.no\/kurs\/konferanse-om-radikalisering-og-ungdomskriminalitet-ungdom-pa-skraplanet-fra-sarbarhet-til-identitet-og-mening\/\">konferanse om radikalisering og ungdomskriminalitet. Ungdom p\u00e5 skr\u00e5planet: Fra s\u00e5rbarhet til identitet og mening<\/a>. Vi m\u00f8ter Troms\u00f8 kommune, Troms politidistrikt og UiT som forteller om U16-modellen i praksis og behandling av personopplysninger og <a href=\"https:\/\/nva.sikt.no\/projects\/2690273\" data-type=\"link\" data-id=\"https:\/\/nva.sikt.no\/projects\/2690273\">f\u00f8lgeforskningsprosjektet<\/a> til U16-modellen. Vi m\u00f8ter representanter fra Karls\u00f8y kommune og f\u00e5r blant annet informasjon om deres ogs\u00e5 forebyggende barne- og ungdomsteam (FBU). Vi m\u00f8ter ogs\u00e5 representanter fra Senja kommune og f\u00e5r informasjon om hvordan de jobber med kriminalitetsforebygging. Videre f\u00e5r vi informasjon fra RVTS Nord om vold og overgrep i samiske samfunn, s\u00e6rlig om taushetskultur og avvergingsplikt. Vi avslutter oppholdet i Troms\u00f8 ved Alternativ til vold, der vi f\u00e5r informasjon om deres faglige syn p\u00e5 hvordan tverretatlig informasjonsdeling fungerer i dag. Mens vi er i Troms\u00f8 skal vi ogs\u00e5 snakke med ungdom og voksne med erfaringer fra kriminalitet. <\/p>\n\n\n\n<h2 class=\"wp-block-heading\"><strong>5. nov Innspillsm\u00f8te i Oslo<\/strong><\/h2>\n\n\n\n<p>Vi samler personer med bred kompetanse og erfaringer fra mange forskjellige organisasjoner som kan gi innspill fra en rekke ulike perspektiver. Sp\u00f8rsm\u00e5lene ekspertgruppen ber om innspill om:<\/p>\n\n\n\n<ol class=\"wp-block-list is-layout-flow wp-block-list-is-layout-flow\">\n<li><em>Om dagens praksis<\/em>: B\u00f8r offentlige etater (som politi, skole, barnevern og helsevesen) samarbeide mer og dele mer informasjon om enkeltpersoner for \u00e5 forebygge kriminalitet, enn de gj\u00f8r i dag? Hvis det deles for lite informasjon, hva er \u00e5rsaken til det?<\/li>\n\n\n\n<li><em>Om behovet for lovendringer<\/em>: B\u00f8r det vedtas lovendringer som \u00e5pner for at offentlige etater uten hinder av taushetsplikt kan dele mer informasjon om enkeltpersoner for \u00e5 forebygge kriminalitet? I Danmark gir for eksempel en lovbestemmelse (<a href=\"https:\/\/www.retsinformation.dk\/eli\/lta\/2017\/1101#P115:~:text=%C2%A7%C2%A0115.%20Politiet,stk.%C2%A01%2D3.\" data-type=\"link\" data-id=\"https:\/\/www.retsinformation.dk\/eli\/lta\/2017\/1101#P115:~:text=%C2%A7%C2%A0115.%20Politiet,stk.%C2%A01%2D3.\">retsplejeloven \u00a7 115<\/a>) vesentlig st\u00f8rre adgang til \u00e5 dele personopplysninger n\u00e5r offentlige etater deltar i bestemte kriminalitetsforebyggende samarbeid. B\u00f8r det innf\u00f8res en lignende ordning i Norge?<\/li>\n\n\n\n<li><em>Om tillit og personvern<\/em>: Hvordan p\u00e5virker det folks tillit til offentlige etater og deres vilje til \u00e5 opps\u00f8ke hjelp fra det offentlige om det deles personlig informasjon om dem? Hvordan kan man finne en god balanse mellom \u00e5 beskytte personvernet, opprettholde tilliten i samfunnet og samtidig forebygge alvorlig kriminalitet godt nok?<\/li>\n\n\n\n<li><em>Om samarbeid og organisering<\/em>: Hvilken betydning har det om samarbeidet mellom offentlige etater for \u00e5 forebygge kriminalitet er organisert i en formell og varig struktur, eller om det skjer fra sak til sak? P\u00e5virker organiseringen hvor mye informasjon som deles? Hvordan kan eventuelt samarbeidet mellom offentlige etater for \u00e5 forebygge kriminalitet p\u00e5 individniv\u00e5 organiseres bedre enn i dag? <\/li>\n<\/ol>\n\n\n\n<figure class=\"wp-block-image size-large\"><img loading=\"lazy\" decoding=\"async\" width=\"1024\" height=\"501\" src=\"https:\/\/files.nettsteder.regjeringen.no\/wpuploads01\/sites\/595\/2025\/11\/siste-gruppe-1024x501.jpg\" alt=\"\" class=\"wp-image-113\" srcset=\"https:\/\/files.nettsteder.regjeringen.no\/wpuploads01\/sites\/595\/2025\/11\/siste-gruppe-1024x501.jpg 1024w, https:\/\/files.nettsteder.regjeringen.no\/wpuploads01\/sites\/595\/2025\/11\/siste-gruppe-300x147.jpg 300w, https:\/\/files.nettsteder.regjeringen.no\/wpuploads01\/sites\/595\/2025\/11\/siste-gruppe-768x376.jpg 768w, https:\/\/files.nettsteder.regjeringen.no\/wpuploads01\/sites\/595\/2025\/11\/siste-gruppe-1536x752.jpg 1536w, https:\/\/files.nettsteder.regjeringen.no\/wpuploads01\/sites\/595\/2025\/11\/siste-gruppe-2048x1003.jpg 2048w\" sizes=\"auto, (max-width: 1024px) 100vw, 1024px\" \/><\/figure>\n\n\n\n<figure class=\"wp-block-image size-large\"><img loading=\"lazy\" decoding=\"async\" width=\"768\" height=\"1024\" src=\"https:\/\/files.nettsteder.regjeringen.no\/wpuploads01\/sites\/595\/2025\/11\/navnelapper-768x1024.jpg\" alt=\"\" class=\"wp-image-114\" srcset=\"https:\/\/files.nettsteder.regjeringen.no\/wpuploads01\/sites\/595\/2025\/11\/navnelapper-768x1024.jpg 768w, https:\/\/files.nettsteder.regjeringen.no\/wpuploads01\/sites\/595\/2025\/11\/navnelapper-225x300.jpg 225w, https:\/\/files.nettsteder.regjeringen.no\/wpuploads01\/sites\/595\/2025\/11\/navnelapper-1152x1536.jpg 1152w, https:\/\/files.nettsteder.regjeringen.no\/wpuploads01\/sites\/595\/2025\/11\/navnelapper-1536x2048.jpg 1536w, https:\/\/files.nettsteder.regjeringen.no\/wpuploads01\/sites\/595\/2025\/11\/navnelapper-scaled.jpg 1920w\" sizes=\"auto, (max-width: 768px) 100vw, 768px\" \/><\/figure>\n\n\n\n<h2 class=\"wp-block-heading\"><strong>12.-13. nov 2025 Ekspertgruppem\u00f8te 4<\/strong><\/h2>\n\n\n\n<p>Vi f\u00e5r bes\u00f8k av Politidirektoratet, Helsedirektoratet, Utdanningsdirektoratet og Barne-, ungdoms- og familiedirektoratet. De skal presentere de nylige utarbeidede tiltakskortene om informasjonsdeling. Politidirektoratet vil ogs\u00e5 informere om RISK-modellen. Vi f\u00e5r bes\u00f8k av Datatilsynet som vil gi innspill om relevante personvernsrettslige konsekvenser tilknyttet utredningsmandatet og NAV Gr\u00fcnerl\u00f8kka som er en del av et kompetansemilj\u00f8 om menneskehandel, radikalisering og \u00e6resrelatert vold. I tillegg skal vi ha en rekke interne diskusjoner, blant annet om problemforst\u00e5else og gjennomgang av gjeldende rett.  <\/p>\n\n\n\n<h2 class=\"wp-block-heading\"><strong>19.-21. nov 2025 Studietur til Kristiansand og Stavanger<\/strong><\/h2>\n\n\n\n<p>Deler av ekspertgruppa og sekretariatet f\u00e5r innspill og informasjon fra f\u00f8lgende i Kristiansand: samfunnsverngruppa, m\u00f8teforumet <em>U18-m\u00f8tet<\/em>, kompetanseteam mot vold og seksuelle overgrep og P\u00e5tvers-samarbeidet. I Flekkefjord skal vi treffe ulike akt\u00f8rer fra Listerregionen: politikontakter, SLT-koordinatorer, representanter fra skole, barnevern, helsestasjon og familieteam samt TryggEst Flekkefjord. I Stavanger skal vi snakke med en som har egenerfaring fra et h\u00f8yreekstremistisk milj\u00f8, deretter skal vi f\u00e5 innspill fra SLT-koordinator, politi, barnevern, uteseksjon, helsesykepleier, skole, BUP, konfliktr\u00e5det, fritidsomr\u00e5det, MO-Ung, Unge muligheter og ATV Ung<\/p>\n\n\n\n<h2 class=\"wp-block-heading\"><strong>2. des 2025 KS Storbynettverk<\/strong><\/h2>\n\n\n\n<p>Deler av ekspertgruppen og sekretariatet f\u00e5r innspill fra KS sitt storbynettverk om barne- og ungdomskriminalitet. <\/p>\n\n\n\n<h2 class=\"wp-block-heading\"><strong>5. des 2025 H\u00f8yrisikoteamet i Trondheim<\/strong><\/h2>\n\n\n\n<p>Vi f\u00e5r informasjon fra h\u00f8yrisikoteamet i Trondheim om hvordan de jobber, samt innspill til v\u00e5rt arbeid. <\/p>\n\n\n\n<h2 class=\"wp-block-heading\"><strong>10. des 2025 Ekspertgruppem\u00f8te 5<\/strong><\/h2>\n\n\n\n<p>Vi f\u00e5r presentasjon p\u00e5 teams om MARAC-modellen som er innf\u00f8rt i Finland, av Jenni Raitanen, Development Manager i The Safety and Protection Unit i Finnish Institute for Health and Welfare (THL). Vi f\u00e5r ogs\u00e5 presentasjon p\u00e5 teams om MARAC-modellen i Skottland, av Elisabeth Hughes (Multi-Agency Lead) og Jessica Denniff fra organisasjonen Safelives i Skottland. <\/p>\n\n\n\n<p>Vi diskuterer blant annet gjeldende rett, n\u00e6rmere om definisjonene av forebygging innen de tre kriminalitetsomr\u00e5dene og utfordringene knyttet til informasjonsdeling og samarbeid i kriminalitetsforebyggende arbeid<\/p>\n\n\n\n<h2 class=\"wp-block-heading\"><strong>16. des 2025 U15 &#8211; forsterket oppf\u00f8lging i Bergen<\/strong><\/h2>\n\n\n\n<p>Vi f\u00e5r informasjon fra U15 om hvordan de jobber samt innspill til v\u00e5rt arbeid. <\/p>\n\n\n\n<h2 class=\"wp-block-heading\"><strong>17. des 2025 Sarpsborg kommune<\/strong><\/h2>\n\n\n\n<p>Vi f\u00e5r innspill fra ansatte fra barnevernvakta i \u00d8stfold, krisesenteret og SLT-koordinator i Sarpsborg. Alle har samarbeidet i komplekse saker over flere \u00e5r p\u00e5 alle kriminalitetsomr\u00e5dene. <\/p>\n\n\n\n<h2 class=\"wp-block-heading\"><strong>19. des 2025 Tverretatlig operativt team mot radikalisering og voldelig ekstremisme (TOT)<\/strong><\/h2>\n\n\n\n<p>Vi f\u00e5r informasjon fra TOT om hvordan de jobber samt innspill til v\u00e5rt arbeid. <\/p>\n\n\n\n<h2 class=\"wp-block-heading\"><strong>19. des 2025 SLT-koordinator i Levanger<\/strong><\/h2>\n\n\n\n<p>Vi f\u00e5r innspill fra SLT-koordinator i Levanger. <\/p>\n\n\n\n<h2 class=\"wp-block-heading\"><strong>14. jan 2026 Ekspertgruppem\u00f8te 6<\/strong><\/h2>\n\n\n\n<p>Vi f\u00e5r bes\u00f8k av Sekretariatet for konfliktr\u00e5dene (SfK) og f\u00e5r informasjon og innspill om SLT-modellen og informasjonsdeling og samordning i forbindelse med konfliktr\u00e5dets tjenester (mekling, ungdomsstraff og ungdomsoppf\u00f8lging) &#8211; utfordringer og behov.<\/p>\n\n\n\n<p>Ekspertgruppa har interne dr\u00f8ftinger om blant annet hvilke utfordringer og muligheter de ulike akt\u00f8rene peker p\u00e5, samarbeidsmodeller og organisering av samarbeid samt mulige tiltak. <\/p>\n\n\n\n<h2 class=\"wp-block-heading\"><strong>2. febr 2026 NOVAs voldsprogram<\/strong><\/h2>\n\n\n\n<p>Ekspertgruppa har digitalt m\u00f8te med Anja Bredal om NOVAs Voldsprogram \u2013 Forskningsprogram om vold i n\u00e6re relasjoner<\/p>\n\n\n\n<h2 class=\"wp-block-heading\"><strong>12.-13. febr 2026 Ekspertgruppem\u00f8te 7<\/strong><\/h2>\n\n\n\n<h2 class=\"wp-block-heading\"><strong>12. mars 2026 Ekspertgruppem\u00f8te 8<\/strong><\/h2>\n\n\n\n<h2 class=\"wp-block-heading\"><strong>10. april 2026 Ekspertgruppem\u00f8te 9<\/strong><\/h2>\n\n\n\n<h2 class=\"wp-block-heading\"><strong>29.-30. april 2026 Ekspertgruppem\u00f8te 10<\/strong><\/h2>\n\n\n\n<h2 class=\"wp-block-heading\"><strong>20. mai 2026 Ekspertgruppem\u00f8te 11<\/strong><\/h2>\n","protected":false},"excerpt":{"rendered":"<p>4. juli 2025 Ekspertgruppem\u00f8te 1 Vi blir kjent med hverandre og starter innledende diskusjon om mandatet og relevante akt\u00f8rer. Gjennomgang av m\u00f8teplan og milep\u00e6ler samt praktisk om ekspertgruppens arbeid. 22. aug 2025 Ekspertgruppem\u00f8te 2 Vi diskuterer mandatet og kunnskapsinnhenting. 9.-10. sept 2025 Ekspertgruppem\u00f8te 3 Vi f\u00e5r bes\u00f8k av Politidirektoratet, Oslo og S\u00f8r-\u00d8st politidistrikt som gir\u2026<\/p>\n","protected":false},"author":3413,"featured_media":0,"parent":0,"menu_order":0,"comment_status":"closed","ping_status":"closed","template":"","meta":{"dss_simple_post_excerpt":"","dss_show_featured_image":true,"footnotes":""},"class_list":["post-47","page","type-page","status-publish","hentry"],"language":"nb-NO","_links":{"self":[{"href":"https:\/\/nettsteder.regjeringen.no\/esika\/wp-json\/wp\/v2\/pages\/47","targetHints":{"allow":["GET"]}}],"collection":[{"href":"https:\/\/nettsteder.regjeringen.no\/esika\/wp-json\/wp\/v2\/pages"}],"about":[{"href":"https:\/\/nettsteder.regjeringen.no\/esika\/wp-json\/wp\/v2\/types\/page"}],"author":[{"embeddable":true,"href":"https:\/\/nettsteder.regjeringen.no\/esika\/wp-json\/wp\/v2\/users\/3413"}],"replies":[{"embeddable":true,"href":"https:\/\/nettsteder.regjeringen.no\/esika\/wp-json\/wp\/v2\/comments?post=47"}],"version-history":[{"count":3,"href":"https:\/\/nettsteder.regjeringen.no\/esika\/wp-json\/wp\/v2\/pages\/47\/revisions"}],"predecessor-version":[{"id":154,"href":"https:\/\/nettsteder.regjeringen.no\/esika\/wp-json\/wp\/v2\/pages\/47\/revisions\/154"}],"wp:attachment":[{"href":"https:\/\/nettsteder.regjeringen.no\/esika\/wp-json\/wp\/v2\/media?parent=47"}],"curies":[{"name":"wp","href":"https:\/\/api.w.org\/{rel}","templated":true}]}}