{"id":8,"date":"2025-11-18T12:56:44","date_gmt":"2025-11-18T11:56:44","guid":{"rendered":"https:\/\/nettsteder.regjeringen.no\/ekspertutvalgbpa\/?page_id=8"},"modified":"2026-03-26T13:52:45","modified_gmt":"2026-03-26T12:52:45","slug":"innspill","status":"publish","type":"page","link":"https:\/\/nettsteder.regjeringen.no\/ekspertutvalgbpa\/innspill\/","title":{"rendered":"Innspill til utvalget"},"content":{"rendered":"\n<p>Utvalget har et bredt mandat og bygger p\u00e5 kunnskapsgrunnlaget i NOU 2021:11. Vi \u00f8nsker f\u00f8rst og fremst innspill om hva som har endret seg siden NOU-en kom i 2021, og hvilke tiltak som kan bidra til at ordningen fremmer likestilling, likeverd og deltakelse i samfunnet.<\/p>\n\n\n\n<p>Vi inviterer alle med erfaringer eller synspunkter til \u00e5 sende inn skriftlige innspill.<\/p>\n\n\n\n<p>Skriftlige innspill kan sendes inn til <a href=\"mailto:postmottak@hod.dep.no\">postmottak@hod.dep.no<\/a> (og merkes innspill til BPA-ekspertutvalget).<\/p>\n\n\n\n<p><\/p>\n\n\n\n<p><strong>Innspill til utvalget publiseres fortl\u00f8pende her (nyeste \u00f8verst):<\/strong><\/p>\n\n\n\n<p><a href=\"https:\/\/files.nettsteder.regjeringen.no\/wpuploads01\/sites\/610\/2026\/03\/2026-3-20-Medvind-Assistanse.pdf\" data-type=\"URL\">Medvind Assistanse (PDF)<\/a><\/p>\n\n\n\n<p><a href=\"https:\/\/files.nettsteder.regjeringen.no\/wpuploads01\/sites\/610\/2026\/03\/2026-3-9-Unge-funksjonshemmede.pdf\" data-type=\"URL\">Unge funksjonshemmede (PDF)<\/a><\/p>\n\n\n\n<p><a href=\"https:\/\/files.nettsteder.regjeringen.no\/wpuploads01\/sites\/610\/2026\/03\/2026-3-5-Artikkel-7-nettverket.pdf\" data-type=\"URL\">Artikkel 7-nettverket (PDF)<\/a><\/p>\n\n\n\n<p><a href=\"https:\/\/files.nettsteder.regjeringen.no\/wpuploads01\/sites\/610\/2026\/02\/2026-2-18-NAKU.pdf\" data-type=\"URL\">NAKU (PDF)<\/a><\/p>\n\n\n\n<p><a href=\"https:\/\/files.nettsteder.regjeringen.no\/wpuploads01\/sites\/610\/2026\/02\/2026-2-18-Foreningen-JAG-og-JAG-Assistanse.pdf\" data-type=\"URL\">Foreningen JAG og JAG assistanse (PDF)<\/a><\/p>\n\n\n\n<p><a href=\"https:\/\/files.nettsteder.regjeringen.no\/wpuploads01\/sites\/610\/2026\/02\/2026-2-18-Fagforbundet.pdf\" data-type=\"URL\">Fagforbundet (PDF)<\/a><\/p>\n\n\n\n<p><a href=\"https:\/\/files.nettsteder.regjeringen.no\/wpuploads01\/sites\/610\/2026\/02\/2026-2-18-BPA-koalisjonen.pdf\" data-type=\"URL\">BPA Koalisjonen (PDF)<\/a><\/p>\n\n\n\n<p><a href=\"https:\/\/files.nettsteder.regjeringen.no\/wpuploads01\/sites\/610\/2026\/02\/2026-2-18-Blindeforbundet.pdf\" data-type=\"URL\">Blindeforbundet (PDF)<\/a><\/p>\n\n\n\n<p><a href=\"https:\/\/files.nettsteder.regjeringen.no\/wpuploads01\/sites\/610\/2026\/02\/2026-2-17-Uloba.pdf\" data-type=\"URL\">Uloba (PDF)<\/a><\/p>\n\n\n\n<p><a href=\"https:\/\/files.nettsteder.regjeringen.no\/wpuploads01\/sites\/610\/2026\/02\/2026-2-17-Parorendealliansen.pdf\" data-type=\"URL\">P\u00e5r\u00f8rendealliansen (PDF)<\/a><\/p>\n\n\n\n<p><a href=\"https:\/\/files.nettsteder.regjeringen.no\/wpuploads01\/sites\/610\/2026\/02\/2026-2-13-NFU.pdf\" data-type=\"URL\">NFU (PDF)<\/a><\/p>\n\n\n\n<p><a href=\"https:\/\/files.nettsteder.regjeringen.no\/wpuploads01\/sites\/610\/2026\/02\/2026-2-5-Uloba.pdf\" data-type=\"URL\">Uloba (PDF)<\/a><\/p>\n\n\n\n<p><a href=\"https:\/\/files.nettsteder.regjeringen.no\/wpuploads01\/sites\/610\/2026\/02\/2026-1-13-POBO.docx\" data-type=\"URL\">P\u00e5r\u00f8rendealliansen (PDF)<\/a><\/p>\n\n\n\n<p><a href=\"https:\/\/files.nettsteder.regjeringen.no\/wpuploads01\/sites\/610\/2026\/02\/2026-2-2-Parorendealliansen.pdf\" data-type=\"URL\">Pensjonistforbundet (PDF)<\/a><\/p>\n\n\n\n<p><a href=\"https:\/\/files.nettsteder.regjeringen.no\/wpuploads01\/sites\/610\/2026\/02\/2026-1-23-Lovemammaene.docx\" data-type=\"URL\">L\u00f8vemammaene (Word)<\/a><\/p>\n\n\n\n<p><a href=\"https:\/\/files.nettsteder.regjeringen.no\/wpuploads01\/sites\/610\/2026\/02\/2026-1-21-SAFO.pdf\" data-type=\"URL\">SAFO (PDF)<\/a><\/p>\n\n\n\n<p><a href=\"https:\/\/files.nettsteder.regjeringen.no\/wpuploads01\/sites\/610\/2026\/02\/2026-1-21-NHO-Geneo.pdf\" data-type=\"URL\">NHO Geneo (PDF)<\/a><\/p>\n\n\n\n<p><a href=\"https:\/\/files.nettsteder.regjeringen.no\/wpuploads01\/sites\/610\/2026\/02\/2026-1-20-Fagforbundet.pdf\" data-type=\"URL\">Fagforbundet (PDF)<\/a><\/p>\n\n\n\n<p><a href=\"https:\/\/files.nettsteder.regjeringen.no\/wpuploads01\/sites\/610\/2026\/02\/2026-1-15-Unge-funksjonshemmede.docx\" data-type=\"URL\">Unge funksjonshemmede (Word)<\/a><\/p>\n\n\n\n<p><a href=\"https:\/\/files.nettsteder.regjeringen.no\/wpuploads01\/sites\/610\/2026\/02\/2026-1-15-Likestillings-og-diskrimineringsombudet.docx\" data-type=\"URL\">Likestillings- og diskrimineringsombudet (Word)<\/a><\/p>\n\n\n\n<p><a href=\"https:\/\/files.nettsteder.regjeringen.no\/wpuploads01\/sites\/610\/2026\/02\/2026-1-15-Helsedirektoratet.docx\" data-type=\"URL\">Helsedirektoratet (Word)<\/a><\/p>\n\n\n\n<p><a href=\"https:\/\/files.nettsteder.regjeringen.no\/wpuploads01\/sites\/610\/2026\/02\/2026-1-15-FFO.docx\" data-type=\"URL\">FFO (Word)<\/a><\/p>\n\n\n\n<p><a href=\"https:\/\/files.nettsteder.regjeringen.no\/wpuploads01\/sites\/610\/2026\/02\/2026-1-13-POBO.docx\" data-type=\"URL\">Pasient- og brukerombudet (Word)<\/a><\/p>\n\n\n\n<p><a href=\"https:\/\/files.nettsteder.regjeringen.no\/wpuploads01\/sites\/610\/2026\/02\/2026-1-12-NAV.pdf\" data-type=\"URL\">NAV (PDF)<\/a><\/p>\n\n\n\n<p><a href=\"https:\/\/files.nettsteder.regjeringen.no\/wpuploads01\/sites\/610\/2026\/02\/2025-11-17-Lovemammaene-om-sykehus.pdf\" data-type=\"URL\">L\u00f8vemammaene (PDF)<\/a><\/p>\n\n\n\n<p><a href=\"https:\/\/files.nettsteder.regjeringen.no\/wpuploads01\/sites\/610\/2026\/02\/2025-10-27-Ullensaker-kommune.pdf\" data-type=\"URL\">Ullensaker kommune (PDF)<\/a><\/p>\n","protected":false},"excerpt":{"rendered":"<p>Utvalget har et bredt mandat og bygger p\u00e5 kunnskapsgrunnlaget i NOU 2021:11. Vi \u00f8nsker f\u00f8rst og fremst innspill om hva som har endret seg siden NOU-en kom i 2021, og hvilke tiltak som kan bidra til at ordningen fremmer likestilling, likeverd og deltakelse i samfunnet. Vi inviterer alle med erfaringer eller synspunkter til \u00e5 sende\u2026<\/p>\n","protected":false},"author":2877,"featured_media":0,"parent":0,"menu_order":0,"comment_status":"closed","ping_status":"closed","template":"","meta":{"dss_simple_post_excerpt":"","dss_show_featured_image":true,"footnotes":""},"class_list":["post-8","page","type-page","status-publish","hentry"],"language":"nb-NO","_links":{"self":[{"href":"https:\/\/nettsteder.regjeringen.no\/ekspertutvalgbpa\/wp-json\/wp\/v2\/pages\/8","targetHints":{"allow":["GET"]}}],"collection":[{"href":"https:\/\/nettsteder.regjeringen.no\/ekspertutvalgbpa\/wp-json\/wp\/v2\/pages"}],"about":[{"href":"https:\/\/nettsteder.regjeringen.no\/ekspertutvalgbpa\/wp-json\/wp\/v2\/types\/page"}],"author":[{"embeddable":true,"href":"https:\/\/nettsteder.regjeringen.no\/ekspertutvalgbpa\/wp-json\/wp\/v2\/users\/2877"}],"replies":[{"embeddable":true,"href":"https:\/\/nettsteder.regjeringen.no\/ekspertutvalgbpa\/wp-json\/wp\/v2\/comments?post=8"}],"version-history":[{"count":3,"href":"https:\/\/nettsteder.regjeringen.no\/ekspertutvalgbpa\/wp-json\/wp\/v2\/pages\/8\/revisions"}],"predecessor-version":[{"id":119,"href":"https:\/\/nettsteder.regjeringen.no\/ekspertutvalgbpa\/wp-json\/wp\/v2\/pages\/8\/revisions\/119"}],"wp:attachment":[{"href":"https:\/\/nettsteder.regjeringen.no\/ekspertutvalgbpa\/wp-json\/wp\/v2\/media?parent=8"}],"curies":[{"name":"wp","href":"https:\/\/api.w.org\/{rel}","templated":true}]}}