{"id":7,"date":"2025-11-18T12:56:05","date_gmt":"2025-11-18T11:56:05","guid":{"rendered":"https:\/\/nettsteder.regjeringen.no\/ekspertutvalgbpa\/?page_id=7"},"modified":"2026-04-20T07:57:01","modified_gmt":"2026-04-20T05:57:01","slug":"medlemmer","status":"publish","type":"page","link":"https:\/\/nettsteder.regjeringen.no\/ekspertutvalgbpa\/medlemmer\/","title":{"rendered":"Medlemmer"},"content":{"rendered":"<ul class=\"wp-block-dss-people\">\n<li class=\"wp-block-dss-person\">\t<div class=\"dss-person-image\">\n\t\t<figure>\n\t\t\t<img loading=\"lazy\" decoding=\"async\" width=\"250\" height=\"167\" src=\"https:\/\/files.nettsteder.regjeringen.no\/wpuploads01\/sites\/610\/2025\/11\/Christl-Kvam2.jpg\" class=\"attachment-250x250 size-250x250\" alt=\"Foto av Christl Kvam\" srcset=\"https:\/\/files.nettsteder.regjeringen.no\/wpuploads01\/sites\/610\/2025\/11\/Christl-Kvam2.jpg 1200w, https:\/\/files.nettsteder.regjeringen.no\/wpuploads01\/sites\/610\/2025\/11\/Christl-Kvam2-300x200.jpg 300w, https:\/\/files.nettsteder.regjeringen.no\/wpuploads01\/sites\/610\/2025\/11\/Christl-Kvam2-1024x683.jpg 1024w, https:\/\/files.nettsteder.regjeringen.no\/wpuploads01\/sites\/610\/2025\/11\/Christl-Kvam2-768x512.jpg 768w\" sizes=\"auto, (max-width: 250px) 100vw, 250px\" \/><span class=\"t2-image-credit\">\n\t\t\t\t<button type=\"button\" class=\"t2-image-credit-toggle\" aria-expanded=\"false\" aria-controls=\"image-credit\" aria-label=\"Toggle image credit\"><svg xmlns=\"http:\/\/www.w3.org\/2000\/svg\" viewBox=\"0 0 24 24\" height=\"24\" width=\"24\" class=\"t2-icon t2-icon-info\" aria-hidden=\"true\" focusable=\"false\"><path d=\"M12 17c.3 0 .5-.1.7-.3s.3-.4.3-.7v-4c0-.3-.1-.5-.3-.7-.2-.2-.4-.3-.7-.3s-.5.1-.7.3c-.2.2-.3.4-.3.7v4c0 .3.1.5.3.7s.4.3.7.3zm0-8c.3 0 .5-.1.7-.3.2-.2.3-.4.3-.7 0-.3-.1-.5-.3-.7-.2-.2-.4-.3-.7-.3s-.5.1-.7.3c-.2.2-.3.4-.3.7 0 .3.1.5.3.7.2.2.4.3.7.3zm0 13c-1.4 0-2.7-.3-3.9-.8-1.2-.5-2.3-1.2-3.2-2.1s-1.6-2-2.1-3.2S2 13.4 2 12s.3-2.7.8-3.9S4 5.8 4.9 4.9s2-1.6 3.2-2.1S10.6 2 12 2s2.7.3 3.9.8 2.3 1.2 3.2 2.1 1.6 2 2.1 3.2c.5 1.2.8 2.5.8 3.9s-.3 2.7-.8 3.9c-.5 1.2-1.2 2.3-2.1 3.2s-2 1.6-3.2 2.1c-1.2.5-2.5.8-3.9.8z\" fill=\"currentColor\" \/><\/svg><\/button>\n\t\t\t\t<span class=\"t2-image-credit-text wp-element-caption\" id=\"image-credit\" hidden>Foto: H\u00e5kon Mosvold Larsen, NTB<\/span>\n\t\t\t<\/span>\t\t<\/figure>\n\t<\/div>\n\t<div class=\"dss-person-content\">\n\t\t<h3 class=\"dss-person-name\">Christl Kvam (utvalgsleder)<\/h3><p class=\"dss-person-position\">sykepleier\/sivil\u00f8konom<\/p><div class=\"dss-person-content\">\n\n<p>Regiondirekt\u00f8r i Mattilsynet. Tidligere leder av Akademikerne, regiondirekt\u00f8r i NHO Innlandet, fylkesmann i Oppland, statssekret\u00e6r i Arbeids- og sosialdepartementet. (Foto: H\u00e5kon Mosvold Larsen, NTB)<\/p>\n\n<\/div>\t<\/div>\n\t<\/li>\n\n<li class=\"wp-block-dss-person\">\t<div class=\"dss-person-image\">\n\t\t<figure>\n\t\t\t<img loading=\"lazy\" decoding=\"async\" width=\"250\" height=\"161\" src=\"https:\/\/files.nettsteder.regjeringen.no\/wpuploads01\/sites\/610\/2025\/11\/Kjell-Hugvik.jpg\" class=\"attachment-250x250 size-250x250\" alt=\"Foto av Kjell Hugvik\" \/><span class=\"t2-image-credit\">\n\t\t\t\t<button type=\"button\" class=\"t2-image-credit-toggle\" aria-expanded=\"false\" aria-controls=\"image-credit-1\" aria-label=\"Toggle image credit\"><svg xmlns=\"http:\/\/www.w3.org\/2000\/svg\" viewBox=\"0 0 24 24\" height=\"24\" width=\"24\" class=\"t2-icon t2-icon-info\" aria-hidden=\"true\" focusable=\"false\"><path d=\"M12 17c.3 0 .5-.1.7-.3s.3-.4.3-.7v-4c0-.3-.1-.5-.3-.7-.2-.2-.4-.3-.7-.3s-.5.1-.7.3c-.2.2-.3.4-.3.7v4c0 .3.1.5.3.7s.4.3.7.3zm0-8c.3 0 .5-.1.7-.3.2-.2.3-.4.3-.7 0-.3-.1-.5-.3-.7-.2-.2-.4-.3-.7-.3s-.5.1-.7.3c-.2.2-.3.4-.3.7 0 .3.1.5.3.7.2.2.4.3.7.3zm0 13c-1.4 0-2.7-.3-3.9-.8-1.2-.5-2.3-1.2-3.2-2.1s-1.6-2-2.1-3.2S2 13.4 2 12s.3-2.7.8-3.9S4 5.8 4.9 4.9s2-1.6 3.2-2.1S10.6 2 12 2s2.7.3 3.9.8 2.3 1.2 3.2 2.1 1.6 2 2.1 3.2c.5 1.2.8 2.5.8 3.9s-.3 2.7-.8 3.9c-.5 1.2-1.2 2.3-2.1 3.2s-2 1.6-3.2 2.1c-1.2.5-2.5.8-3.9.8z\" fill=\"currentColor\" \/><\/svg><\/button>\n\t\t\t\t<span class=\"t2-image-credit-text wp-element-caption\" id=\"image-credit-1\" hidden>Foto: Preben Hunstad, Bod\u00f8 kommune<\/span>\n\t\t\t<\/span>\t\t<\/figure>\n\t<\/div>\n\t<div class=\"dss-person-content\">\n\t\t<h3 class=\"dss-person-name\">Kjell Hugvik<\/h3><p class=\"dss-person-position\">kommunedirekt\u00f8r<\/p><div class=\"dss-person-content\">\n\n<p>Kommunedirekt\u00f8r i Bod\u00f8. Tidligere arbeids- og tjenestedirekt\u00f8r i NAV. (Foto: Preben Hunstad, Bod\u00f8 kommune)<\/p>\n\n<\/div>\t<\/div>\n\t<\/li>\n\n<li class=\"wp-block-dss-person\">\t<div class=\"dss-person-image\">\n\t\t<figure>\n\t\t\t<img loading=\"lazy\" decoding=\"async\" width=\"167\" height=\"250\" src=\"https:\/\/files.nettsteder.regjeringen.no\/wpuploads01\/sites\/610\/2025\/11\/Ingunn-Ikdahl2.jpg\" class=\"attachment-250x250 size-250x250\" alt=\"Foto av Ingunn Ikdahl.\" srcset=\"https:\/\/files.nettsteder.regjeringen.no\/wpuploads01\/sites\/610\/2025\/11\/Ingunn-Ikdahl2.jpg 906w, https:\/\/files.nettsteder.regjeringen.no\/wpuploads01\/sites\/610\/2025\/11\/Ingunn-Ikdahl2-200x300.jpg 200w, https:\/\/files.nettsteder.regjeringen.no\/wpuploads01\/sites\/610\/2025\/11\/Ingunn-Ikdahl2-683x1024.jpg 683w, https:\/\/files.nettsteder.regjeringen.no\/wpuploads01\/sites\/610\/2025\/11\/Ingunn-Ikdahl2-768x1152.jpg 768w\" sizes=\"auto, (max-width: 167px) 100vw, 167px\" \/><span class=\"t2-image-credit\">\n\t\t\t\t<button type=\"button\" class=\"t2-image-credit-toggle\" aria-expanded=\"false\" aria-controls=\"image-credit-2\" aria-label=\"Toggle image credit\"><svg xmlns=\"http:\/\/www.w3.org\/2000\/svg\" viewBox=\"0 0 24 24\" height=\"24\" width=\"24\" class=\"t2-icon t2-icon-info\" aria-hidden=\"true\" focusable=\"false\"><path d=\"M12 17c.3 0 .5-.1.7-.3s.3-.4.3-.7v-4c0-.3-.1-.5-.3-.7-.2-.2-.4-.3-.7-.3s-.5.1-.7.3c-.2.2-.3.4-.3.7v4c0 .3.1.5.3.7s.4.3.7.3zm0-8c.3 0 .5-.1.7-.3.2-.2.3-.4.3-.7 0-.3-.1-.5-.3-.7-.2-.2-.4-.3-.7-.3s-.5.1-.7.3c-.2.2-.3.4-.3.7 0 .3.1.5.3.7.2.2.4.3.7.3zm0 13c-1.4 0-2.7-.3-3.9-.8-1.2-.5-2.3-1.2-3.2-2.1s-1.6-2-2.1-3.2S2 13.4 2 12s.3-2.7.8-3.9S4 5.8 4.9 4.9s2-1.6 3.2-2.1S10.6 2 12 2s2.7.3 3.9.8 2.3 1.2 3.2 2.1 1.6 2 2.1 3.2c.5 1.2.8 2.5.8 3.9s-.3 2.7-.8 3.9c-.5 1.2-1.2 2.3-2.1 3.2s-2 1.6-3.2 2.1c-1.2.5-2.5.8-3.9.8z\" fill=\"currentColor\" \/><\/svg><\/button>\n\t\t\t\t<span class=\"t2-image-credit-text wp-element-caption\" id=\"image-credit-2\" hidden>Foto: Terje Heiestad, UiO<\/span>\n\t\t\t<\/span>\t\t<\/figure>\n\t<\/div>\n\t<div class=\"dss-person-content\">\n\t\t<h3 class=\"dss-person-name\">Ingunn Ikdahl<\/h3><p class=\"dss-person-position\">jurist<\/p><div class=\"dss-person-content\">\n\n<p>Professor i rettsvitenskap ved Institutt for offentlig rett ved Universitetet i Oslo. (Foto: Terje Heiestad, UiO)<\/p>\n\n<\/div>\t<\/div>\n\t<\/li>\n\n<li class=\"wp-block-dss-person\">\t<div class=\"dss-person-image\">\n\t\t<figure>\n\t\t\t<img loading=\"lazy\" decoding=\"async\" width=\"250\" height=\"250\" src=\"https:\/\/files.nettsteder.regjeringen.no\/wpuploads01\/sites\/610\/2025\/11\/Ole-Henning-Nyhus2-300x300.jpeg\" class=\"attachment-250x250 size-250x250\" alt=\"Foto av Ole Henning Nyhus\" srcset=\"https:\/\/files.nettsteder.regjeringen.no\/wpuploads01\/sites\/610\/2025\/11\/Ole-Henning-Nyhus2-300x300.jpeg 300w, https:\/\/files.nettsteder.regjeringen.no\/wpuploads01\/sites\/610\/2025\/11\/Ole-Henning-Nyhus2-150x150.jpeg 150w, https:\/\/files.nettsteder.regjeringen.no\/wpuploads01\/sites\/610\/2025\/11\/Ole-Henning-Nyhus2.jpeg 700w\" sizes=\"auto, (max-width: 250px) 100vw, 250px\" \/><span class=\"t2-image-credit\">\n\t\t\t\t<button type=\"button\" class=\"t2-image-credit-toggle\" aria-expanded=\"false\" aria-controls=\"image-credit-3\" aria-label=\"Toggle image credit\"><svg xmlns=\"http:\/\/www.w3.org\/2000\/svg\" viewBox=\"0 0 24 24\" height=\"24\" width=\"24\" class=\"t2-icon t2-icon-info\" aria-hidden=\"true\" focusable=\"false\"><path d=\"M12 17c.3 0 .5-.1.7-.3s.3-.4.3-.7v-4c0-.3-.1-.5-.3-.7-.2-.2-.4-.3-.7-.3s-.5.1-.7.3c-.2.2-.3.4-.3.7v4c0 .3.1.5.3.7s.4.3.7.3zm0-8c.3 0 .5-.1.7-.3.2-.2.3-.4.3-.7 0-.3-.1-.5-.3-.7-.2-.2-.4-.3-.7-.3s-.5.1-.7.3c-.2.2-.3.4-.3.7 0 .3.1.5.3.7.2.2.4.3.7.3zm0 13c-1.4 0-2.7-.3-3.9-.8-1.2-.5-2.3-1.2-3.2-2.1s-1.6-2-2.1-3.2S2 13.4 2 12s.3-2.7.8-3.9S4 5.8 4.9 4.9s2-1.6 3.2-2.1S10.6 2 12 2s2.7.3 3.9.8 2.3 1.2 3.2 2.1 1.6 2 2.1 3.2c.5 1.2.8 2.5.8 3.9s-.3 2.7-.8 3.9c-.5 1.2-1.2 2.3-2.1 3.2s-2 1.6-3.2 2.1c-1.2.5-2.5.8-3.9.8z\" fill=\"currentColor\" \/><\/svg><\/button>\n\t\t\t\t<span class=\"t2-image-credit-text wp-element-caption\" id=\"image-credit-3\" hidden>Foto: NTNU Samfunnsforskning AS \/ Elin Iversen<\/span>\n\t\t\t<\/span>\t\t<\/figure>\n\t<\/div>\n\t<div class=\"dss-person-content\">\n\t\t<h3 class=\"dss-person-name\">Ole Henning Nyhus<\/h3><p class=\"dss-person-position\">samfunns\u00f8konom<\/p><div class=\"dss-person-content\">\n\n<p>Forsker 1 ved Senter for \u00f8konomisk forskning (S\u00d8F) ved NTNU Samfunnsforskning. (Foto: Elin Iversen, NTNU Samfunnsforskning AS)<\/p>\n\n<\/div>\t<\/div>\n\t<\/li>\n\n<li class=\"wp-block-dss-person\">\t<div class=\"dss-person-image\">\n\t\t<figure>\n\t\t\t<img loading=\"lazy\" decoding=\"async\" width=\"167\" height=\"250\" src=\"https:\/\/files.nettsteder.regjeringen.no\/wpuploads01\/sites\/610\/2025\/11\/Ingeborg-Rasmussen2.jpg\" class=\"attachment-250x250 size-250x250\" alt=\"Foto av Ingeborg Rasmussen\" srcset=\"https:\/\/files.nettsteder.regjeringen.no\/wpuploads01\/sites\/610\/2025\/11\/Ingeborg-Rasmussen2.jpg 933w, https:\/\/files.nettsteder.regjeringen.no\/wpuploads01\/sites\/610\/2025\/11\/Ingeborg-Rasmussen2-200x300.jpg 200w, https:\/\/files.nettsteder.regjeringen.no\/wpuploads01\/sites\/610\/2025\/11\/Ingeborg-Rasmussen2-682x1024.jpg 682w, https:\/\/files.nettsteder.regjeringen.no\/wpuploads01\/sites\/610\/2025\/11\/Ingeborg-Rasmussen2-768x1152.jpg 768w\" sizes=\"auto, (max-width: 167px) 100vw, 167px\" \/><span class=\"t2-image-credit\">\n\t\t\t\t<button type=\"button\" class=\"t2-image-credit-toggle\" aria-expanded=\"false\" aria-controls=\"image-credit-4\" aria-label=\"Toggle image credit\"><svg xmlns=\"http:\/\/www.w3.org\/2000\/svg\" viewBox=\"0 0 24 24\" height=\"24\" width=\"24\" class=\"t2-icon t2-icon-info\" aria-hidden=\"true\" focusable=\"false\"><path d=\"M12 17c.3 0 .5-.1.7-.3s.3-.4.3-.7v-4c0-.3-.1-.5-.3-.7-.2-.2-.4-.3-.7-.3s-.5.1-.7.3c-.2.2-.3.4-.3.7v4c0 .3.1.5.3.7s.4.3.7.3zm0-8c.3 0 .5-.1.7-.3.2-.2.3-.4.3-.7 0-.3-.1-.5-.3-.7-.2-.2-.4-.3-.7-.3s-.5.1-.7.3c-.2.2-.3.4-.3.7 0 .3.1.5.3.7.2.2.4.3.7.3zm0 13c-1.4 0-2.7-.3-3.9-.8-1.2-.5-2.3-1.2-3.2-2.1s-1.6-2-2.1-3.2S2 13.4 2 12s.3-2.7.8-3.9S4 5.8 4.9 4.9s2-1.6 3.2-2.1S10.6 2 12 2s2.7.3 3.9.8 2.3 1.2 3.2 2.1 1.6 2 2.1 3.2c.5 1.2.8 2.5.8 3.9s-.3 2.7-.8 3.9c-.5 1.2-1.2 2.3-2.1 3.2s-2 1.6-3.2 2.1c-1.2.5-2.5.8-3.9.8z\" fill=\"currentColor\" \/><\/svg><\/button>\n\t\t\t\t<span class=\"t2-image-credit-text wp-element-caption\" id=\"image-credit-4\" hidden>Foto: StudioF2 Fotograf Ingar N\u00e6ss<\/span>\n\t\t\t<\/span>\t\t<\/figure>\n\t<\/div>\n\t<div class=\"dss-person-content\">\n\t\t<h3 class=\"dss-person-name\">Ingeborg Rasmussen<\/h3><p class=\"dss-person-position\">samfunns\u00f8konom<\/p><div class=\"dss-person-content\">\n\n<p>Samfunns\u00f8konom og partner i Vista Analyse. (Foto: Fotograf Ingar N\u00e6ss, StudioF2)<\/p>\n\n<\/div>\t<\/div>\n\t<\/li>\n\n<li class=\"wp-block-dss-person\">\t<div class=\"dss-person-image\">\n\t\t<figure>\n\t\t\t<img loading=\"lazy\" decoding=\"async\" width=\"250\" height=\"250\" src=\"https:\/\/files.nettsteder.regjeringen.no\/wpuploads01\/sites\/610\/2026\/01\/Emilie-Storli4-300x300.jpeg\" class=\"attachment-250x250 size-250x250\" alt=\"Foto av Emilie Storli\" srcset=\"https:\/\/files.nettsteder.regjeringen.no\/wpuploads01\/sites\/610\/2026\/01\/Emilie-Storli4-300x300.jpeg 300w, https:\/\/files.nettsteder.regjeringen.no\/wpuploads01\/sites\/610\/2026\/01\/Emilie-Storli4-1024x1024.jpeg 1024w, https:\/\/files.nettsteder.regjeringen.no\/wpuploads01\/sites\/610\/2026\/01\/Emilie-Storli4-150x150.jpeg 150w, https:\/\/files.nettsteder.regjeringen.no\/wpuploads01\/sites\/610\/2026\/01\/Emilie-Storli4-768x768.jpeg 768w, https:\/\/files.nettsteder.regjeringen.no\/wpuploads01\/sites\/610\/2026\/01\/Emilie-Storli4.jpeg 1091w\" sizes=\"auto, (max-width: 250px) 100vw, 250px\" \/>\t\t<\/figure>\n\t<\/div>\n\t<div class=\"dss-person-content\">\n\t\t<h3 class=\"dss-person-name\">Emilie Storli<\/h3><p class=\"dss-person-position\">rettssosiolog<\/p><div class=\"dss-person-content\">\n\n<p>Rettssosiolog og r\u00e5dgiver i Fagforbundet (Foto: Fagforbundet)<\/p>\n\n<\/div>\t<\/div>\n\t<\/li>\n\n<li class=\"wp-block-dss-person\">\t<div class=\"dss-person-image\">\n\t\t<figure>\n\t\t\t<img loading=\"lazy\" decoding=\"async\" width=\"250\" height=\"250\" src=\"https:\/\/files.nettsteder.regjeringen.no\/wpuploads01\/sites\/610\/2025\/11\/Marius-Storvik3-300x300.jpg\" class=\"attachment-250x250 size-250x250\" alt=\"Foto av Marius Storvik\" srcset=\"https:\/\/files.nettsteder.regjeringen.no\/wpuploads01\/sites\/610\/2025\/11\/Marius-Storvik3-300x300.jpg 300w, https:\/\/files.nettsteder.regjeringen.no\/wpuploads01\/sites\/610\/2025\/11\/Marius-Storvik3-150x150.jpg 150w, https:\/\/files.nettsteder.regjeringen.no\/wpuploads01\/sites\/610\/2025\/11\/Marius-Storvik3-768x768.jpg 768w, https:\/\/files.nettsteder.regjeringen.no\/wpuploads01\/sites\/610\/2025\/11\/Marius-Storvik3.jpg 800w\" sizes=\"auto, (max-width: 250px) 100vw, 250px\" \/><span class=\"t2-image-credit\">\n\t\t\t\t<button type=\"button\" class=\"t2-image-credit-toggle\" aria-expanded=\"false\" aria-controls=\"image-credit-5\" aria-label=\"Toggle image credit\"><svg xmlns=\"http:\/\/www.w3.org\/2000\/svg\" viewBox=\"0 0 24 24\" height=\"24\" width=\"24\" class=\"t2-icon t2-icon-info\" aria-hidden=\"true\" focusable=\"false\"><path d=\"M12 17c.3 0 .5-.1.7-.3s.3-.4.3-.7v-4c0-.3-.1-.5-.3-.7-.2-.2-.4-.3-.7-.3s-.5.1-.7.3c-.2.2-.3.4-.3.7v4c0 .3.1.5.3.7s.4.3.7.3zm0-8c.3 0 .5-.1.7-.3.2-.2.3-.4.3-.7 0-.3-.1-.5-.3-.7-.2-.2-.4-.3-.7-.3s-.5.1-.7.3c-.2.2-.3.4-.3.7 0 .3.1.5.3.7.2.2.4.3.7.3zm0 13c-1.4 0-2.7-.3-3.9-.8-1.2-.5-2.3-1.2-3.2-2.1s-1.6-2-2.1-3.2S2 13.4 2 12s.3-2.7.8-3.9S4 5.8 4.9 4.9s2-1.6 3.2-2.1S10.6 2 12 2s2.7.3 3.9.8 2.3 1.2 3.2 2.1 1.6 2 2.1 3.2c.5 1.2.8 2.5.8 3.9s-.3 2.7-.8 3.9c-.5 1.2-1.2 2.3-2.1 3.2s-2 1.6-3.2 2.1c-1.2.5-2.5.8-3.9.8z\" fill=\"currentColor\" \/><\/svg><\/button>\n\t\t\t\t<span class=\"t2-image-credit-text wp-element-caption\" id=\"image-credit-5\" hidden>Foto: Universitetet i Troms\u00f8<\/span>\n\t\t\t<\/span>\t\t<\/figure>\n\t<\/div>\n\t<div class=\"dss-person-content\">\n\t\t<h3 class=\"dss-person-name\">Marius Storvik<\/h3><p class=\"dss-person-position\">jurist<\/p><div class=\"dss-person-content\">\n\n<p>F\u00f8rsteamanuensis ved Det juridiske fakultetet p\u00e5 Universitetet i Troms\u00f8. (Foto: Universitetet i Troms\u00f8)<\/p>\n\n<\/div>\t<\/div>\n\t<\/li>\n\n<li class=\"wp-block-dss-person\">\t<div class=\"dss-person-image\">\n\t\t<figure>\n\t\t\t<img loading=\"lazy\" decoding=\"async\" width=\"250\" height=\"141\" src=\"https:\/\/files.nettsteder.regjeringen.no\/wpuploads01\/sites\/610\/2025\/11\/Heidi-Sorlie-Rogne2-foto-Heiko-Junge-NTB.jpg\" class=\"attachment-250x250 size-250x250\" alt=\"Foto av Heidi S\u00f8rlie-Rogne\" srcset=\"https:\/\/files.nettsteder.regjeringen.no\/wpuploads01\/sites\/610\/2025\/11\/Heidi-Sorlie-Rogne2-foto-Heiko-Junge-NTB.jpg 2000w, https:\/\/files.nettsteder.regjeringen.no\/wpuploads01\/sites\/610\/2025\/11\/Heidi-Sorlie-Rogne2-foto-Heiko-Junge-NTB-300x169.jpg 300w, https:\/\/files.nettsteder.regjeringen.no\/wpuploads01\/sites\/610\/2025\/11\/Heidi-Sorlie-Rogne2-foto-Heiko-Junge-NTB-1024x576.jpg 1024w, https:\/\/files.nettsteder.regjeringen.no\/wpuploads01\/sites\/610\/2025\/11\/Heidi-Sorlie-Rogne2-foto-Heiko-Junge-NTB-768x432.jpg 768w, https:\/\/files.nettsteder.regjeringen.no\/wpuploads01\/sites\/610\/2025\/11\/Heidi-Sorlie-Rogne2-foto-Heiko-Junge-NTB-1536x864.jpg 1536w, https:\/\/files.nettsteder.regjeringen.no\/wpuploads01\/sites\/610\/2025\/11\/Heidi-Sorlie-Rogne2-foto-Heiko-Junge-NTB-1200x675.jpg 1200w\" sizes=\"auto, (max-width: 250px) 100vw, 250px\" \/><span class=\"t2-image-credit\">\n\t\t\t\t<button type=\"button\" class=\"t2-image-credit-toggle\" aria-expanded=\"false\" aria-controls=\"image-credit-6\" aria-label=\"Toggle image credit\"><svg xmlns=\"http:\/\/www.w3.org\/2000\/svg\" viewBox=\"0 0 24 24\" height=\"24\" width=\"24\" class=\"t2-icon t2-icon-info\" aria-hidden=\"true\" focusable=\"false\"><path d=\"M12 17c.3 0 .5-.1.7-.3s.3-.4.3-.7v-4c0-.3-.1-.5-.3-.7-.2-.2-.4-.3-.7-.3s-.5.1-.7.3c-.2.2-.3.4-.3.7v4c0 .3.1.5.3.7s.4.3.7.3zm0-8c.3 0 .5-.1.7-.3.2-.2.3-.4.3-.7 0-.3-.1-.5-.3-.7-.2-.2-.4-.3-.7-.3s-.5.1-.7.3c-.2.2-.3.4-.3.7 0 .3.1.5.3.7.2.2.4.3.7.3zm0 13c-1.4 0-2.7-.3-3.9-.8-1.2-.5-2.3-1.2-3.2-2.1s-1.6-2-2.1-3.2S2 13.4 2 12s.3-2.7.8-3.9S4 5.8 4.9 4.9s2-1.6 3.2-2.1S10.6 2 12 2s2.7.3 3.9.8 2.3 1.2 3.2 2.1 1.6 2 2.1 3.2c.5 1.2.8 2.5.8 3.9s-.3 2.7-.8 3.9c-.5 1.2-1.2 2.3-2.1 3.2s-2 1.6-3.2 2.1c-1.2.5-2.5.8-3.9.8z\" fill=\"currentColor\" \/><\/svg><\/button>\n\t\t\t\t<span class=\"t2-image-credit-text wp-element-caption\" id=\"image-credit-6\" hidden>Foto: Heiko Junge, NTB<\/span>\n\t\t\t<\/span>\t\t<\/figure>\n\t<\/div>\n\t<div class=\"dss-person-content\">\n\t\t<h3 class=\"dss-person-name\">Heidi S\u00f8rlie-Rogne<\/h3><p class=\"dss-person-position\">jurist<\/p><div class=\"dss-person-content\">\n\n<p>Juridisk r\u00e5dgiver i Funksjonshemmedes fellesorganisasjon. Leder for rettighetssenteret. (Foto: Heiko Hunge, NTB)<\/p>\n\n<\/div>\t<\/div>\n\t<\/li>\n<\/ul>","protected":false},"excerpt":{"rendered":"","protected":false},"author":2877,"featured_media":0,"parent":0,"menu_order":0,"comment_status":"closed","ping_status":"closed","template":"","meta":{"dss_simple_post_excerpt":"","dss_show_featured_image":true,"footnotes":""},"class_list":["post-7","page","type-page","status-publish","hentry"],"language":"nb-NO","_links":{"self":[{"href":"https:\/\/nettsteder.regjeringen.no\/ekspertutvalgbpa\/wp-json\/wp\/v2\/pages\/7","targetHints":{"allow":["GET"]}}],"collection":[{"href":"https:\/\/nettsteder.regjeringen.no\/ekspertutvalgbpa\/wp-json\/wp\/v2\/pages"}],"about":[{"href":"https:\/\/nettsteder.regjeringen.no\/ekspertutvalgbpa\/wp-json\/wp\/v2\/types\/page"}],"author":[{"embeddable":true,"href":"https:\/\/nettsteder.regjeringen.no\/ekspertutvalgbpa\/wp-json\/wp\/v2\/users\/2877"}],"replies":[{"embeddable":true,"href":"https:\/\/nettsteder.regjeringen.no\/ekspertutvalgbpa\/wp-json\/wp\/v2\/comments?post=7"}],"version-history":[{"count":2,"href":"https:\/\/nettsteder.regjeringen.no\/ekspertutvalgbpa\/wp-json\/wp\/v2\/pages\/7\/revisions"}],"predecessor-version":[{"id":64,"href":"https:\/\/nettsteder.regjeringen.no\/ekspertutvalgbpa\/wp-json\/wp\/v2\/pages\/7\/revisions\/64"}],"wp:attachment":[{"href":"https:\/\/nettsteder.regjeringen.no\/ekspertutvalgbpa\/wp-json\/wp\/v2\/media?parent=7"}],"curies":[{"name":"wp","href":"https:\/\/api.w.org\/{rel}","templated":true}]}}