{"id":4,"date":"2025-11-18T12:55:08","date_gmt":"2025-11-18T11:55:08","guid":{"rendered":"https:\/\/nettsteder.regjeringen.no\/ekspertutvalgbpa\/?page_id=4"},"modified":"2026-03-26T13:39:06","modified_gmt":"2026-03-26T12:39:06","slug":"om-utvalget","status":"publish","type":"page","link":"https:\/\/nettsteder.regjeringen.no\/ekspertutvalgbpa\/","title":{"rendered":"Siste nytt"},"content":{"rendered":"\n<p>P\u00e5 denne nettsiden vil du kunne lese om utvalgets arbeid og gi innspill til utvalgets arbeid. Nettsiden oppdateres med relevant informasjon om utvalgets arbeid.<\/p>\n\n\n\n<h2 class=\"wp-block-heading\">BPA\u2011utvalget dr\u00f8ftet erfaringer fra praksisfeltet og overordnede utfordringer<\/h2>\n\n\n\n<p>BPA\u2011ekspertutvalget m\u00f8ttes 23.\u201324. mars i Oslo. M\u00f8tet omfattet orienteringer om kommunale erfaringer, statistikkgrunnlag og utfordringer knyttet til organisering og ansvar i BPA\u2011ordningen.<\/p>\n\n\n\n<p>Utvalget fikk innspill fra blant andre Ingrid Thunem om grenseflatene mellom helsehjelp og assistanse. KS og Drammen kommune beskrev praktiske og organisatoriske utfordringer knyttet til samarbeid, rekruttering og \u00f8kende kompleksitet.<\/p>\n\n\n\n<p>Utvalget var ogs\u00e5 p\u00e5 filmvisning av filmen &laquo;Min f\u00f8rste kj\u00e6rlighet&raquo; med p\u00e5f\u00f8lgende diskusjoner med regiss\u00f8r.<\/p>\n\n\n\n<p>Bent H\u00f8ie bidro med vurderinger av dagens regelverk og pekte p\u00e5 spenningen mellom likestillingsform\u00e5let og reguleringen innenfor helse\u2011 og omsorgstjenesteloven. Han l\u00f8ftet ogs\u00e5 sp\u00f8rsm\u00e5l om helsehjelp i BPA, brukergrupper og aldersgrenser.<\/p>\n\n\n\n<p>Utvalget vil f\u00f8lge opp flere prinsipielle problemstillinger videre i arbeidet.<\/p>\n\n\n\n<figure class=\"wp-block-image size-large\"><img loading=\"lazy\" decoding=\"async\" width=\"1024\" height=\"768\" src=\"https:\/\/files.nettsteder.regjeringen.no\/wpuploads01\/sites\/610\/2026\/03\/Utvalget23326-1024x768.jpg\" alt=\"\" class=\"wp-image-113\" srcset=\"https:\/\/files.nettsteder.regjeringen.no\/wpuploads01\/sites\/610\/2026\/03\/Utvalget23326-1024x768.jpg 1024w, https:\/\/files.nettsteder.regjeringen.no\/wpuploads01\/sites\/610\/2026\/03\/Utvalget23326-300x225.jpg 300w, https:\/\/files.nettsteder.regjeringen.no\/wpuploads01\/sites\/610\/2026\/03\/Utvalget23326-768x576.jpg 768w, https:\/\/files.nettsteder.regjeringen.no\/wpuploads01\/sites\/610\/2026\/03\/Utvalget23326-1536x1152.jpg 1536w, https:\/\/files.nettsteder.regjeringen.no\/wpuploads01\/sites\/610\/2026\/03\/Utvalget23326-2048x1536.jpg 2048w\" sizes=\"auto, (max-width: 1024px) 100vw, 1024px\" \/><figcaption class=\"wp-element-caption\">Hele utvalget samlet. Fra venstre: Kjell Hugvik, Emilie Storli, Ole Henning Nyhus, Heidi S\u00f8rlie-Rogne, Christl Kvam, Ingeborg Rasmussen, Ingunn Ikdahl, Marius Storvik<\/figcaption><\/figure>\n\n\n\n<h2 class=\"wp-block-heading\">BPA-utvalget dr\u00f8ftet menneskerettigheter og rettsgrunnlag p\u00e5 m\u00f8tet i februar<\/h2>\n\n\n\n<p>BPA\u2011ekspertutvalget gjennomf\u00f8rte sitt m\u00f8te 23.\u201324. februar i Oslo. Utvalget fikk faglige innledninger om rettsgrunnlaget for BPA, likestillingsperspektivet og sentrale menneskerettslige rammer.<\/p>\n\n\n\n<p>Kjetil M. Larsen presenterte hovedlinjene i CRPD og beskrev konvensjonen som et n\u00f8dvendig perspektivskifte i arbeidet med funksjonshemmedes rettigheter. Han pekte samtidig p\u00e5 spenningen mellom rettighetsforpliktelser og kommunenes ressurssituasjon, samt utfordringen med ulik praksis mellom kommuner.<\/p>\n\n\n\n<p>Utvalget diskuterte hvordan dagens ordning fungerer, og hvilke overordnede modeller som kan vurderes videre. Det videre arbeidet vil blant annet omfatte innhenting av mer kunnskap og dialog med relevante akt\u00f8rer.<\/p>\n\n\n\n<h2 class=\"wp-block-heading\">Andre m\u00f8te i utvalget (23. januar)<\/h2>\n\n\n\n<p>Ekspertutvalget om BPA hadde utvalgsm\u00f8te 23. januar. Utvalget m\u00f8tte leder for Kommunekommisjonen for \u00e5 snakke om deres f\u00f8rste utredning som ble lagt frem uken f\u00f8r. M\u00f8tet ble ogs\u00e5 brukt til \u00e5 snakke om innspillene utvalget mottok dagen f\u00f8r, statistikk om BPA, og utvalgets problemforst\u00e5else.<\/p>\n\n\n\n<figure class=\"wp-block-image size-large\"><img loading=\"lazy\" decoding=\"async\" width=\"768\" height=\"1024\" src=\"https:\/\/files.nettsteder.regjeringen.no\/wpuploads01\/sites\/610\/2026\/02\/Innspillsmote-21.1.2026-768x1024.jpg\" alt=\"\" class=\"wp-image-93\" srcset=\"https:\/\/files.nettsteder.regjeringen.no\/wpuploads01\/sites\/610\/2026\/02\/Innspillsmote-21.1.2026-768x1024.jpg 768w, https:\/\/files.nettsteder.regjeringen.no\/wpuploads01\/sites\/610\/2026\/02\/Innspillsmote-21.1.2026-225x300.jpg 225w, https:\/\/files.nettsteder.regjeringen.no\/wpuploads01\/sites\/610\/2026\/02\/Innspillsmote-21.1.2026-1152x1536.jpg 1152w, https:\/\/files.nettsteder.regjeringen.no\/wpuploads01\/sites\/610\/2026\/02\/Innspillsmote-21.1.2026-1536x2048.jpg 1536w, https:\/\/files.nettsteder.regjeringen.no\/wpuploads01\/sites\/610\/2026\/02\/Innspillsmote-21.1.2026-scaled.jpg 1920w\" sizes=\"auto, (max-width: 768px) 100vw, 768px\" \/><figcaption class=\"wp-element-caption\">Representanter fra bruker- og p\u00e5r\u00f8rendeorganisasjonene m\u00f8tte ekspertutvalget 22. januar<\/figcaption><\/figure>\n\n\n\n<p><a href=\"https:\/\/files.nettsteder.regjeringen.no\/wpuploads01\/sites\/610\/2026\/02\/2026-2-6-Sammendrag-fra-innspillsmote-om-BPA.pdf\" data-type=\"URL\">Et kort sammendrag fra innspillsm\u00f8tet kan leses her<\/a>.<\/p>\n\n\n\n<p><\/p>\n\n\n\n<h2 class=\"wp-block-heading\">Innspillsm\u00f8te 22. januar<\/h2>\n\n\n\n<p>Ekspertutvalget inviterer til innspillsm\u00f8te 22. januar 2026. M\u00f8tet finner sted p\u00e5 Clarion hotel, The Hub i Oslo. Utvalget skal treffe bruker- og p\u00e5r\u00f8rendeorganisasjoner, arbeidstaker- og arbeidsgiverorganisasjoner og statlige akt\u00f8rer. <\/p>\n\n\n\n<p>Klokken 11.00 til 12.00: Bruker- og p\u00e5r\u00f8rendeorganisasjoner<br>&#8211; FFO<br>&#8211; SAFO<br>&#8211; Unge funksjonshemmede<br>&#8211; P\u00e5r\u00f8rendealliansen<br>&#8211; L\u00f8vemammaene<\/p>\n\n\n\n<p>Klokken 13.00 til 14.00: Arbeidsgiverorganisasjoner, arbeidstakerorganisasjoner og  leverand\u00f8rer<br>&#8211; Fagforbundet<br>&#8211; NHO Geneo<br>&#8211; Virke<br>&#8211; Uloba<br>&#8211; JAG assistanse<\/p>\n\n\n\n<p>Klokken 14.05 til 15.30: Nasjonale akt\u00f8rer<br>&#8211; Norges institusjon for menneskerettigheter<br>&#8211; Likestillings- og diskrimineringsombudet<br>&#8211; KS<br>&#8211; Barne-, ungdoms- og familiedirektoratet<br>&#8211; Helsedirektoratet<\/p>\n\n\n\n<p><\/p>\n\n\n\n<h2 class=\"wp-block-heading\">F\u00f8rste m\u00f8te i BPA-ekspertutvalget<\/h2>\n\n\n\n<figure class=\"wp-block-image size-large\"><img loading=\"lazy\" decoding=\"async\" width=\"1024\" height=\"769\" src=\"https:\/\/files.nettsteder.regjeringen.no\/wpuploads01\/sites\/610\/2025\/11\/Utvalget1-1024x769.jpg\" alt=\"\" class=\"wp-image-50\" srcset=\"https:\/\/files.nettsteder.regjeringen.no\/wpuploads01\/sites\/610\/2025\/11\/Utvalget1-1024x769.jpg 1024w, https:\/\/files.nettsteder.regjeringen.no\/wpuploads01\/sites\/610\/2025\/11\/Utvalget1-300x225.jpg 300w, https:\/\/files.nettsteder.regjeringen.no\/wpuploads01\/sites\/610\/2025\/11\/Utvalget1-768x576.jpg 768w, https:\/\/files.nettsteder.regjeringen.no\/wpuploads01\/sites\/610\/2025\/11\/Utvalget1-1536x1153.jpg 1536w, https:\/\/files.nettsteder.regjeringen.no\/wpuploads01\/sites\/610\/2025\/11\/Utvalget1-2048x1537.jpg 2048w\" sizes=\"auto, (max-width: 1024px) 100vw, 1024px\" \/><figcaption class=\"wp-element-caption\">F\u00f8rste m\u00f8te i ekspertutvalget om brukerstyrt personlig assistanse (BPA).<\/figcaption><\/figure>\n\n\n\n<p>Utvalget gjennomf\u00f8rte sitt f\u00f8rste m\u00f8te 19.\u201320. november i Oslo. Samlingen ga medlemmene anledning til \u00e5 bli kjent og til \u00e5 starte diskusjonen om form\u00e5l, mandat og arbeidsmetoder for det videre arbeidet. Et sentralt tema var hvordan BPA-ordningen kan innrettes for \u00e5 fremme likestilling, likeverd og deltakelse i samfunnet.<\/p>\n\n\n\n<p>Utvalget oppfordrer alle med erfaringer eller synspunkter til \u00e5 sende inn innspill. Mer informasjon finnes under lenken <a href=\"https:\/\/nettsteder.regjeringen.no\/ekspertutvalgbpa\/innspill\/\">Gi innspill<\/a> p\u00e5 utvalgets nettside.<\/p>\n\n\n\n<p>P\u00e5 ny\u00e5ret planlegger utvalget ogs\u00e5 \u00e5 invitere til et innspillsm\u00f8te for \u00e5 f\u00e5 frem ulike perspektiver.<\/p>\n\n\n\n<p>Fra venstre p\u00e5 bildet:<\/p>\n\n\n\n<p>Kjell Hugvik, Christl Kvam (leder), Marius Storvik, Ole Henning Nyhus, Heidi S\u00f8rlie-Rogne, Emilie Storli, Ingeborg Rasmussen.<\/p>\n\n\n\n<p>Ingunn Ikdahl var ikke tilstede.<\/p>\n","protected":false},"excerpt":{"rendered":"<p>P\u00e5 denne nettsiden vil du kunne lese om utvalgets arbeid og gi innspill til utvalgets arbeid. Nettsiden oppdateres med relevant informasjon om utvalgets arbeid. BPA\u2011utvalget dr\u00f8ftet erfaringer fra praksisfeltet og overordnede utfordringer BPA\u2011ekspertutvalget m\u00f8ttes 23.\u201324. mars i Oslo. M\u00f8tet omfattet orienteringer om kommunale erfaringer, statistikkgrunnlag og utfordringer knyttet til organisering og ansvar i BPA\u2011ordningen. Utvalget\u2026<\/p>\n","protected":false},"author":2877,"featured_media":0,"parent":0,"menu_order":0,"comment_status":"closed","ping_status":"closed","template":"","meta":{"dss_simple_post_excerpt":"","dss_show_featured_image":true,"footnotes":""},"class_list":["post-4","page","type-page","status-publish","hentry"],"language":"nb-NO","_links":{"self":[{"href":"https:\/\/nettsteder.regjeringen.no\/ekspertutvalgbpa\/wp-json\/wp\/v2\/pages\/4","targetHints":{"allow":["GET"]}}],"collection":[{"href":"https:\/\/nettsteder.regjeringen.no\/ekspertutvalgbpa\/wp-json\/wp\/v2\/pages"}],"about":[{"href":"https:\/\/nettsteder.regjeringen.no\/ekspertutvalgbpa\/wp-json\/wp\/v2\/types\/page"}],"author":[{"embeddable":true,"href":"https:\/\/nettsteder.regjeringen.no\/ekspertutvalgbpa\/wp-json\/wp\/v2\/users\/2877"}],"replies":[{"embeddable":true,"href":"https:\/\/nettsteder.regjeringen.no\/ekspertutvalgbpa\/wp-json\/wp\/v2\/comments?post=4"}],"version-history":[{"count":3,"href":"https:\/\/nettsteder.regjeringen.no\/ekspertutvalgbpa\/wp-json\/wp\/v2\/pages\/4\/revisions"}],"predecessor-version":[{"id":114,"href":"https:\/\/nettsteder.regjeringen.no\/ekspertutvalgbpa\/wp-json\/wp\/v2\/pages\/4\/revisions\/114"}],"wp:attachment":[{"href":"https:\/\/nettsteder.regjeringen.no\/ekspertutvalgbpa\/wp-json\/wp\/v2\/media?parent=4"}],"curies":[{"name":"wp","href":"https:\/\/api.w.org\/{rel}","templated":true}]}}