{"id":45,"date":"2026-01-16T10:35:27","date_gmt":"2026-01-16T09:35:27","guid":{"rendered":"https:\/\/nettsteder.regjeringen.no\/bostotteutvalget\/?page_id=45"},"modified":"2026-04-21T22:38:39","modified_gmt":"2026-04-21T20:38:39","slug":"utvalgets-arbeid","status":"publish","type":"page","link":"https:\/\/nettsteder.regjeringen.no\/bostotteutvalget\/utvalgets-arbeid\/","title":{"rendered":"Utvalgets arbeid"},"content":{"rendered":"\n<p><strong>15. januar 2026<\/strong><\/p>\n\n\n\n<p><strong>F\u00f8rste utvalgsm\u00f8te handlet blant annet om:<\/strong><\/p>\n\n\n\n<ul class=\"wp-block-list is-layout-flow wp-block-list-is-layout-flow\">\n<li>Hva er bost\u00f8tten? Innledning ved Husbanken<\/li>\n\n\n\n<li>Bost\u00f8tten i den norske boligpolitikken. Innledning ved leder av BOVEL ved OsloMet, Jardar S\u00f8rvoll<\/li>\n\n\n\n<li>Refleksjoner og diskusjon om mandatet, kunnskapsbehov og utvalgets arbeid videre<\/li>\n<\/ul>\n\n\n\n<p><strong>23.-24. februar 2026<\/strong><\/p>\n\n\n\n<p><strong>Andre utvalgsm\u00f8te handlet blant annet om:<\/strong><\/p>\n\n\n\n<ul class=\"wp-block-list is-layout-flow wp-block-list-is-layout-flow\">\n<li>Situasjonen for lavinntektshusholdninger i leiemarkedet, boutgifter og hvordan det er \u00e5 motta bost\u00f8tte for ulike grupper. Paraplyorganisasjonen Bost\u00f8ttealliansen ga innspill. Av medlemsorganisasjonene i Bost\u00f8ttealliansen var Funksjonshemmedes Fellesorganisasjon (FFO), Leierboerforeningen, Huseierne, Kirkens bymisjon og Norske Boligbyggelag (NBBL) representert.  <\/li>\n\n\n\n<li>Forbruksforskningsinstituttet SIFO ved forskningsleder Silje Skuland innledet om SIFOs forskning p\u00e5 \u00f8konomisk utsatte husholdninger, og boutgifter opp mot annet forbruk.<\/li>\n\n\n\n<li>Velferdsetaten i Oslo kommune snakket om bost\u00f8tten i et kommunalt perspektiv, og diskuterte statlig og kommunal bost\u00f8tte, leiemarkedet og kommunale boliger.<\/li>\n\n\n\n<li>Husbanken ved fagdirekt\u00f8r Viggo Nordvik innledet om utviklingen i leiemarkedet og bost\u00f8ttens rolle i boligpolitikken.<\/li>\n\n\n\n<li>Boligbyggelaget USBL diskuterte leiemarkedet fra utleierperspektivet, og fortalte om sin praksis i leiemarkedet og vurderingene de gj\u00f8r n\u00e5r de leier ut.<\/li>\n\n\n\n<li>Utvalget diskuterte med utgangspunkt i innledningene. Tema for diskusjonene var&nbsp; lavinntektshusholdninger, leiemarkedet og bost\u00f8ttens rolle i boligpolitikken.<\/li>\n<\/ul>\n\n\n\n<p><strong>23. mars 2026<\/strong><\/p>\n\n\n\n<p><strong>Tredje utvalgsm\u00f8te handlet blant annet om:<\/strong><\/p>\n\n\n\n<ul class=\"wp-block-list is-layout-flow wp-block-list-is-layout-flow\">\n<li>Statistisk sentralbyr\u00e5 snakket om levek\u00e5r, boforhold og lavinntekt.<\/li>\n\n\n\n<li>Utvalgsmedlemmene Kjell Salvanes og Kjell Vaage innledet om det teoretiske og empiriske rammeverket for vurderinger av insentiver til arbeid i velferdsordninger. <\/li>\n\n\n\n<li>Fagsjef i Finansdepartementet Eivind Breidlid og seniorr\u00e5dgiver i Arbeids- og inkluderingsdepartementet Erlend Estenstad innledet om marginalskatter og samspillet mellom bost\u00f8tte, offentlige ytelser og skatt.<\/li>\n\n\n\n<li>Professor ved Handelsh\u00f8yskolen ved OsloMet Ann Helen Bay diskuterte det velferdspolitiske bakteppet for velferdsordninger og bost\u00f8tten, befolkningens velferdspolitiske preferanser og oppslutning om ulike velferdsordninger, og utviklingen i arbeidsdelingen mellom stat og kommune. <\/li>\n\n\n\n<li>Inger Cathrine Kann og Ivar Lima ved Kunnskapsavdelingen i Arbeids- og velferdsdirektoratet (NAV) innledet om livsoppholdsytelsene og sosialhjelpen, og utviklingen i omfang, mottakergrupper og ytelsesforl\u00f8p i disse over tid. <\/li>\n\n\n\n<li>Utvalget diskuterte med utgangspunkt i innledningene. Tema for diskusjonene var&nbsp;hvordan bost\u00f8tten kan p\u00e5virke insentivene til arbeid, samspillet mellom bost\u00f8tten og andre trygde- og velferdsordninger, og ansvarsdelingen mellom kommune og stat.<\/li>\n<\/ul>\n\n\n\n<p><strong>20.-21. april 2026<\/strong><\/p>\n\n\n\n<p><strong>Fjerde utvalgsm\u00f8te handlet blant annet om:<\/strong><\/p>\n\n\n\n<ul class=\"wp-block-list is-layout-flow wp-block-list-is-layout-flow\">\n<li>Utvalgsm\u00f8tet ble avholdt i Troms\u00f8.<\/li>\n\n\n\n<li>Boligkontoret i Troms\u00f8 kommune ved jurist og saksbehandler Guri Kristoffersen og leder og utvalgsmedlem Marianne Pleym innledet om kommunens bistand til vanskeligstilte p\u00e5 boligmarkedet, og praksis og utfordringer i tildelingen av kommunale boliger og saksbehandling i forbindelse med bost\u00f8tte og startl\u00e5n i kommunen.<\/li>\n\n\n\n<li>Nyheim Bolig ved daglig leder Fredrik Lunde Michalsen innledet om leiemarkedet og utleie til lavinntektshusholdninger fra et tilbudssideperspektiv, og hvilke betraktninger de gj\u00f8r i utleievirksomheten.<\/li>\n\n\n\n<li>Kommunedirekt\u00f8r i Troms\u00f8 kommune, Ellen Beate Lundberg, diskuterte utfordringer og dilemma i bolig- og sosialpolitikken med utgangspunkt i kommune\u00f8konomi, forholdet mellom stat og kommune og samordning p\u00e5 tvers av sektorer og forvaltningsniv\u00e5.<\/li>\n\n\n\n<li>Nav Troms\u00f8 ved leder Geir Jakobsen og avdelingsleder Janne Ingebrigtsen innledet om hvordan Nav kommune er organisert, Navs rolle og samarbeid med andre kommunale enheter knyttet til boligsosialt arbeid, og sosialhjelp.<\/li>\n\n\n\n<li>Arabisk familieforum i Troms\u00f8 ved leder Manar Kalaaji innledet om utfordringer som personer med innvandrerbakgrunn m\u00f8ter i leiemarkedet, arbeidsmarkedet, og i m\u00f8te med offentlige ordninger.<\/li>\n\n\n\n<li>Utvalget bes\u00f8kte Nordlyset bofellesskap, et bofellesskap med ti omsorgsboliger for unge utviklingshemmede, og \u00c5sg\u00e5rdmarka, et omr\u00e5de som i dag best\u00e5r av boliger som Troms\u00f8 kommune leier ut med tilvisningsavtale, men som p\u00e5 sikt skal utvikles og fortettes med nye boliger og tjenester.<\/li>\n\n\n\n<li>Utvalget diskuterte med utgangspunkt i innledningene. Tema for diskusjonene var\u00a0forholdet mellom statlig bost\u00f8tte, kommunal bost\u00f8tte og kommunale boliger, samspillet mellom bost\u00f8tte og sosialhjelp, og boligen og bost\u00f8ttens rolle i velferdspolitikken.<\/li>\n<\/ul>\n","protected":false},"excerpt":{"rendered":"<p>15. januar 2026 F\u00f8rste utvalgsm\u00f8te handlet blant annet om: 23.-24. februar 2026 Andre utvalgsm\u00f8te handlet blant annet om: 23. mars 2026 Tredje utvalgsm\u00f8te handlet blant annet om: 20.-21. april 2026 Fjerde utvalgsm\u00f8te handlet blant annet om:<\/p>\n","protected":false},"author":3511,"featured_media":0,"parent":0,"menu_order":0,"comment_status":"closed","ping_status":"closed","template":"","meta":{"dss_simple_post_excerpt":"","dss_show_featured_image":true,"footnotes":""},"class_list":["post-45","page","type-page","status-publish","hentry"],"language":"nb-NO","_links":{"self":[{"href":"https:\/\/nettsteder.regjeringen.no\/bostotteutvalget\/wp-json\/wp\/v2\/pages\/45","targetHints":{"allow":["GET"]}}],"collection":[{"href":"https:\/\/nettsteder.regjeringen.no\/bostotteutvalget\/wp-json\/wp\/v2\/pages"}],"about":[{"href":"https:\/\/nettsteder.regjeringen.no\/bostotteutvalget\/wp-json\/wp\/v2\/types\/page"}],"author":[{"embeddable":true,"href":"https:\/\/nettsteder.regjeringen.no\/bostotteutvalget\/wp-json\/wp\/v2\/users\/3511"}],"replies":[{"embeddable":true,"href":"https:\/\/nettsteder.regjeringen.no\/bostotteutvalget\/wp-json\/wp\/v2\/comments?post=45"}],"version-history":[{"count":3,"href":"https:\/\/nettsteder.regjeringen.no\/bostotteutvalget\/wp-json\/wp\/v2\/pages\/45\/revisions"}],"predecessor-version":[{"id":136,"href":"https:\/\/nettsteder.regjeringen.no\/bostotteutvalget\/wp-json\/wp\/v2\/pages\/45\/revisions\/136"}],"wp:attachment":[{"href":"https:\/\/nettsteder.regjeringen.no\/bostotteutvalget\/wp-json\/wp\/v2\/media?parent=45"}],"curies":[{"name":"wp","href":"https:\/\/api.w.org\/{rel}","templated":true}]}}