{"id":6,"date":"2022-06-23T08:50:07","date_gmt":"2022-06-23T06:50:07","guid":{"rendered":"https:\/\/nettsteder.regjeringen.no\/abortutvalget\/?page_id=6"},"modified":"2023-12-20T16:25:10","modified_gmt":"2023-12-20T15:25:10","slug":"forside","status":"publish","type":"page","link":"https:\/\/nettsteder.regjeringen.no\/abortutvalget\/","title":{"rendered":"Forside"},"content":{"rendered":"\n<p>Abortutvalget ble oppnevnt ved kongelig resolusjon  den 17. juni 2022. Utvalget skulle gjennomg\u00e5 bestemmelsene i lov om svangerskapsavbrudd, vurdere alternativer til dagens abortnemnder og vurdere veiledning og oppf\u00f8lging av kvinner som tar abort. Utvalget har v\u00e6rt ledet av Kari S\u00f8nderland.<\/p>\n\n\n\n<p>Den 14. desember 2023 avga abortutvalget sin utredning til helse- og omsorgsminister Ingvild Kjerkol.  <a href=\"https:\/\/www.regjeringen.no\/contentassets\/a61bafe6ed624062ab7ab20b16114249\/no\/pdfs\/nou202320230029000dddpdfs.pdf\" data-type=\"link\" data-id=\"https:\/\/www.regjeringen.no\/contentassets\/a61bafe6ed624062ab7ab20b16114249\/no\/pdfs\/nou202320230029000dddpdfs.pdf\">NOU 2023:29 Abort i Norge &#8211; Ny lov og bedre tjenester<\/a> ble <a href=\"https:\/\/www.regjeringen.no\/no\/dokumenter\/horing-nou-2023-29-abort-i-norge-ny-lov-og-bedre-tjenester\/id3018742\/\" data-type=\"link\" data-id=\"https:\/\/www.regjeringen.no\/no\/dokumenter\/horing-nou-2023-29-abort-i-norge-ny-lov-og-bedre-tjenester\/id3018742\/\">sendt p\u00e5 h\u00f8ring <\/a>samme dag.<\/p>\n\n\n\n<p><a href=\"https:\/\/www.regjeringen.no\/no\/dokumenter\/nou-2023-29\/id3018279\/\">NOU 2023: 29 &#8211; regjeringen.no<\/a><\/p>\n\n\n\n<p><a href=\"https:\/\/www.regjeringen.no\/no\/aktuelt\/presseinvitasjon-abortutvalet-legg-fram-sin-rapport\/id3017161\/\">Abortutvalet legg fram sin rapport &#8211; regjeringen.no<\/a><\/p>\n","protected":false},"excerpt":{"rendered":"<p>Abortutvalget ble oppnevnt ved kongelig resolusjon den 17. juni 2022. Utvalget skulle gjennomg\u00e5 bestemmelsene i lov om svangerskapsavbrudd, vurdere alternativer til dagens abortnemnder og vurdere veiledning og oppf\u00f8lging av kvinner som tar abort. Utvalget har v\u00e6rt ledet av Kari S\u00f8nderland. Den 14. desember 2023 avga abortutvalget sin utredning til helse- og omsorgsminister Ingvild Kjerkol. NOU\u2026<\/p>\n","protected":false},"author":2877,"featured_media":0,"parent":0,"menu_order":0,"comment_status":"closed","ping_status":"closed","template":"","meta":{"dss_simple_post_excerpt":"","dss_show_featured_image":true,"dss_show_title":true,"footnotes":""},"class_list":["post-6","page","type-page","status-publish","hentry"],"language":"nb-NO","_links":{"self":[{"href":"https:\/\/nettsteder.regjeringen.no\/abortutvalget\/wp-json\/wp\/v2\/pages\/6","targetHints":{"allow":["GET"]}}],"collection":[{"href":"https:\/\/nettsteder.regjeringen.no\/abortutvalget\/wp-json\/wp\/v2\/pages"}],"about":[{"href":"https:\/\/nettsteder.regjeringen.no\/abortutvalget\/wp-json\/wp\/v2\/types\/page"}],"author":[{"embeddable":true,"href":"https:\/\/nettsteder.regjeringen.no\/abortutvalget\/wp-json\/wp\/v2\/users\/2877"}],"replies":[{"embeddable":true,"href":"https:\/\/nettsteder.regjeringen.no\/abortutvalget\/wp-json\/wp\/v2\/comments?post=6"}],"version-history":[{"count":2,"href":"https:\/\/nettsteder.regjeringen.no\/abortutvalget\/wp-json\/wp\/v2\/pages\/6\/revisions"}],"predecessor-version":[{"id":254,"href":"https:\/\/nettsteder.regjeringen.no\/abortutvalget\/wp-json\/wp\/v2\/pages\/6\/revisions\/254"}],"wp:attachment":[{"href":"https:\/\/nettsteder.regjeringen.no\/abortutvalget\/wp-json\/wp\/v2\/media?parent=6"}],"curies":[{"name":"wp","href":"https:\/\/api.w.org\/{rel}","templated":true}]}}